000
CXUS52 KMLB 010734
CF6SFB
PRELIMINARY LOCAL CLIMATOLOGICAL DATA (WS FORM: F-6)
STATION: SANFORD
MONTH: DECEMBER
YEAR: 2020
LATITUDE: 28 46 N
LONGITUDE: 81 15 W
TEMPERATURE IN F: :PCPN: SNOW: WIND :SUNSHINE: SKY :PK WND
================================================================================
1 2 3 4 5 6A 6B 7 8 9 10 11 12 13 14 15 16 17 18
12Z AVG MX 2MIN
DY MAX MIN AVG DEP HDD CDD WTR SNW DPTH SPD SPD DIR MIN PSBL S-S WX SPD DR
================================================================================
1 57 41 49 -16 16 0 0.00 0.0 0 10.4 21 310 M M 0 29 310
2 60 40 50 -15 15 0 0.00 0.0 0 9.3 17 350 M M 0 23 360
3 75 44 60 -4 5 0 0.00 0.0 0 5.5 18 110 M M 3 24 110
4 76 56 66 2 0 1 0.00 0.0 0 4.7 15 160 M M 3 20 150
5 71 52 62 -2 3 0 0.00 0.0 0 5.9 13 320 M M 3 16 330
6 72 52 62 -2 3 0 0.05 0.0 0 4.7 10 340 M M 3 14 350
7 63 50 57 -7 8 0 0.14 0.0 0 9.9 21 270 M M 7 1 24 270
8 58 40 49 -14 16 0 0.00 0.0 0 8.2 14 290 M M 0 19 310
9 62 37 50 -13 15 0 0.00 0.0 0 7.0 14 290 M M 0 18 350
10 71 43 57 -6 8 0 0.00 0.0 0 3.4 9 300 M M 0 12 320
11 72 45 59 -4 6 0 0.00 0.0 0 2.4 9 350 M M 1 1 13 360
12 73 53 63 1 2 0 0.01 0.0 0 2.3 14 130 M M 9 1 18 140
13 80 58 69 7 0 4 0.00 0.0 0 3.0 8 150 M M 4 128 11 220
14 80 65 73 11 0 8 0.01 0.0 0 8.9 17 220 M M 3 1 22 210
15 76 56 66 4 0 1 0.00 0.0 0 6.1 14 230 M M 3 19 260
16 76 58 67 5 0 2 0.19 0.0 0 6.2 15 210 M M 7 18 20 240
17 68 48 58 -4 7 0 T 0.0 0 9.8 20 280 M M 5 1 23 290
18 60 40 50 -11 15 0 0.00 0.0 0 9.0 17 350 M M 2 21 340
19 74 49 62 1 3 0 0.00 0.0 0 6.1 13 90 M M 4 17 320
20 76 53 65 4 0 0 T 0.0 0 6.1 16 210 M M 5 1 23 190
21 72 52 62 1 3 0 0.00 0.0 0 9.6 23 270 M M 5 27 270
22 70 47 59 -2 6 0 0.00 0.0 0 4.2 13 340 M M 0 18 330
23 76 46 61 0 4 0 0.00 0.0 0 3.9 15 120 M M 1 18 120
24 82 51 67 7 0 2 0.14 0.0 0 11.3 36 290 M M 4 45 280
25 54 36 45 -15 20 0 0.06 0.0 0 14.3 24 300 M M 2 34 290
26 52 34 43 -17 22 0 0.00 0.0 0 6.0 14 350 M M 0 19 340
27 70 35 53 -7 12 0 0.00 0.0 0 7.8 16 50 M M 0 25 60
28 75 50 63 3 2 0 0.00 0.0 0 6.7 15 40 M M 3 19 40
29 75 56 66 6 0 1 0.00 0.0 0 6.9 18 70 M M 4 22 70
30 79 56 68 8 0 3 0.00 0.0 0 6.9 22 120 M M 6 26 110
31 83 63 73 13 0 8 0.00 0.0 0 9.2 20 120 M M 4 25 150
================================================================================
SM 2188 1506 191 30 0.60 0.0 215.7 M 91
================================================================================
AV 70.6 48.6 7.0 FASTST M M 3 MAX(MPH)
MISC ----> 36 290 45 280
================================================================================
NOTES:
# LAST OF SEVERAL OCCURRENCES
COLUMN 17 PEAK WIND IN M.P.H.
PRELIMINARY LOCAL CLIMATOLOGICAL DATA (WS FORM: F-6) , PAGE 2
STATION: SANFORD
MONTH: DECEMBER
YEAR: 2020
LATITUDE: 28 46 N
LONGITUDE: 81 15 W
[TEMPERATURE DATA] [PRECIPITATION DATA] SYMBOLS USED IN COLUMN 16
AVERAGE MONTHLY: 59.6 TOTAL FOR MONTH: 0.60 1 = FOG OR MIST
DPTR FM NORMAL: -2.4 DPTR FM NORMAL: -2.10 2 = FOG REDUCING VISIBILITY
HIGHEST: 83 ON 31 GRTST 24HR 0.20 ON 24-25 TO 1/4 MILE OR LESS
LOWEST: 34 ON 26 3 = THUNDER
SNOW, ICE PELLETS, HAIL 4 = ICE PELLETS
TOTAL MONTH: 0.0 INCH 5 = HAIL
GRTST 24HR 0.0 6 = FREEZING RAIN OR DRIZZLE
GRTST DEPTH: 0 7 = DUSTSTORM OR SANDSTORM:
VSBY 1/2 MILE OR LESS
8 = SMOKE OR HAZE
[NO. OF DAYS WITH] [WEATHER - DAYS WITH] 9 = BLOWING SNOW
X = TORNADO
MAX 32 OR BELOW: 0 0.01 INCH OR MORE: 7
MAX 90 OR ABOVE: 0 0.10 INCH OR MORE: 3
MIN 32 OR BELOW: 0 0.50 INCH OR MORE: 0
MIN 0 OR BELOW: 0 1.00 INCH OR MORE: 0
[HDD (BASE 65) ]
TOTAL THIS MO. 191 CLEAR (SCALE 0-3) 17
DPTR FM NORMAL 36 PTCLDY (SCALE 4-7) 13
TOTAL FM JUL 1 192 CLOUDY (SCALE 8-10) 1
DPTR FM NORMAL -10
[CDD (BASE 65) ]
TOTAL THIS MO. 30
DPTR FM NORMAL -31 [PRESSURE DATA]
TOTAL FM JAN 1 4206 HIGHEST SLP 30.35 ON 29
DPTR FM NORMAL 782 LOWEST SLP 29.77 ON 7
[REMARKS]
#FINAL-12-20#