000
CXUS56 KMTR 110851
CF6SFD
PRELIMINARY LOCAL CLIMATOLOGICAL DATA (WS FORM: F-6)
STATION: SAN FRANCISCO DWTN CA
MONTH: FEBRUARY
YEAR: 2021
LATITUDE: 37 46 N
LONGITUDE: 122 26 W
TEMPERATURE IN F: :PCPN: SNOW: WIND :SUNSHINE: SKY :PK WND
================================================================================
1 2 3 4 5 6A 6B 7 8 9 10 11 12 13 14 15 16 17 18
12Z AVG MX 2MIN
DY MAX MIN AVG DEP HDD CDD WTR SNW DPTH SPD SPD DIR MIN PSBL S-S WX SPD DR
================================================================================
1 63 48 56 3 9 0 0.30 M 0 M M M M M M M M
2 59 49 54 1 11 0 0.22 M 0 M M M M M M M M
3 57 44 51 -2 14 0 0.00 M 0 M M M M M M M M
4 59 46 53 0 12 0 0.00 M 0 M M M M M M M M
5 66 45 56 3 9 0 0.00 M 0 M M M M M M M M
6 68 46 57 4 8 0 0.00 M 0 M M M M M M M M
7 65 46 56 3 9 0 0.00 M 0 M M M M M M M M
8 59 46 53 0 12 0 0.00 M 0 M M M M M M M M
9 56 50 53 0 12 0 0.00 M 0 M M M M M M M M
10 57 49 53 -1 12 0 0.00 M 0 M M M M M M M M
11 57 49 53 -1 12 0 0.52 M 0 M M M M M M M M
12 56 49 53 -1 12 0 0.00 M 0 M M M M M M M M
13 57 49 53 -1 12 0 0.08 M 0 M M M M M M M M
14 55 48 52 -2 13 0 0.04 M 0 M M M M M M M M
15 55 50 53 -1 12 0 0.25 M 0 M M M M M M M M
16 54 47 51 -3 14 0 0.00 M 0 M M M M M M M M
17 62 45 54 0 11 0 0.00 M 0 M M M M M M M M
18 62 46 54 0 11 0 0.00 M 0 M M M M M M M M
19 54 48 51 -3 14 0 0.28 M 0 M M M M M M M M
20 59 48 54 0 11 0 0.02 M 0 M M M M M M M M
21 61 46 54 0 11 0 0.00 M 0 M M M M M M M M
22 68 48 58 3 7 0 0.00 M 0 M M M M M M M M
23 77 51 64 9 1 0 0.00 M 0 M M M M M M M M
24 70 48 59 4 6 0 0.00 M 0 M M M M M M M M
25 64 51 58 3 7 0 0.00 M 0 M M M M M M M M
26 58 46 52 -3 13 0 0.00 M 0 M M M M M M M M
27 59 44 52 -3 13 0 0.00 M 0 M M M M M M M M
28 66 50 58 3 7 0 0.00 M 0 M M M M M M M M
================================================================================
SM 1703 1332 295 0 1.71 M M M M
================================================================================
AV 60.8 47.6 M FASTST M M M MAX(MPH)
MISC ----> M M M M
================================================================================
NOTES:
# LAST OF SEVERAL OCCURRENCES
COLUMN 17 PEAK WIND IN M.P.H.
PRELIMINARY LOCAL CLIMATOLOGICAL DATA (WS FORM: F-6) , PAGE 2
STATION: SAN FRANCISCO DWTN CA
MONTH: FEBRUARY
YEAR: 2021
LATITUDE: 37 46 N
LONGITUDE: 122 26 W
[TEMPERATURE DATA] [PRECIPITATION DATA] SYMBOLS USED IN COLUMN 16
AVERAGE MONTHLY: 54.2 TOTAL FOR MONTH: 1.71 1 = FOG OR MIST
DPTR FM NORMAL: 0.3 DPTR FM NORMAL: -2.75 2 = FOG REDUCING VISIBILITY
HIGHEST: 77 ON 23 GRTST 24HR 0.52 ON 1- 2 TO 1/4 MILE OR LESS
LOWEST: 44 ON 27, 3 3 = THUNDER
SNOW, ICE PELLETS, HAIL 4 = ICE PELLETS
TOTAL MONTH: M 5 = HAIL
GRTST 24HR M ON M 6 = FREEZING RAIN OR DRIZZLE
GRTST DEPTH: 0 7 = DUSTSTORM OR SANDSTORM:
VSBY 1/2 MILE OR LESS
8 = SMOKE OR HAZE
[NO. OF DAYS WITH] [WEATHER - DAYS WITH] 9 = BLOWING SNOW
X = TORNADO
MAX 32 OR BELOW: 0 0.01 INCH OR MORE: 8
MAX 90 OR ABOVE: 0 0.10 INCH OR MORE: 5
MIN 32 OR BELOW: 0 0.50 INCH OR MORE: 1
MIN 0 OR BELOW: 0 1.00 INCH OR MORE: 0
[HDD (BASE 65) ]
TOTAL THIS MO. 295 CLEAR (SCALE 0-3) 0
DPTR FM NORMAL -18 PTCLDY (SCALE 4-7) 0
TOTAL FM JUL 1 1630 CLOUDY (SCALE 8-10) 28
DPTR FM NORMAL -394
[CDD (BASE 65) ]
TOTAL THIS MO. 0
DPTR FM NORMAL 0 [PRESSURE DATA]
TOTAL FM JAN 1 0 HIGHEST SLP M ON M
DPTR FM NORMAL 0 LOWEST SLP 9999.00 ON 1
[REMARKS]
#FINAL-02-21#