000
CXUS56 KMTR 011000
CF6SFD
PRELIMINARY LOCAL CLIMATOLOGICAL DATA (WS FORM: F-6)
STATION: SAN FRANCISCO DWTN CA
MONTH: JANUARY
YEAR: 2024
LATITUDE: 37 46 N
LONGITUDE: 122 26 W
TEMPERATURE IN F: :PCPN: SNOW: WIND :SUNSHINE: SKY :PK WND
================================================================================
1 2 3 4 5 6A 6B 7 8 9 10 11 12 13 14 15 16 17 18
12Z AVG MX 2MIN
DY MAX MIN AVG DEP HDD CDD WTR SNW DPTH SPD SPD DIR MIN PSBL S-S WX SPD DR
================================================================================
1 59 48 54 2 11 0 0.00 M 0 M M M M M M M M
2 61 48 55 3 10 0 0.31 M 0 M M M M M M M M
3 56 48 52 0 13 0 0.05 M 0 M M M M M M M M
4 61 47 54 2 11 0 0.00 M 0 M M M M M M M M
5 62 50 56 4 9 0 0.00 M 0 M M M M M M M M
6 55 47 51 -1 14 0 0.10 M 0 M M M M M M M M
7 55 42 49 -3 16 0 0.00 M 0 M M M M M M M M
8 56 44 50 -2 15 0 0.00 M 0 M M M M M M M M
9 57 48 53 1 12 0 0.25 M 0 M M M M M M M M
10 56 45 51 -1 14 0 0.32 M 0 M M M M M M M M
11 55 43 49 -3 16 0 0.00 M 0 M M M M M M M M
12 54 44 49 -3 16 0 0.00 M 0 M M M M M M M M
13 55 48 52 0 13 0 0.90 M 0 M M M M M M M M
14 59 49 54 2 11 0 0.02 M 0 M M M M M M M M
15 59 49 54 2 11 0 0.00 M 0 M M M M M M M M
16 57 49 53 1 12 0 0.60 M 0 M M M M M M M M
17 59 51 55 3 10 0 0.02 M 0 M M M M M M M M
18 58 49 54 2 11 0 0.00 M 0 M M M M M M M M
19 56 51 54 2 11 0 0.24 M 0 M M M M M M M M
20 58 53 56 4 9 0 0.19 M 0 M M M M M M M M
21 61 53 57 5 8 0 0.54 M 0 M M M M M M M M
22 59 53 56 4 9 0 0.77 M 0 M M M M M M M M
23 60 52 56 4 9 0 0.00 M 0 M M M M M M M M
24 59 52 56 3 9 0 0.59 M 0 M M M M M M M M
25 60 50 55 2 10 0 0.00 M 0 M M M M M M M M
26 62 52 57 4 8 0 0.00 M 0 M M M M M M M M
27 63 52 58 5 7 0 0.00 M 0 M M M M M M M M
28 68 56 62 9 3 0 0.00 M 0 M M M M M M M M
29 73 53 63 10 2 0 0.00 M 0 M M M M M M M M
30 66 54 60 7 5 0 0.00 M 0 M M M M M M M M
31 60 53 57 4 8 0 1.67 M 0 M M M M M M M M
================================================================================
SM 1839 1533 323 0 6.57 M M M M
================================================================================
AV 59.3 49.5 M FASTST M M M MAX(MPH)
MISC ----> M M M M
================================================================================
NOTES:
# LAST OF SEVERAL OCCURRENCES
COLUMN 17 PEAK WIND IN M.P.H.
PRELIMINARY LOCAL CLIMATOLOGICAL DATA (WS FORM: F-6) , PAGE 2
STATION: SAN FRANCISCO DWTN CA
MONTH: JANUARY
YEAR: 2024
LATITUDE: 37 46 N
LONGITUDE: 122 26 W
[TEMPERATURE DATA] [PRECIPITATION DATA] SYMBOLS USED IN COLUMN 16
AVERAGE MONTHLY: 54.4 TOTAL FOR MONTH: 6.57 1 = FOG OR MIST
DPTR FM NORMAL: 2.2 DPTR FM NORMAL: 2.17 2 = FOG REDUCING VISIBILITY
HIGHEST: 73 ON 29 GRTST 24HR 1.67 ON 31-31 TO 1/4 MILE OR LESS
LOWEST: 42 ON 7 3 = THUNDER
SNOW, ICE PELLETS, HAIL 4 = ICE PELLETS
TOTAL MONTH: M 5 = HAIL
GRTST 24HR M ON M 6 = FREEZING RAIN OR DRIZZLE
GRTST DEPTH: 0 7 = DUSTSTORM OR SANDSTORM:
VSBY 1/2 MILE OR LESS
8 = SMOKE OR HAZE
[NO. OF DAYS WITH] [WEATHER - DAYS WITH] 9 = BLOWING SNOW
X = TORNADO
MAX 32 OR BELOW: 0 0.01 INCH OR MORE: 15
MAX 90 OR ABOVE: 0 0.10 INCH OR MORE: 12
MIN 32 OR BELOW: 0 0.50 INCH OR MORE: 6
MIN 0 OR BELOW: 0 1.00 INCH OR MORE: 1
[HDD (BASE 65) ]
TOTAL THIS MO. 323 CLEAR (SCALE 0-3) 0
DPTR FM NORMAL -74 PTCLDY (SCALE 4-7) 0
TOTAL FM JUL 1 1128 CLOUDY (SCALE 8-10) 31
DPTR FM NORMAL -382
[CDD (BASE 65) ]
TOTAL THIS MO. 0
DPTR FM NORMAL 0 [PRESSURE DATA]
TOTAL FM JAN 1 0 HIGHEST SLP M ON M
DPTR FM NORMAL 0 LOWEST SLP 9999.00 ON 1
[REMARKS]
#FINAL-01-24#