000
CXUS56 KMTR 290900
CF6SFO
PRELIMINARY LOCAL CLIMATOLOGICAL DATA (WS FORM: F-6)
STATION: SAN FRANCISCO AIRPORT
MONTH: MARCH
YEAR: 2024
LATITUDE: 37 37 N
LONGITUDE: 122 23 W
TEMPERATURE IN F: :PCPN: SNOW: WIND :SUNSHINE: SKY :PK WND
================================================================================
1 2 3 4 5 6A 6B 7 8 9 10 11 12 13 14 15 16 17 18
12Z AVG MX 2MIN
DY MAX MIN AVG DEP HDD CDD WTR SNW DPTH SPD SPD DIR MIN PSBL S-S WX SPD DR
================================================================================
1 58 49 54 -1 11 0 0.98 M M 17.9 43 210 M M 9 1358 54 200
2 55 45 50 -5 15 0 0.31 M M 16.8 33 280 M M 8 18 45 270
3 54 46 50 -5 15 0 0.18 M M 7.4 28 250 M M 7 37 250
4 57 46 52 -3 13 0 0.02 M M 6.7 15 150 M M 8 20 230
5 60 49 55 0 10 0 T M M 7.7 18 220 M M 8 1 28 220
6 59 51 55 0 10 0 0.34 M M 7.8 22 280 M M 7 1 27 280
7 60 49 55 0 10 0 0.00 M M 9.2 23 290 M M 4 8 31 280
8 65 44 55 0 10 0 0.00 M M 7.2 20 290 M M 1 18 27 290
9 61 49 55 0 10 0 0.00 M M 6.9 15 260 M M 7 20 270
10 62 47 55 0 10 0 0.06 M M 7.8 16 160 M M 8 27 180
11 59 48 54 -1 11 0 0.08 M M 8.3 16 280 M M 6 18 22 280
12 61 51 56 1 9 0 0.10 M M 14.0 24 290 M M 8 18 30 290
13 62 47 55 0 10 0 0.00 M M 12.1 26 290 M M 4 8 31 290
14 66 57 62 7 3 0 0.00 M M 16.5 33 30 M M 0 40 30
15 73 58 66 10 0 1 0.00 M M 11.0 28 30 M M 0 33 30
16 71 54 63 7 2 0 0.00 M M 8.0 22 290 M M 1 29 290
17 65 50 58 2 7 0 0.00 M M 8.9 23 290 M M 2 28 280
18 64 51 58 2 7 0 0.00 M M 11.8 23 300 M M 4 8 28 300
19 62 52 57 1 8 0 0.00 M M 12.0 24 290 M M 5 8 33 290
20 64 49 57 1 8 0 0.00 M M 10.3 23 300 M M 4 8 29 290
21 67 52 60 4 5 0 0.00 M M 7.9 20 310 M M 7 26 310
22 67 52 60 4 5 0 0.16 M M 11.3 25 190 M M 8 1 42 180
23 60 50 55 -1 10 0 0.12 M M 12.1 24 240 M M 7 31 250
24 60 50 55 -1 10 0 0.13 M M 19.5 36 290 M M 5 18 46 290
25 59 52 56 0 9 0 T M M 17.9 29 270 M M 7 8 35 270
26 60 51 56 0 9 0 T M M 13.8 22 280 M M 5 18 28 270
27 58 48 53 -3 12 0 0.16 M M 9.2 21 210 M M 8 18 33 210
28 61 50 56 0 9 0 0.16 M M 7.3 18 270 M M 6 18 26 290
================================================================================
SM 1730 1397 248 1 2.80 M 307.3 M 154
================================================================================
AV 61.8 49.9 11.0 FASTST M M 6 MAX(MPH)
MISC ----> 43 210 54 200
================================================================================
NOTES:
# LAST OF SEVERAL OCCURRENCES
COLUMN 17 PEAK WIND IN M.P.H.
PRELIMINARY LOCAL CLIMATOLOGICAL DATA (WS FORM: F-6) , PAGE 2
STATION: SAN FRANCISCO AIRPORT
MONTH: MARCH
YEAR: 2024
LATITUDE: 37 37 N
LONGITUDE: 122 23 W
[TEMPERATURE DATA] [PRECIPITATION DATA] SYMBOLS USED IN COLUMN 16
AVERAGE MONTHLY: 55.8 TOTAL FOR MONTH: 2.80 1 = FOG OR MIST
DPTR FM NORMAL: 0.3 DPTR FM NORMAL: 0.29 2 = FOG REDUCING VISIBILITY
HIGHEST: 73 ON 15 GRTST 24HR 1.12 ON 1- 2 TO 1/4 MILE OR LESS
LOWEST: 44 ON 8 3 = THUNDER
SNOW, ICE PELLETS, HAIL 4 = ICE PELLETS
TOTAL MONTH: M 5 = HAIL
GRTST 24HR M ON M 6 = FREEZING RAIN OR DRIZZLE
GRTST DEPTH: M ON M 7 = DUSTSTORM OR SANDSTORM:
VSBY 1/2 MILE OR LESS
8 = SMOKE OR HAZE
[NO. OF DAYS WITH] [WEATHER - DAYS WITH] 9 = BLOWING SNOW
X = TORNADO
MAX 32 OR BELOW: 0 0.01 INCH OR MORE: 13
MAX 90 OR ABOVE: 0 0.10 INCH OR MORE: 10
MIN 32 OR BELOW: 0 0.50 INCH OR MORE: 1
MIN 0 OR BELOW: 0 1.00 INCH OR MORE: 0
[HDD (BASE 65) ]
TOTAL THIS MO. 248 CLEAR (SCALE 0-3) 5
DPTR FM NORMAL -21 PTCLDY (SCALE 4-7) 22
TOTAL FM JUL 1 1389 CLOUDY (SCALE 8-10) 1
DPTR FM NORMAL -559
[CDD (BASE 65) ]
TOTAL THIS MO. 1
DPTR FM NORMAL 1 [PRESSURE DATA]
TOTAL FM JAN 1 1 HIGHEST SLP M ON M
DPTR FM NORMAL 1 LOWEST SLP 29.76 ON 1
[REMARKS]