000
CXUS53 KSGF 010644
CLMSGF
CLIMATE REPORT
NATIONAL WEATHER SERVICE
144 AM CDT SUN OCT 01 2023
...................................
...THE SPRINGFIELD MO CLIMATE SUMMARY FOR THE MONTH OF SEPTEMBER 2023...
CLIMATE NORMAL PERIOD: 1991 TO 2020
CLIMATE RECORD PERIOD: 1888 TO 2023
WEATHER OBSERVED NORMAL DEPART LAST YEAR`S
VALUE DATE(S) VALUE FROM VALUE
NORMAL
..............................................................
TEMPERATURE (F)
RECORD
HIGH 104 09/07/1947
09/04/1947
LOW 30 09/27/1942
HIGHEST 94 09/04 80 14 95
LOWEST 51 09/18 58 -7 42
AVG. MAXIMUM 83.9 81.4 2.5 82.4
AVG. MINIMUM 60.4 59.1 1.3
MEAN 72.2 70.3 1.8
DAYS MAX >= 90 3 4.1 -1.1
DAYS MAX <= 32 0 0.0 0.0
DAYS MIN <= 32 0 0.0 0.0
DAYS MIN <= 0 0 0.0 0.0
PRECIPITATION (INCHES)
RECORD
MAXIMUM 17.46 1993
MINIMUM 0.05 1928
TOTALS 3.71 4.31 -0.60 1.14
DAILY AVG. 0.12 0.14 -0.02
DAYS >= .01 11 7.4 3.6
DAYS >= .10 8 4.9 3.1
DAYS >= .50 2 2.5 -0.5
DAYS >= 1.00 1 1.4 -0.4
GREATEST
24 HR. TOTAL 1.74 09/23 TO 09/24 1.00
DEGREE DAYS
HEATING TOTAL 0 38 -38 21
SINCE 7/1 0 38 -38 MM
COOLING TOTAL 223 196 27 197
SINCE 1/1 1578 1497 81 MM
FREEZE DATES
RECORD
EARLIEST 05/19/1894
LATEST 09/24/1989
EARLIEST MM
LATEST 04/23
..............................................................
WIND (MPH)
AVERAGE WIND SPEED 7.2
RESULTANT WIND SPEED/DIRECTION 4/150
HIGHEST WIND SPEED/DIRECTION 33/350 DATE 09/23
HIGHEST GUST SPEED/DIRECTION 44/350 DATE 09/23
SKY COVER
POSSIBLE SUNSHINE (PERCENT) MM
AVERAGE SKY COVER 0.18
NUMBER OF DAYS FAIR 24
NUMBER OF DAYS PC 6
NUMBER OF DAYS CLOUDY 0
AVERAGE RH (PERCENT) 68
WEATHER CONDITIONS. NUMBER OF DAYS WITH
THUNDERSTORM 8 MIXED PRECIP 0
HEAVY RAIN 2 RAIN 7
LIGHT RAIN 11 FREEZING RAIN 0
LT FREEZING RAIN 0 HAIL 0
HEAVY SNOW 0 SNOW 0
LIGHT SNOW 0 SLEET 0
FOG 13 FOG W/VIS <= 1/4 MILE 1
HAZE 7
- INDICATES NEGATIVE NUMBERS.
R INDICATES RECORD WAS SET OR TIED.
MM INDICATES DATA IS MISSING.
T INDICATES TRACE AMOUNT.
$$