000
CXUS54 KHGX 011510
CF6SGR
PRELIMINARY LOCAL CLIMATOLOGICAL DATA (WS FORM: F-6)
STATION: SUGAR LAND/HULL FLD
MONTH: FEBRUARY
YEAR: 2024
LATITUDE: 29 37 N
LONGITUDE: 95 39 W
TEMPERATURE IN F: :PCPN: SNOW: WIND :SUNSHINE: SKY :PK WND
================================================================================
1 2 3 4 5 6A 6B 7 8 9 10 11 12 13 14 15 16 17 18
12Z AVG MX 2MIN
DY MAX MIN AVG DEP HDD CDD WTR SNW DPTH SPD SPD DIR MIN PSBL S-S WX SPD DR
================================================================================
1 73 48 61 5 4 0 0.00 0.0 0 5.8 16 160 M M 1 20 170
2 75 54 65 9 0 0 0.11 0.0 0 9.4 22 160 M M 7 123 28 120
3 71 52 62 5 3 0 1.21 0.0 0 6.0 26 260 M M 5 13 36 260
4 71 49 60 3 5 0 0.00 0.0 0 11.8 29 320 M M 1 44 330
5 65 53 59 2 6 0 0.00 0.0 0 12.7 22 350 M M 5 31 360
6 72 41 57 0 8 0 0.00 0.0 0 3.5 10 150 M M 0 13 150
7 72 43 58 1 7 0 0.00 0.0 0 9.9 24 160 M M 4 32 180
8 76 62 69 11 0 4 T 0.0 0 8.6 18 180 M M 7 23 160
9 80 63 72 14 0 7 0.00 0.0 0 8.7 21 180 M M 7 28 170
10 76 67 72 14 0 7 0.09 0.0 0 9.6 22 180 M M 8 1 29 210
11 76 51 64 6 1 0 T 0.0 0 11.5 23 340 M M 8 35 330
12 61 42 52 -6 13 0 0.00 0.0 0 11.7 24 330 M M 3 39 310
13 68 37 53 -5 12 0 0.00 0.0 0 2.6 15 160 M M 0 19 160
14 69 41 55 -4 10 0 0.00 0.0 0 6.2 15 150 M M 2 1 21 140
15 74 58 66 7 0 1 0.00 0.0 0 5.4 14 150 M M 7 17 160
16 69 61 65 6 0 0 0.12 0.0 0 6.9 25 180 M M 8 1 33 180
17 63 39 51 -8 14 0 0.00 0.0 0 15.2 25 10 M M 4 32 10
18 56 36 46 -13 19 0 0.00 0.0 0 6.2 14 10 M M 1 21 310
19 67 33 50 -10 15 0 0.00 0.0 0 5.2 16 230 M M 0 21 230
20 79 45 62 2 3 0 0.00 0.0 0 6.0 16 180 M M 1 128 22 220
21 79 53 66 6 0 1 0.00 0.0 0 11.4 24 180 M M 4 12 32 160
22 77 63 70 10 0 5 0.00 0.0 0 9.0 22 230 M M 7 32 210
23 78 55 67 7 0 2 0.00 0.0 0 9.1 22 350 M M 0 29 350
24 80 44 62 1 3 0 0.00 0.0 0 3.7 15 200 M M 0 22 210
25 80 50 65 4 0 0 0.00 0.0 0 11.6 28 170 M M 2 35 190
26 82 67 75 14 0 10 0.00 0.0 0 12.3 20 220 M M 8 29 200
27 85 68 77 16 0 12 0.00 0.0 0 14.6 31 210 M M 7 46 180
28 74 52 63 1 2 0 T 0.0 0 16.0 30 30 M M 6 1 39 30
29 58 52 55 -7 10 0 T 0.0 0 10.4 17 20 M M 9 8 25 50
================================================================================
SM 2106 1479 135 49 1.53 0.0 261.0 M 122
================================================================================
AV 72.6 51.0 9.0 FASTST M M 4 MAX(MPH)
MISC ----> 31 210 46 180
================================================================================
NOTES:
# LAST OF SEVERAL OCCURRENCES
COLUMN 17 PEAK WIND IN M.P.H.
PRELIMINARY LOCAL CLIMATOLOGICAL DATA (WS FORM: F-6) , PAGE 2
STATION: SUGAR LAND/HULL FLD
MONTH: FEBRUARY
YEAR: 2024
LATITUDE: 29 37 N
LONGITUDE: 95 39 W
[TEMPERATURE DATA] [PRECIPITATION DATA] SYMBOLS USED IN COLUMN 16
AVERAGE MONTHLY: 61.8 TOTAL FOR MONTH: 1.53 1 = FOG OR MIST
DPTR FM NORMAL: 3.0 DPTR FM NORMAL: -1.30 2 = FOG REDUCING VISIBILITY
HIGHEST: 85 ON 27 GRTST 24HR 1.32 ON 2- 3 TO 1/4 MILE OR LESS
LOWEST: 33 ON 19 3 = THUNDER
SNOW, ICE PELLETS, HAIL 4 = ICE PELLETS
TOTAL MONTH: 0.0 INCH 5 = HAIL
GRTST 24HR 0.0 6 = FREEZING RAIN OR DRIZZLE
GRTST DEPTH: 0 7 = DUSTSTORM OR SANDSTORM:
VSBY 1/2 MILE OR LESS
8 = SMOKE OR HAZE
[NO. OF DAYS WITH] [WEATHER - DAYS WITH] 9 = BLOWING SNOW
X = TORNADO
MAX 32 OR BELOW: 0 0.01 INCH OR MORE: 4
MAX 90 OR ABOVE: 0 0.10 INCH OR MORE: 3
MIN 32 OR BELOW: 0 0.50 INCH OR MORE: 1
MIN 0 OR BELOW: 0 1.00 INCH OR MORE: 1
[HDD (BASE 65) ]
TOTAL THIS MO. 135 CLEAR (SCALE 0-3) 12
DPTR FM NORMAL -78 PTCLDY (SCALE 4-7) 16
TOTAL FM JUL 1 975 CLOUDY (SCALE 8-10) 1
DPTR FM NORMAL -47
[CDD (BASE 65) ]
TOTAL THIS MO. 49
DPTR FM NORMAL 9 [PRESSURE DATA]
TOTAL FM JAN 1 52 HIGHEST SLP 30.32 ON 18
DPTR FM NORMAL -10 LOWEST SLP 29.54 ON 3
[REMARKS]
#FINAL-02-24#