000
CXUS55 KBYZ 011100
CF6SHR
PRELIMINARY LOCAL CLIMATOLOGICAL DATA (WS FORM: F-6)
STATION: SHERIDAN WY
MONTH: NOVEMBER
YEAR: 2020
LATITUDE: 44 46 N
LONGITUDE: 106 58 W
TEMPERATURE IN F: :PCPN: SNOW: WIND :SUNSHINE: SKY :PK WND
================================================================================
1 2 3 4 5 6A 6B 7 8 9 10 11 12 13 14 15 16 17 18
12Z AVG MX 2MIN
DY MAX MIN AVG DEP HDD CDD WTR SNW DPTH SPD SPD DIR MIN PSBL S-S WX SPD DR
================================================================================
1 66 24 45 5 20 0 0.00 M M 1.5 10 310 M M 0 11 320
2 77 32 55 16 10 0 0.00 M M 2.6 9 180 M M 0 11 130
3 81 37 59 20 6 0 0.00 M M 2.2 9 270 M M 0 11 290
4 74 38 56 18 9 0 0.00 M M 4.1 12 350 M M 0 14 10
5 78 34 56 18 9 0 0.00 M M 4.1 13 190 M M 0 14 180
6 57 36 47 10 18 0 0.00 M M 3.9 13 180 M M 0 14 180
7 72 35 54 17 11 0 0.00 M M 4.3 23 200 M M 0 31 190
8 60 19 40 4 25 0 0.01 M M 17.4 31 300 M M 10 1 39 310
9 33 16 25 -11 40 0 0.00 M M 5.6 17 320 M M 4 22 310
10 44 13 29 -6 36 0 0.00 M M 3.4 22 260 M M 3 26 270
11 38 21 30 -5 35 0 T M M 6.9 20 310 M M 6 1 23 300
12 37 12 25 -9 40 0 0.00 M M 4.8 17 150 M M 2 21 150
13 56 16 36 2 29 0 0.00 M M 10.2 44 240 M M 0 60 210
14 49 22 36 3 29 0 0.03 M M 14.5 41 310 M M 5 1 51 310
15 54 20 37 4 28 0 0.00 M M 8.4 25 290 M M 2 35 280
16 53 22 38 6 27 0 0.00 M M 4.9 21 280 M M 3 32 260
17 67 23 45 13 20 0 0.00 M M 4.8 20 220 M M 0 24 210
18 70 37 54 23 11 0 0.00 M M 6.2 18 250 M M 1 22 240
19 56 23 40 9 25 0 T M M 7.5 25 320 M M 2 29 320
20 47 16 32 2 33 0 0.00 M M 3.2 10 170 M M 3 12 170
21 50 12 31 1 34 0 0.00 M M 9.4 30 330 M M 0 39 340
22 48 13 31 2 34 0 0.00 M M 3.6 13 120 M M 0 16 120
23 47 11 29 0 36 0 0.00 M M 3.7 13 300 M M 0 15 300
24 46 16 31 3 34 0 0.00 M M 4.0 14 150 M M 0 17 130
25 45 14 30 2 35 0 T M M 6.8 21 330 M M 3 1 27 320
26 41 17 29 1 36 0 T M M 6.9 26 330 M M 3 1 32 330
27 50 14 32 5 33 0 0.00 M M 3.3 10 180 M M 0 11 180
28 55 16 36 9 29 0 0.00 M M 6.8 20 310 M M 1 26 290
29 45 14 30 4 35 0 0.00 M M 5.7 18 320 M M 2 21 320
30 55 10 33 7 32 0 0.00 M M 6.1 35 330 M M 0 41 320
================================================================================
SM 1651 633 799 0 0.04 M 176.8 M 50
================================================================================
AV 55.0 21.1 5.9 FASTST M M 2 MAX(MPH)
MISC ----> 44 240 60 210
================================================================================
NOTES:
# LAST OF SEVERAL OCCURRENCES
COLUMN 17 PEAK WIND IN M.P.H.
PRELIMINARY LOCAL CLIMATOLOGICAL DATA (WS FORM: F-6) , PAGE 2
STATION: SHERIDAN WY
MONTH: NOVEMBER
YEAR: 2020
LATITUDE: 44 46 N
LONGITUDE: 106 58 W
[TEMPERATURE DATA] [PRECIPITATION DATA] SYMBOLS USED IN COLUMN 16
AVERAGE MONTHLY: 38.1 TOTAL FOR MONTH: 0.04 1 = FOG OR MIST
DPTR FM NORMAL: 5.4 DPTR FM NORMAL: -0.67 2 = FOG REDUCING VISIBILITY
HIGHEST: 81 ON 3 GRTST 24HR 0.03 ON 14-14 TO 1/4 MILE OR LESS
LOWEST: 10 ON 30 3 = THUNDER
SNOW, ICE PELLETS, HAIL 4 = ICE PELLETS
TOTAL MONTH: M 5 = HAIL
GRTST 24HR M ON M 6 = FREEZING RAIN OR DRIZZLE
GRTST DEPTH: M ON M 7 = DUSTSTORM OR SANDSTORM:
VSBY 1/2 MILE OR LESS
8 = SMOKE OR HAZE
[NO. OF DAYS WITH] [WEATHER - DAYS WITH] 9 = BLOWING SNOW
X = TORNADO
MAX 32 OR BELOW: 0 0.01 INCH OR MORE: 2
MAX 90 OR ABOVE: 0 0.10 INCH OR MORE: 0
MIN 32 OR BELOW: 24 0.50 INCH OR MORE: 0
MIN 0 OR BELOW: 0 1.00 INCH OR MORE: 0
[HDD (BASE 65) ]
TOTAL THIS MO. 799 CLEAR (SCALE 0-3) 24
DPTR FM NORMAL -171 PTCLDY (SCALE 4-7) 5
TOTAL FM JUL 1 1705 CLOUDY (SCALE 8-10) 1
DPTR FM NORMAL -173
[CDD (BASE 65) ]
TOTAL THIS MO. 0
DPTR FM NORMAL 0 [PRESSURE DATA]
TOTAL FM JAN 1 612 HIGHEST SLP 30.58 ON 29
DPTR FM NORMAL 193 LOWEST SLP 29.09 ON 8
[REMARKS]
#FINAL-11-20#