000
CXUS55 KBYZ 011000
CF6SHR
PRELIMINARY LOCAL CLIMATOLOGICAL DATA (WS FORM: F-6)
STATION: SHERIDAN WY
MONTH: JULY
YEAR: 2020
LATITUDE: 44 46 N
LONGITUDE: 106 58 W
TEMPERATURE IN F: :PCPN: SNOW: WIND :SUNSHINE: SKY :PK WND
================================================================================
1 2 3 4 5 6A 6B 7 8 9 10 11 12 13 14 15 16 17 18
12Z AVG MX 2MIN
DY MAX MIN AVG DEP HDD CDD WTR SNW DPTH SPD SPD DIR MIN PSBL S-S WX SPD DR
================================================================================
1 83 44 64 -3 1 0 0.00 M M 5.1 16 310 M M 0 20 310
2 90 46 68 1 0 3 0.00 M M 5.0 16 340 M M 0 20 330
3 92 51 72 5 0 7 0.00 M M 5.3 28 320 M M 0 34 320
4 93 56 75 7 0 10 0.00 M M 6.2 28 250 M M 0 36 240
5 88 56 72 4 0 7 0.03 M M 7.2 30 300 M M 2 35 300
6 93 55 74 6 0 9 0.00 M M 6.6 18 20 M M 2 23 20
7 97 53 75 7 0 10 T M M 8.6 43 330 M M 0 3 51 330
8 86 46 66 -3 0 1 0.00 M M 8.1 21 360 M M 0 25 360
9 92 47 70 1 0 5 0.00 M M 3.3 14 340 M M 0 16 270
10 86 52 69 0 0 4 0.00 M M 9.2 39 330 M M 0 48 310
11 93 50 72 2 0 7 0.00 M M 3.3 13 10 M M 0 14 310
12 103 50 77 7 0 12 0.00 M M 8.2 26 310 M M 0 33 310
13 76 56 66 -4 0 1 0.01 M M 9.2 28 310 M M 3 3 36 310
14 82 49 66 -4 0 1 T M M 5.8 15 350 M M 3 20 10
15 90 43 67 -3 0 2 0.00 M M 3.9 16 340 M M 0 19 330
16 97 48 73 2 0 8 0.00 M M 6.3 18 150 M M 0 24 140
17 99 53 76 5 0 11 0.00 M M 8.6 37 310 M M 0 48 310
18 85 57 71 0 0 6 0.00 M M 10.3 22 310 M M 1 30 30
19 91 52 72 1 0 7 0.00 M M 4.6 18 130 M M 1 23 130
20 84 54 69 -2 0 4 0.00 M M 9.9 25 320 M M 3 32 330
21 95 58 77 6 0 12 0.00 M M 5.3 12 50 M M 3 16 150
22 103 54 79 8 0 14 0.00 M M 5.8 23 150 M M 0 31 170
23 92 68 80 9 0 15 0.00 M M 12.0 38 230 M M 3 51 230
24 92 57 75 3 0 10 0.00 M M 4.7 17 140 M M 0 3 22 310
25 91 57 74 2 0 9 T M M 7.2 26 340 M M 1 3 32 320
26 89 55 72 0 0 7 0.00 M M 4.3 12 300 M M 1 13 240
27 96 56 76 4 0 11 0.00 M M 4.7 18 150 M M 1 22 150
28 92 59 76 4 0 11 T M M 7.2 28 190 M M 3 3 34 190
29 82 59 71 -1 0 6 0.00 M M 4.4 13 50 M M 5 17 20
30 94 53 74 2 0 9 0.02 M M 4.4 22 170 M M 1 3 25 100
31 95 55 75 3 0 10 0.00 M M 4.4 14 230 M M 1 18 70
================================================================================
SM 2821 1649 1 229 0.06 M 199.1 M 34
================================================================================
AV 91.0 53.2 6.4 FASTST M M 1 MAX(MPH)
MISC ----> 43 330 # 51 330
================================================================================
NOTES:
# LAST OF SEVERAL OCCURRENCES
COLUMN 17 PEAK WIND IN M.P.H.
PRELIMINARY LOCAL CLIMATOLOGICAL DATA (WS FORM: F-6) , PAGE 2
STATION: SHERIDAN WY
MONTH: JULY
YEAR: 2020
LATITUDE: 44 46 N
LONGITUDE: 106 58 W
[TEMPERATURE DATA] [PRECIPITATION DATA] SYMBOLS USED IN COLUMN 16
AVERAGE MONTHLY: 72.1 TOTAL FOR MONTH: 0.06 1 = FOG OR MIST
DPTR FM NORMAL: 2.1 DPTR FM NORMAL: -1.12 2 = FOG REDUCING VISIBILITY
HIGHEST: 103 ON 22,12 GRTST 24HR 0.46 ON 30- 1 TO 1/4 MILE OR LESS
LOWEST: 43 ON 15 3 = THUNDER
SNOW, ICE PELLETS, HAIL 4 = ICE PELLETS
TOTAL MONTH: M 5 = HAIL
GRTST 24HR M ON M 6 = FREEZING RAIN OR DRIZZLE
GRTST DEPTH: M ON M 7 = DUSTSTORM OR SANDSTORM:
VSBY 1/2 MILE OR LESS
8 = SMOKE OR HAZE
[NO. OF DAYS WITH] [WEATHER - DAYS WITH] 9 = BLOWING SNOW
X = TORNADO
MAX 32 OR BELOW: 0 0.01 INCH OR MORE: 3
MAX 90 OR ABOVE: 21 0.10 INCH OR MORE: 0
MIN 32 OR BELOW: 0 0.50 INCH OR MORE: 0
MIN 0 OR BELOW: 0 1.00 INCH OR MORE: 0
[HDD (BASE 65) ]
TOTAL THIS MO. 1 CLEAR (SCALE 0-3) 28
DPTR FM NORMAL -23 PTCLDY (SCALE 4-7) 3
TOTAL FM JUL 1 1 CLOUDY (SCALE 8-10) 0
DPTR FM NORMAL -23
[CDD (BASE 65) ]
TOTAL THIS MO. 229
DPTR FM NORMAL 47 [PRESSURE DATA]
TOTAL FM JAN 1 313 HIGHEST SLP 30.18 ON 11
DPTR FM NORMAL 81 LOWEST SLP 29.48 ON 7
[REMARKS]
#FINAL-07-20#