000
CXUS56 KMFR 010930
CF6SIY
PRELIMINARY LOCAL CLIMATOLOGICAL DATA (WS FORM: F-6)
STATION: MONTAGUE CA
MONTH: JULY
YEAR: 2021
LATITUDE: 41 46 N
LONGITUDE: 122 28 W
TEMPERATURE IN F: :PCPN: SNOW: WIND :SUNSHINE: SKY :PK WND
================================================================================
1 2 3 4 5 6A 6B 7 8 9 10 11 12 13 14 15 16 17 18
12Z AVG MX 2MIN
DY MAX MIN AVG DEP HDD CDD WTR SNW DPTH SPD SPD DIR MIN PSBL S-S WX SPD DR
================================================================================
1 101 65 83 13 0 18 0.00 M M 7.5 22 330 M M 0 27 330
2 102 61 82 11 0 17 0.00 M M 6.4 21 340 M M 0 26 340
3 103 64 84 13 0 19 0.00 M M 5.7 20 360 M M 0 24 160
4 101 61 81 9 0 16 0.00 M M 8.3 21 310 M M 0 26 300
5 103 62 83 11 0 18 0.00 M M 6.9 21 340 M M 0 26 350
6 101 60 81 9 0 16 0.00 M M 6.1 20 310 M M 0 24 300
7 97 54 76 4 0 11 0.00 M M 8.3 23 360 M M 0 27 20
8 98 55 77 4 0 12 0.00 M M 7.9 21 20 M M 0 25 20
9 105 57 81 8 0 16 0.00 M M 6.9 18 320 M M 0 23 300
10 106 65 86 13 0 21 0.00 M M 7.8 22 330 M M 0 28 330
11 106 63 85 11 0 20 0.00 M M 8.9 22 340 M M 0 8 29 330
12 101 64 83 9 0 18 0.00 M M 9.6 23 10 M M 0 29 360
13 101 63 82 8 0 17 0.00 M M 9.1 22 330 M M 1 8 26 330
14 101 62 82 8 0 17 0.00 M M 7.9 22 360 M M 0 28 360
15 97 60 79 5 0 14 0.00 M M 8.3 24 340 M M 0 8 28 350
16 93 59 76 1 0 11 0.00 M M 10.5 22 340 M M 0 33 350
17 96 57 77 2 0 12 0.00 M M 7.4 22 330 M M 0 27 320
18 102 59 81 6 0 16 0.00 M M 6.8 22 340 M M 0 25 330
19 99 58 79 4 0 14 0.00 M M 7.4 25 320 M M 0 32 320
20 97 65 81 6 0 16 0.00 M M 11.0 24 20 M M 1 29 20
21 92 61 77 2 0 12 0.00 M M 11.8 25 360 M M 0 32 360
22 95 53 74 -1 0 9 0.00 M M 8.9 26 340 M M 0 30 330
23 100 57 79 4 0 14 0.00 M M 8.2 20 350 M M 0 25 340
24 101 56 79 4 0 14 0.00 M M 6.7 21 360 M M 0 23 360
25 102 61 82 7 0 17 0.00 M M 7.1 21 350 M M 0 26 10
26 103 71 87 12 0 22 0.00 M M 7.7 24 330 M M 0 29 340
27 81 61 71 -4 0 6 T M M 6.1 18 180 M M 3 24 180
28 97 54 76 1 0 11 0.00 M M 4.5 15 330 M M 0 22 340
29 101 61 81 6 0 16 0.00 M M 4.7 21 300 M M 0 29 300
30 100 69 85 10 0 20 T M M 4.5 32 260 M M 1 3 42 260
31 100 68 84 9 0 19 0.01 M M 5.2 33 280 M M 1 3 47 290
================================================================================
SM 3082 1886 0 479 0.01 M 234.1 M 7
================================================================================
AV 99.4 60.8 7.6 FASTST M M 0 MAX(MPH)
MISC ----> 33 280 47 290
================================================================================
NOTES:
# LAST OF SEVERAL OCCURRENCES
COLUMN 17 PEAK WIND IN M.P.H.
PRELIMINARY LOCAL CLIMATOLOGICAL DATA (WS FORM: F-6) , PAGE 2
STATION: MONTAGUE CA
MONTH: JULY
YEAR: 2021
LATITUDE: 41 46 N
LONGITUDE: 122 28 W
[TEMPERATURE DATA] [PRECIPITATION DATA] SYMBOLS USED IN COLUMN 16
AVERAGE MONTHLY: 80.1 TOTAL FOR MONTH: 0.01 1 = FOG OR MIST
DPTR FM NORMAL: 6.1 DPTR FM NORMAL: -0.15 2 = FOG REDUCING VISIBILITY
HIGHEST: 106 ON 11,10 GRTST 24HR 0.01 ON 30-31 TO 1/4 MILE OR LESS
LOWEST: 53 ON 22 3 = THUNDER
SNOW, ICE PELLETS, HAIL 4 = ICE PELLETS
TOTAL MONTH: M 5 = HAIL
GRTST 24HR M ON M 6 = FREEZING RAIN OR DRIZZLE
GRTST DEPTH: M ON M 7 = DUSTSTORM OR SANDSTORM:
VSBY 1/2 MILE OR LESS
8 = SMOKE OR HAZE
[NO. OF DAYS WITH] [WEATHER - DAYS WITH] 9 = BLOWING SNOW
X = TORNADO
MAX 32 OR BELOW: 0 0.01 INCH OR MORE: 1
MAX 90 OR ABOVE: 30 0.10 INCH OR MORE: 0
MIN 32 OR BELOW: 0 0.50 INCH OR MORE: 0
MIN 0 OR BELOW: 0 1.00 INCH OR MORE: 0
[HDD (BASE 65) ]
TOTAL THIS MO. 0 CLEAR (SCALE 0-3) 31
DPTR FM NORMAL -4 PTCLDY (SCALE 4-7) 0
TOTAL FM JUL 1 0 CLOUDY (SCALE 8-10) 0
DPTR FM NORMAL 0
[CDD (BASE 65) ]
TOTAL THIS MO. 479
DPTR FM NORMAL 198 [PRESSURE DATA]
TOTAL FM JAN 1 774 HIGHEST SLP M ON M
DPTR FM NORMAL 392 LOWEST SLP 29.76 ON 26
[REMARKS]
#FINAL-07-21#