000
CXUS54 KSJT 011000
CF6SJT
PRELIMINARY LOCAL CLIMATOLOGICAL DATA (WS FORM: F-6)
STATION: SAN ANGELO
MONTH: JUNE
YEAR: 2022
LATITUDE: 31 21 N
LONGITUDE: 100 30 W
TEMPERATURE IN F: :PCPN: SNOW: WIND :SUNSHINE: SKY :PK WND
================================================================================
1 2 3 4 5 6A 6B 7 8 9 10 11 12 13 14 15 16 17 18
12Z AVG MX 2MIN
DY MAX MIN AVG DEP HDD CDD WTR SNW DPTH SPD SPD DIR MIN PSBL S-S WX SPD DR
================================================================================
1 97 66 82 2 0 17 0.16 0.0 0 12.4 38 340 M M 6 13 54 340
2 84 65 75 -5 0 10 0.00 0.0 0 9.4 16 40 M M 5 22 50
3 84 63 74 -6 0 9 0.45 0.0 0 8.8 33 330 M M 5 13 45 330
4 93 64 79 -2 0 14 0.12 0.0 0 8.2 24 280 M M 2 3 31 270
5 106 68 87 6 0 22 0.00 0.0 0 10.0 21 220 M M 0 29 220
6 106 76 91 10 0 26 0.00 0.0 0 12.4 23 200 M M 0 33 200
7 105 77 91 10 0 26 0.00 0.0 0 8.6 17 170 M M 0 27 180
8 99 75 87 6 0 22 0.00 0.0 0 14.3 32 30 M M 0 43 30
9 101 71 86 4 0 21 0.00 0.0 0 7.8 16 130 M M 0 28 230
10 102 73 88 6 0 23 0.00 0.0 0 7.8 21 200 M M 0 29 210
11 107 75 91 9 0 26 0.00 0.0 0 9.1 18 200 M M 0 25 170
12 108 79 94 12 0 29 0.00 0.0 0 11.6 23 190 M M 0 34 200
13 103 78 91 9 0 26 0.00 0.0 0 14.9 28 180 M M 0 39 180
14 99 77 88 6 0 23 0.00 0.0 0 15.3 25 200 M M 0 39 180
15 100 77 89 7 0 24 0.00 0.0 0 15.0 25 200 M M 0 37 190
16 102 75 89 7 0 24 0.00 0.0 0 11.7 23 160 M M 0 35 170
17 102 69 86 3 0 21 0.00 0.0 0 8.3 18 90 M M 0 36 130
18 101 71 86 3 0 21 0.00 0.0 0 8.4 20 140 M M 0 26 110
19 101 76 89 6 0 24 0.00 0.0 0 10.4 20 110 M M 0 29 170
20 102 74 88 5 0 23 0.00 0.0 0 11.5 22 170 M M 1 34 160
21 102 76 89 6 0 24 0.00 0.0 0 8.5 17 120 M M 1 28 140
22 101 73 87 4 0 22 0.00 0.0 0 7.1 16 120 M M 2 24 110
23 102 75 89 6 0 24 0.00 0.0 0 7.6 16 150 M M 2 25 150
24 104 78 91 8 0 26 0.00 0.0 0 9.4 16 180 M M 0 25 200
25 103 75 89 6 0 24 0.00 0.0 0 7.9 15 110 M M 0 22 180
26 100 72 86 3 0 21 T 0.0 0 9.5 28 30 M M 1 38 30
27 98 71 85 2 0 20 0.02 0.0 0 11.4 23 100 M M 3 3 34 90
28 95 66 81 -3 0 16 0.00 0.0 0 7.1 26 80 M M 0 36 70
29 96 69 83 -1 0 18 0.00 0.0 0 5.5 16 110 M M 2 22 110
30 101 70 86 2 0 21 0.00 0.0 0 7.8 15 130 M M 3 22 170
================================================================================
SM 3004 2174 0 647 0.75 0.0 297.7 M 33
================================================================================
AV100.1 72.5 9.9 FASTST M M 1 MAX(MPH)
MISC ----> 38 340 54 340
================================================================================
NOTES:
# LAST OF SEVERAL OCCURRENCES
COLUMN 17 PEAK WIND IN M.P.H.
PRELIMINARY LOCAL CLIMATOLOGICAL DATA (WS FORM: F-6) , PAGE 2
STATION: SAN ANGELO
MONTH: JUNE
YEAR: 2022
LATITUDE: 31 21 N
LONGITUDE: 100 30 W
[TEMPERATURE DATA] [PRECIPITATION DATA] SYMBOLS USED IN COLUMN 16
AVERAGE MONTHLY: 86.3 TOTAL FOR MONTH: 0.75 1 = FOG OR MIST
DPTR FM NORMAL: 4.1 DPTR FM NORMAL: -1.56 2 = FOG REDUCING VISIBILITY
HIGHEST: 108 ON 12 GRTST 24HR 0.56 ON 3- 4 TO 1/4 MILE OR LESS
LOWEST: 63 ON 3 3 = THUNDER
SNOW, ICE PELLETS, HAIL 4 = ICE PELLETS
TOTAL MONTH: 0.0 INCH 5 = HAIL
GRTST 24HR 0.0 6 = FREEZING RAIN OR DRIZZLE
GRTST DEPTH: 0 7 = DUSTSTORM OR SANDSTORM:
VSBY 1/2 MILE OR LESS
8 = SMOKE OR HAZE
[NO. OF DAYS WITH] [WEATHER - DAYS WITH] 9 = BLOWING SNOW
X = TORNADO
MAX 32 OR BELOW: 0 0.01 INCH OR MORE: 4
MAX 90 OR ABOVE: 28 0.10 INCH OR MORE: 3
MIN 32 OR BELOW: 0 0.50 INCH OR MORE: 0
MIN 0 OR BELOW: 0 1.00 INCH OR MORE: 0
[HDD (BASE 65) ]
TOTAL THIS MO. 0 CLEAR (SCALE 0-3) 27
DPTR FM NORMAL 0 PTCLDY (SCALE 4-7) 3
TOTAL FM JUL 1 1878 CLOUDY (SCALE 8-10) 0
DPTR FM NORMAL -253
[CDD (BASE 65) ]
TOTAL THIS MO. 647
DPTR FM NORMAL 131 [PRESSURE DATA]
TOTAL FM JAN 1 1446 HIGHEST SLP 30.20 ON 27
DPTR FM NORMAL 400 LOWEST SLP 29.49 ON 5
[REMARKS]
#FINAL-06-22#