000
CXUS51 KBTV 010800
CF6SLK
PRELIMINARY LOCAL CLIMATOLOGICAL DATA (WS FORM: F-6)
STATION: SARANAC LAKE NY
MONTH: DECEMBER
YEAR: 2022
LATITUDE: 44 23 N
LONGITUDE: 74 12 W
TEMPERATURE IN F: :PCPN: SNOW: WIND :SUNSHINE: SKY :PK WND
================================================================================
1 2 3 4 5 6A 6B 7 8 9 10 11 12 13 14 15 16 17 18
12Z AVG MX 2MIN
DY MAX MIN AVG DEP HDD CDD WTR SNW DPTH SPD SPD DIR MIN PSBL S-S WX SPD DR
================================================================================
1 30 25 28 2 37 0 0.01 M M 10.1 22 260 M M 9 18 34 270
2 37 25 31 5 34 0 T M M 5.2 15 210 M M 9 19 220
3 45 30 38 13 27 0 0.31 M M 14.0 24 230 M M 9 1 40 250
4 30 23 27 2 38 0 T M M 7.6 16 220 M M 8 8 27 250
5 40 24 32 8 33 0 0.00 M M 8.6 20 200 M M 1 25 210
6 49 29 39 15 26 0 0.14 M M 6.8 20 160 M M 7 1 29 170
7 50 37 44 20 21 0 0.23 M M 3.2 12 160 M M 10 1 16 150
8 37 29 33 10 32 0 0.01 M M 3.8 9 340 M M 9 1 14 310
9 33 15 24 1 41 0 0.00 M M 6.1 13 30 M M 3 17 30
10 23 8 16 -7 49 0 0.00 M M 8.0 15 60 M M 0 20 50
11 25 11 18 -4 47 0 0.05 M M 6.5 10 50 M M 6 1 13 50
12 26 -2 12 -10 53 0 0.00 M M 3.4 10 30 M M 4 1 15 20
13 29 -5 12 -10 53 0 0.00 M M 3.6 13 360 M M 4 18 20 320
14 30 11 21 0 44 0 T M M 4.4 15 70 M M 8 8 23 360
15 39 28 34 13 31 0 0.00 M M 8.7 16 110 M M 5 26 60
16 35 29 32 12 33 0 0.59 M M 8.5 15 90 M M 10 12 24 150
17 32 25 29 9 36 0 0.18 M M 4.1 13 250 M M 10 1 19 280
18 28 12 20 0 45 0 T M M 4.3 12 250 M M 8 18 17 230
19 26 19 23 3 42 0 0.05 M M 4.1 13 290 M M 10 18 17 300
20 23 16 20 1 45 0 T M M 5.3 13 210 M M 10 18 16 210
21 29 14 22 3 43 0 0.00 M M 5.2 17 220 M M 10 12 23 230
22 36 8 22 3 43 0 T M M 5.6 20 110 M M 7 12 29 120
23 47 4 26 8 39 0 0.82 M M 16.1 29 210 M M 10 128 40 110
24 7 2 5 -13 60 0 T M M 21.4 31 210 M M 9 8 42 220
25 18 5 12 -6 53 0 T M M 14.7 23 220 M M 10 128 32 210
26 20 14 17 0 48 0 T M M 11.0 17 220 M M 10 18 24 230
27 20 17 19 2 46 0 0.01 M M 6.0 13 220 M M 10 18 17 220
28 31 19 25 8 40 0 0.02 M M 5.7 18 210 M M 8 128 23 210
29 45 19 32 15 33 0 0.00 M M 5.3 13 230 M M 4 1 17 240
30 51 35 43 27 22 0 0.01 M M 5.8 15 220 M M 10 12 21 210
31 48 35 42 26 23 0 0.13 M M 2.7 10 220 M M 9 12 14 240
================================================================================
SM 1019 561 1217 0 2.56 M 225.8 M 237
================================================================================
AV 32.9 18.1 7.3 FASTST M M 8 MAX(MPH)
MISC ----> 31 210 42 220
================================================================================
NOTES:
# LAST OF SEVERAL OCCURRENCES
COLUMN 17 PEAK WIND IN M.P.H.
PRELIMINARY LOCAL CLIMATOLOGICAL DATA (WS FORM: F-6) , PAGE 2
STATION: SARANAC LAKE NY
MONTH: DECEMBER
YEAR: 2022
LATITUDE: 44 23 N
LONGITUDE: 74 12 W
[TEMPERATURE DATA] [PRECIPITATION DATA] SYMBOLS USED IN COLUMN 16
AVERAGE MONTHLY: 25.5 TOTAL FOR MONTH: 2.56 1 = FOG OR MIST
DPTR FM NORMAL: 4.8 DPTR FM NORMAL: 0.36 2 = FOG REDUCING VISIBILITY
HIGHEST: 51 ON 30 GRTST 24HR 0.82 ON 22-23 TO 1/4 MILE OR LESS
LOWEST: -5 ON 13 3 = THUNDER
SNOW, ICE PELLETS, HAIL 4 = ICE PELLETS
TOTAL MONTH: M 5 = HAIL
GRTST 24HR M ON M 6 = FREEZING RAIN OR DRIZZLE
GRTST DEPTH: M ON M 7 = DUSTSTORM OR SANDSTORM:
VSBY 1/2 MILE OR LESS
8 = SMOKE OR HAZE
[NO. OF DAYS WITH] [WEATHER - DAYS WITH] 9 = BLOWING SNOW
X = TORNADO
MAX 32 OR BELOW: 17 0.01 INCH OR MORE: 14
MAX 90 OR ABOVE: 0 0.10 INCH OR MORE: 7
MIN 32 OR BELOW: 28 0.50 INCH OR MORE: 2
MIN 0 OR BELOW: 2 1.00 INCH OR MORE: 0
[HDD (BASE 65) ]
TOTAL THIS MO. 1217 CLEAR (SCALE 0-3) 2
DPTR FM NORMAL -156 PTCLDY (SCALE 4-7) 10
TOTAL FM JUL 1 3196 CLOUDY (SCALE 8-10) 19
DPTR FM NORMAL -395
[CDD (BASE 65) ]
TOTAL THIS MO. 0
DPTR FM NORMAL 0 [PRESSURE DATA]
TOTAL FM JAN 1 144 HIGHEST SLP 30.50 ON 10
DPTR FM NORMAL 24 LOWEST SLP 28.77 ON 23
[REMARKS]
#FINAL-12-22#