000
CXUS51 KBTV 211445
CF6SLK
PRELIMINARY LOCAL CLIMATOLOGICAL DATA (WS FORM: F-6)
STATION: SARANAC LAKE NY
MONTH: JUNE
YEAR: 2022
LATITUDE: 44 23 N
LONGITUDE: 74 12 W
TEMPERATURE IN F: :PCPN: SNOW: WIND :SUNSHINE: SKY :PK WND
================================================================================
1 2 3 4 5 6A 6B 7 8 9 10 11 12 13 14 15 16 17 18
12Z AVG MX 2MIN
DY MAX MIN AVG DEP HDD CDD WTR SNW DPTH SPD SPD DIR MIN PSBL S-S WX SPD DR
================================================================================
1 71 51 61 6 4 0 0.18 M M 2.7 9 230 M M 8 13 13 210
2 71 55 63 7 2 0 T M M 3.4 10 10 M M 7 1 18 30
3 70 45 58 2 7 0 0.15 M M 3.3 12 280 M M 6 1 20 290
4 68 39 54 -2 11 0 T M M 8.1 22 240 M M 3 12 30 230
5 67 38 53 -4 12 0 0.00 M M 5.5 16 250 M M 2 24 250
6 73 35 54 -3 11 0 0.00 M M 3.5 12 240 M M 3 17 210
7 76 53 65 8 0 0 0.60 M M 9.8 24 200 M M 8 1 32 210
8 69 51 60 3 5 0 0.28 M M 5.0 16 230 M M 7 13 23 230
9 59 51 55 -3 10 0 1.04 M M 6.3 16 50 M M 9 1 20 70
10 63 50 57 -1 8 0 0.02 M M 8.3 16 230 M M 9 1 23 220
11 72 40 56 -2 9 0 0.00 M M 3.8 14 230 M M 4 1 21 240
12 76 40 58 -1 7 0 0.00 M M 7.4 20 200 M M 4 1 25 170
13 71 43 57 -2 8 0 0.00 M M 4.5 15 220 M M 5 24 210
14 75 38 57 -2 8 0 0.00 M M 3.5 13 10 M M 5 12 19 360
15 77 43 60 1 5 0 0.00 M M 3.0 12 50 M M 4 12 14 60
16 79 54 67 7 0 2 0.15 M M 11.0 24 230 M M 6 13 39 250
17 72 47 60 0 5 0 0.17 M M 9.5 22 230 M M 8 1 34 250
18 50 43 47 -13 18 0 0.03 M M 6.9 13 340 M M 9 1 23 310
19 62 36 49 -11 16 0 0.00 M M 5.8 16 340 M M 2 27 350
20 72 33 53 -8 12 0 0.00 M M 3.0 12 340 M M 0 18 350
21 62 39 51 -10 14 0 0.27 M M 2.0 12 210 M M 6 1 15 190
22 77 54 66 5 0 1 0.01 M M 5.8 15 220 M M 6 1 20 180
23 63 57 60 -1 5 0 1.00 M M 4.8 17 200 M M 10 13 21 200
24 79 50 65 3 0 0 0.00 M M 3.0 10 10 M M 4 12 16 20
25 84 47 66 4 0 1 0.00 M M 2.4 10 220 M M 2 1 16 360
26 87 50 69 7 0 4 0.12 M M 6.6 21 210 M M 4 1 27 240
27 70 56 63 1 2 0 1.50 M M 6.9 20 250 M M 9 1 29 230
28 70 46 58 -4 7 0 0.00 M M 4.5 13 230 M M 6 1 18 220
29 75 38 57 -5 8 0 0.01 M M 5.6 15 260 M M 3 1 28 270
30 74 44 59 -4 6 0 0.00 M M 2.6 12 210 M M 4 12 17 210
================================================================================
SM 2134 1366 200 8 5.53 M 158.5 M 163
================================================================================
AV 71.1 45.5 5.3 FASTST M M 5 MAX(MPH)
MISC ----> # 24 200 39 250
================================================================================
NOTES:
# LAST OF SEVERAL OCCURRENCES
COLUMN 17 PEAK WIND IN M.P.H.
PRELIMINARY LOCAL CLIMATOLOGICAL DATA (WS FORM: F-6) , PAGE 2
STATION: SARANAC LAKE NY
MONTH: JUNE
YEAR: 2022
LATITUDE: 44 23 N
LONGITUDE: 74 12 W
[TEMPERATURE DATA] [PRECIPITATION DATA] SYMBOLS USED IN COLUMN 16
AVERAGE MONTHLY: 58.3 TOTAL FOR MONTH: 5.53 1 = FOG OR MIST
DPTR FM NORMAL: -1.1 DPTR FM NORMAL: 1.17 2 = FOG REDUCING VISIBILITY
HIGHEST: 87 ON 26 GRTST 24HR 1.62 ON 26-27 TO 1/4 MILE OR LESS
LOWEST: 33 ON 20 3 = THUNDER
SNOW, ICE PELLETS, HAIL 4 = ICE PELLETS
TOTAL MONTH: M 5 = HAIL
GRTST 24HR M ON M 6 = FREEZING RAIN OR DRIZZLE
GRTST DEPTH: M ON M 7 = DUSTSTORM OR SANDSTORM:
VSBY 1/2 MILE OR LESS
8 = SMOKE OR HAZE
[NO. OF DAYS WITH] [WEATHER - DAYS WITH] 9 = BLOWING SNOW
X = TORNADO
MAX 32 OR BELOW: 0 0.01 INCH OR MORE: 15
MAX 90 OR ABOVE: 0 0.10 INCH OR MORE: 11
MIN 32 OR BELOW: 0 0.50 INCH OR MORE: 4
MIN 0 OR BELOW: 0 1.00 INCH OR MORE: 3
[HDD (BASE 65) ]
TOTAL THIS MO. 200 CLEAR (SCALE 0-3) 5
DPTR FM NORMAL 6 PTCLDY (SCALE 4-7) 20
TOTAL FM JUL 1 8834 CLOUDY (SCALE 8-10) 5
DPTR FM NORMAL -467
[CDD (BASE 65) ]
TOTAL THIS MO. 8
DPTR FM NORMAL -17 [PRESSURE DATA]
TOTAL FM JAN 1 23 HIGHEST SLP 30.25 ON 30
DPTR FM NORMAL -6 LOWEST SLP 29.55 ON 17
[REMARKS]
#FINAL-06-22#