774
CXUS51 KBTV 010700
CF6SLK
PRELIMINARY LOCAL CLIMATOLOGICAL DATA (WS FORM: F-6)
STATION: SARANAC LAKE NY
MONTH: JUNE
YEAR: 2020
LATITUDE: 44 23 N
LONGITUDE: 74 12 W
TEMPERATURE IN F: :PCPN: SNOW: WIND :SUNSHINE: SKY :PK WND
================================================================================
1 2 3 4 5 6A 6B 7 8 9 10 11 12 13 14 15 16 17 18
12Z AVG MX 2MIN
DY MAX MIN AVG DEP HDD CDD WTR SNW DPTH SPD SPD DIR MIN PSBL S-S WX SPD DR
================================================================================
1 54 26 40 -16 25 0 0.03 M M 4.2 13 280 M M 7 1 21 260
2 63 31 47 -9 18 0 0.06 M M 4.3 15 210 M M 8 1 23 230
3 59 51 55 -1 10 0 0.31 M M 3.7 10 240 M M 9 1 17 320
4 77 53 65 8 0 0 0.03 M M 6.2 15 240 M M 7 1 25 230
5 81 48 65 8 0 0 0.00 M M 4.6 16 250 M M 2 13 24 230
6 74 51 63 6 2 0 0.59 M M 5.2 18 290 M M 7 13 35 320
7 63 36 50 -8 15 0 0.00 M M 3.2 10 340 M M 5 1 17 310
8 67 32 50 -8 15 0 0.00 M M 3.8 13 290 M M 2 20 10
9 71 51 61 3 4 0 0.03 M M 3.1 9 30 M M 7 12 30
10 80 47 64 6 1 0 0.00 M M 7.1 24 200 M M 2 31 170
11 74 48 61 2 4 0 1.30 M M 11.4 24 230 M M 5 13 38 220
12 67 41 54 -5 11 0 0.04 M M 8.3 26 220 M M 6 1 38 220
13 51 36 44 -15 21 0 0.02 M M 4.0 13 360 M M 10 1 18 10
14 60 31 46 -14 19 0 0.00 M M 3.7 16 50 M M 7 12 20 60
15 70 30 50 -10 15 0 0.00 M M 3.5 14 30 M M 2 17 40
16 78 32 55 -5 10 0 0.00 M M 2.0 12 220 M M 0 15 220
17 85 39 62 2 3 0 0.00 M M 2.0 10 230 M M 0 1 16 170
18 88 44 66 5 0 1 0.00 M M 2.5 12 210 M M 1 1 15 220
19 85 51 68 7 0 3 0.00 M M 3.9 12 210 M M 2 1 16 230
20 85 55 70 9 0 5 0.01 M M 2.2 12 160 M M 4 123 16 220
21 87 53 70 9 0 5 0.00 M M 3.5 16 200 M M 4 123 21 210
22 88 52 70 8 0 5 0.28 M M 3.6 18 200 M M 2 138 25 210
23 87 55 71 9 0 6 0.01 M M 6.9 22 230 M M 4 123 32 240
24 70 48 59 -3 6 0 0.27 M M 10.8 23 250 M M 6 1 34 270
25 72 44 58 -4 7 0 T M M 8.6 23 230 M M 4 31 230
26 76 44 60 -2 5 0 0.00 M M 5.5 17 220 M M 5 24 220
27 78 46 62 0 3 0 0.08 M M 5.9 18 200 M M 5 1 23 210
28 76 56 66 3 0 1 0.89 M M 3.4 12 350 M M 9 123 21 10
29 70 56 63 0 2 0 0.11 M M 5.7 14 50 M M 9 128 18 30
30 72 57 65 2 0 0 0.03 M M 6.4 18 40 M M 9 1 22 40
================================================================================
SM 2208 1344 196 26 4.09 M 149.2 M 150
================================================================================
AV 73.6 44.8 5.0 FASTST M M 5 MAX(MPH)
MISC ----> 26 220 # 38 220
================================================================================
NOTES:
# LAST OF SEVERAL OCCURRENCES
COLUMN 17 PEAK WIND IN M.P.H.
PRELIMINARY LOCAL CLIMATOLOGICAL DATA (WS FORM: F-6) , PAGE 2
STATION: SARANAC LAKE NY
MONTH: JUNE
YEAR: 2020
LATITUDE: 44 23 N
LONGITUDE: 74 12 W
[TEMPERATURE DATA] [PRECIPITATION DATA] SYMBOLS USED IN COLUMN 16
AVERAGE MONTHLY: 59.2 TOTAL FOR MONTH: 4.09 1 = FOG OR MIST
DPTR FM NORMAL: -0.6 DPTR FM NORMAL: 0.24 2 = FOG REDUCING VISIBILITY
HIGHEST: 88 ON 22,18 GRTST 24HR 1.30 ON 11-11 TO 1/4 MILE OR LESS
LOWEST: 26 ON 1 3 = THUNDER
SNOW, ICE PELLETS, HAIL 4 = ICE PELLETS
TOTAL MONTH: M 5 = HAIL
GRTST 24HR M ON M 6 = FREEZING RAIN OR DRIZZLE
GRTST DEPTH: M ON M 7 = DUSTSTORM OR SANDSTORM:
VSBY 1/2 MILE OR LESS
8 = SMOKE OR HAZE
[NO. OF DAYS WITH] [WEATHER - DAYS WITH] 9 = BLOWING SNOW
X = TORNADO
MAX 32 OR BELOW: 0 0.01 INCH OR MORE: 17
MAX 90 OR ABOVE: 0 0.10 INCH OR MORE: 7
MIN 32 OR BELOW: 6 0.50 INCH OR MORE: 3
MIN 0 OR BELOW: 0 1.00 INCH OR MORE: 1
[HDD (BASE 65) ]
TOTAL THIS MO. 196 CLEAR (SCALE 0-3) 9
DPTR FM NORMAL 12 PTCLDY (SCALE 4-7) 15
TOTAL FM JUL 1 9139 CLOUDY (SCALE 8-10) 6
DPTR FM NORMAL -281
[CDD (BASE 65) ]
TOTAL THIS MO. 26
DPTR FM NORMAL 0 [PRESSURE DATA]
TOTAL FM JAN 1 50 HIGHEST SLP M ON M
DPTR FM NORMAL 21 LOWEST SLP 29.55 ON 24
[REMARKS]
#FINAL-06-20#