000
CXUS56 KLOX 021943
CF6SMO
PRELIMINARY LOCAL CLIMATOLOGICAL DATA (WS FORM: F-6)
STATION: SANTA MONICA AIRPORT CA
MONTH: SEPTEMBER
YEAR: 2023
LATITUDE: 34 0 N
LONGITUDE: 118 27 W
TEMPERATURE IN F: :PCPN: SNOW: WIND :SUNSHINE: SKY :PK WND
================================================================================
1 2 3 4 5 6A 6B 7 8 9 10 11 12 13 14 15 16 17 18
12Z AVG MX 2MIN
DY MAX MIN AVG DEP HDD CDD WTR SNW DPTH SPD SPD DIR MIN PSBL S-S WX SPD DR
================================================================================
1 77 66 72 2 0 7 0.00 M M 5.1 13 210 M M 7 19 200
2 76 67 72 2 0 7 0.06 M M 3.2 10 200 M M 10 18 14 200
3 76 66 71 1 0 6 T M M 5.5 14 250 M M 5 22 240
4 74 61 68 -2 0 3 0.00 M M 4.5 12 210 M M 1 20 200
5 72 64 68 -2 0 3 0.00 M M 3.8 10 240 M M 7 14 200
6 76 64 70 0 0 5 0.00 M M 5.1 15 230 M M 4 21 210
7 75 61 68 -2 0 3 0.00 M M 3.7 12 200 M M 0 18 210
8 85 63 74 4 0 9 0.00 M M 4.3 13 220 M M 0 17 240
9 81 67 74 4 0 9 0.00 M M 4.0 13 220 M M 0 19 240
10 86 68 77 7 0 12 T M M 4.7 15 210 M M 0 20 220
11 89 66 78 8 0 13 0.00 M M 3.1 14 230 M M 0 20 230
12 76 64 70 0 0 5 0.00 M M 4.4 12 220 M M 0 19 200
13 75 65 70 0 0 5 0.00 M M 5.8 13 200 M M 6 18 190
14 74 65 70 0 0 5 0.00 M M 5.1 14 210 M M 7 19 200
15 74 65 70 1 0 5 0.00 M M 4.7 13 240 M M 8 20 250
16 70 64 67 -2 0 2 0.00 M M 4.4 9 230 M M 10 18 14 240
17 70 65 68 -1 0 3 T M M 4.7 10 250 M M 10 1 15 260
18 74 61 68 -1 0 3 0.00 M M 3.5 12 220 M M 2 19 250
19 74 61 68 -1 0 3 0.00 M M 4.2 14 250 M M 4 22 260
20 73 64 69 0 0 4 T M M 4.0 14 220 M M 7 20 210
21 71 60 66 -3 0 1 0.00 M M 5.0 13 210 M M 5 21 240
22 72 58 65 -4 0 0 0.00 M M 3.5 13 220 M M 1 19 230
23 73 58 66 -3 0 1 0.00 M M 3.6 13 220 M M 1 18 18 210
24 73 60 67 -2 0 2 0.00 M M 3.4 14 230 M M 3 18 19 240
25 73 57 65 -3 0 0 0.00 M M 3.6 15 240 M M 1 18 22 250
26 76 57 67 -1 0 2 0.00 M M 3.1 12 220 M M 0 18 260
27 76 58 67 -1 0 2 0.00 M M 3.5 12 210 M M 1 15 240
28 72 63 68 0 0 3 0.00 M M 4.5 12 220 M M 7 17 190
29 69 64 67 -1 0 2 0.00 M M 4.5 10 230 M M 9 14 220
30 68 59 64 -4 1 0 T M M 6.8 15 210 M M 7 22 200
================================================================================
SM 2250 1881 1 125 0.06 M 129.3 M 123
================================================================================
AV 75.0 62.7 4.3 FASTST M M 4 MAX(MPH)
MISC ----> # 15 230 # 22 240
================================================================================
NOTES:
# LAST OF SEVERAL OCCURRENCES
COLUMN 17 PEAK WIND IN M.P.H.
PRELIMINARY LOCAL CLIMATOLOGICAL DATA (WS FORM: F-6) , PAGE 2
STATION: SANTA MONICA AIRPORT CA
MONTH: SEPTEMBER
YEAR: 2023
LATITUDE: 34 0 N
LONGITUDE: 118 27 W
[TEMPERATURE DATA] [PRECIPITATION DATA] SYMBOLS USED IN COLUMN 16
AVERAGE MONTHLY: 68.9 TOTAL FOR MONTH: 0.06 1 = FOG OR MIST
DPTR FM NORMAL: -0.3 DPTR FM NORMAL: -0.08 2 = FOG REDUCING VISIBILITY
HIGHEST: 89 ON 11 GRTST 24HR 0.06 ON 2- 2 TO 1/4 MILE OR LESS
LOWEST: 57 ON 26,25 3 = THUNDER
SNOW, ICE PELLETS, HAIL 4 = ICE PELLETS
TOTAL MONTH: M 5 = HAIL
GRTST 24HR M ON M 6 = FREEZING RAIN OR DRIZZLE
GRTST DEPTH: M ON M 7 = DUSTSTORM OR SANDSTORM:
VSBY 1/2 MILE OR LESS
8 = SMOKE OR HAZE
[NO. OF DAYS WITH] [WEATHER - DAYS WITH] 9 = BLOWING SNOW
X = TORNADO
MAX 32 OR BELOW: 0 0.01 INCH OR MORE: 1
MAX 90 OR ABOVE: 0 0.10 INCH OR MORE: 0
MIN 32 OR BELOW: 0 0.50 INCH OR MORE: 0
MIN 0 OR BELOW: 0 1.00 INCH OR MORE: 0
[HDD (BASE 65) ]
TOTAL THIS MO. 1 CLEAR (SCALE 0-3) 14
DPTR FM NORMAL -7 PTCLDY (SCALE 4-7) 11
TOTAL FM JUL 1 7 CLOUDY (SCALE 8-10) 5
DPTR FM NORMAL 0
[CDD (BASE 65) ]
TOTAL THIS MO. 125
DPTR FM NORMAL -9 [PRESSURE DATA]
TOTAL FM JAN 1 419 HIGHEST SLP 30.09 ON 25
DPTR FM NORMAL -89 LOWEST SLP 29.80 ON 1
[REMARKS]
#FINAL-09-23#