000
CXUS56 KSGX 011145
CF6SNA
PRELIMINARY LOCAL CLIMATOLOGICAL DATA (WS FORM: F-6)
STATION: JOHN WAYNE AIRPORT CA
MONTH: FEBRUARY
YEAR: 2021
LATITUDE: 33 40 N
LONGITUDE: 117 53 W
TEMPERATURE IN F: :PCPN: SNOW: WIND :SUNSHINE: SKY :PK WND
================================================================================
1 2 3 4 5 6A 6B 7 8 9 10 11 12 13 14 15 16 17 18
12Z AVG MX 2MIN
DY MAX MIN AVG DEP HDD CDD WTR SNW DPTH SPD SPD DIR MIN PSBL S-S WX SPD DR
================================================================================
1 69 56 63 6 2 0 0.00 M M 2.1 9 200 M M 8 10 200
2 70 54 62 5 3 0 0.00 M M 2.3 9 220 M M 5 13 220
3 61 50 56 -1 9 0 0.00 M M 4.2 14 190 M M 5 128 18 200
4 64 50 57 0 8 0 0.00 M M 4.1 13 200 M M 4 18 16 190
5 68 46 57 0 8 0 0.00 M M 2.7 13 210 M M 0 16 190
6 71 47 59 2 6 0 0.00 M M 1.9 7 200 M M 2 128 10 250
7 65 47 56 -1 9 0 0.00 M M 3.7 14 200 M M 5 128 16 190
8 60 48 54 -3 11 0 0.00 M M 5.6 14 210 M M 7 128 18 200
9 60 55 58 1 7 0 0.00 M M 4.3 12 200 M M 9 15 200
10 63 52 58 1 7 0 0.00 M M 2.6 12 220 M M 5 8 15 230
11 66 48 57 0 8 0 0.00 M M 3.2 13 220 M M 5 18 15 220
12 68 55 62 5 3 0 0.02 M M 5.3 15 250 M M 5 1 23 350
13 62 51 57 0 8 0 0.00 M M 5.1 15 200 M M 6 19 220
14 68 48 58 1 7 0 0.00 M M 3.5 15 210 M M 5 19 210
15 63 50 57 0 8 0 T M M 6.0 13 200 M M 4 8 16 180
16 64 53 59 2 6 0 0.01 M M 6.7 16 210 M M 6 18 21 190
17 64 48 56 -1 9 0 0.00 M M 4.2 14 220 M M 1 18 250
18 71 52 62 4 3 0 0.00 M M 8.6 21 50 M M 0 29 80
19 70 47 59 1 6 0 0.00 M M 3.2 13 220 M M 1 15 210
20 72 49 61 3 4 0 0.00 M M 4.5 17 300 M M 2 27 290
21 78 50 64 6 1 0 0.00 M M 6.8 21 70 M M 0 27 90
22 83 48 66 8 0 1 0.00 M M 2.5 10 70 M M 0 8 14 60
23 73 50 62 4 3 0 0.00 M M 3.4 14 190 M M 1 8 16 190
24 68 50 59 1 6 0 0.00 M M 4.6 14 200 M M 1 16 210
25 75 49 62 4 3 0 0.00 M M 4.3 16 60 M M 1 1 27 110
26 71 46 59 1 6 0 0.00 M M 3.6 13 210 M M 1 17 210
27 66 47 57 -1 8 0 0.00 M M 4.7 15 200 M M 1 19 210
28 75 48 62 4 3 0 0.00 M M 6.0 25 60 M M 0 33 60
================================================================================
SM 1908 1394 162 1 0.03 M 119.7 M 90
================================================================================
AV 68.1 49.8 4.3 FASTST M M 3 MAX(MPH)
MISC ----> 25 60 33 60
================================================================================
NOTES:
# LAST OF SEVERAL OCCURRENCES
COLUMN 17 PEAK WIND IN M.P.H.
PRELIMINARY LOCAL CLIMATOLOGICAL DATA (WS FORM: F-6) , PAGE 2
STATION: JOHN WAYNE AIRPORT CA
MONTH: FEBRUARY
YEAR: 2021
LATITUDE: 33 40 N
LONGITUDE: 117 53 W
[TEMPERATURE DATA] [PRECIPITATION DATA] SYMBOLS USED IN COLUMN 16
AVERAGE MONTHLY: 59.0 TOTAL FOR MONTH: 0.03 1 = FOG OR MIST
DPTR FM NORMAL: 1.6 DPTR FM NORMAL: -2.92 2 = FOG REDUCING VISIBILITY
HIGHEST: 83 ON 22 GRTST 24HR 0.02 ON 12-12 TO 1/4 MILE OR LESS
LOWEST: 46 ON 26, 5 3 = THUNDER
SNOW, ICE PELLETS, HAIL 4 = ICE PELLETS
TOTAL MONTH: M 5 = HAIL
GRTST 24HR M ON M 6 = FREEZING RAIN OR DRIZZLE
GRTST DEPTH: M ON M 7 = DUSTSTORM OR SANDSTORM:
VSBY 1/2 MILE OR LESS
8 = SMOKE OR HAZE
[NO. OF DAYS WITH] [WEATHER - DAYS WITH] 9 = BLOWING SNOW
X = TORNADO
MAX 32 OR BELOW: 0 0.01 INCH OR MORE: 2
MAX 90 OR ABOVE: 0 0.10 INCH OR MORE: 0
MIN 32 OR BELOW: 0 0.50 INCH OR MORE: 0
MIN 0 OR BELOW: 0 1.00 INCH OR MORE: 0
[HDD (BASE 65) ]
TOTAL THIS MO. 162 CLEAR (SCALE 0-3) 14
DPTR FM NORMAL -52 PTCLDY (SCALE 4-7) 13
TOTAL FM JUL 1 662 CLOUDY (SCALE 8-10) 1
DPTR FM NORMAL -245
[CDD (BASE 65) ]
TOTAL THIS MO. 1
DPTR FM NORMAL -2 [PRESSURE DATA]
TOTAL FM JAN 1 18 HIGHEST SLP 30.33 ON 18
DPTR FM NORMAL 13 LOWEST SLP 29.82 ON 13
[REMARKS]
#FINAL-02-21#