077
CXAK56 PAFC 290636
CF6SNP
PRELIMINARY LOCAL CLIMATOLOGICAL DATA (WS FORM: F-6)
STATION: SAINT PAUL ISLAND
MONTH: OCTOBER
YEAR: 2020
LATITUDE: 57 9 N
LONGITUDE: 170 13 W
TEMPERATURE IN F: :PCPN: SNOW: WIND :SUNSHINE: SKY :PK WND
================================================================================
1 2 3 4 5 6A 6B 7 8 9 10 11 12 13 14 15 16 17 18
12Z AVG MX 2MIN
DY MAX MIN AVG DEP HDD CDD WTR SNW DPTH SPD SPD DIR MIN PSBL S-S WX SPD DR
================================================================================
1 47 40 44 2 21 0 0.10 M M 11.8 17 310 M M 10 1 30 M
2 50 36 43 1 22 0 0.03 M M 4.9 9 240 M M 9 1 M M
3 49 36 43 2 22 0 0.06 M M 2.8 6 270 M M 9 1 M M
4 46 41 44 3 21 0 0.17 M M 16.9 23 350 M M 10 1 31 350
5 49 33 41 0 24 0 0.06 M M 10.8 18 330 M M 5 26 310
6 48 33 41 0 24 0 0.80 M M 24.1 38 170 M M 9 1 54 180
7 50 44 47 7 18 0 0.02 M M 24.5 29 210 M M 9 18 39 220
8 48 43 46 6 19 0 0.03 M M 17.4 23 230 M M 9 1 30 230
9 46 36 41 1 24 0 0.01 M M 13.9 20 260 M M 5 23 260
10 48 29 39 -1 26 0 T M M 6.6 10 260 M M 7 1 M M
11 47 35 41 1 24 0 0.02 M M 7.8 16 330 M M 8 M M
12 48 38 43 4 22 0 0.10 M M 10.5 15 20 M M 10 1 M M
13 44 37 41 2 24 0 0.02 M M 16.7 23 350 M M 9 33 20
14 47 34 41 2 24 0 T M M 7.7 14 360 M M 8 M M
15 45 32 39 0 26 0 T M M 17.1 30 190 M M 10 1 41 190
16 46 34 40 2 25 0 0.11 M M 23.4 32 180 M M 9 1 45 180
17 48 34 41 3 24 0 0.02 M M 15.1 25 210 M M 4 36 200
18 47 37 42 4 23 0 0.05 M M 14.0 23 200 M M 7 35 200
19 48 34 41 3 24 0 0.01 M M 9.2 16 250 M M 3 M M
20 46 29 38 0 27 0 0.00 M M 9.0 20 100 M M 3 30 90
21 45 42 44 6 21 0 0.00 M M 30.0 43 80 M M 9 55 80
22 46 35 41 4 24 0 0.42 M M 28.0 44 90 M M 8 1 62 90
23 46 41 44 7 21 0 0.08 M M 16.1 22 110 M M 8 1 28 80
24 48 38 43 6 22 0 0.04 M M 10.8 18 110 M M 9 1 25 120
25 46 37 42 5 23 0 T M M 11.1 18 320 M M 9 1 25 330
26 45 33 39 2 26 0 0.01 M M 5.8 12 330 M M 8 1 M M
27 44 33 39 3 26 0 0.01 M M 7.7 14 130 M M 10 M M
28 46 42 44 8 21 0 0.21 M M 13.3 22 90 M M 9 1 31 90
29 44 37 41 5 24 0 0.01 M M 25.7 40 60 M M 10 1 54 60
30 41 35 38 2 27 0 0.00 M M 29.1 43 60 M M 7 52 40
31 40 27 34 -2 31 0 T M M 9.7 18 20 M M 8 26 20
================================================================================
SM 1438 1115 730 0 2.39 M 451.3 M 248
================================================================================
AV 46.4 36.0 14.6 FASTST M M 8 MAX(MPH)
MISC ----> 44 90 62 90
================================================================================
NOTES:
# LAST OF SEVERAL OCCURRENCES
COLUMN 17 PEAK WIND IN M.P.H.
PRELIMINARY LOCAL CLIMATOLOGICAL DATA (WS FORM: F-6) , PAGE 2
STATION: SAINT PAUL ISLAND
MONTH: OCTOBER
YEAR: 2020
LATITUDE: 57 9 N
LONGITUDE: 170 13 W
[TEMPERATURE DATA] [PRECIPITATION DATA] SYMBOLS USED IN COLUMN 16
AVERAGE MONTHLY: 41.2 TOTAL FOR MONTH: 2.39 1 = FOG OR MIST
DPTR FM NORMAL: 2.6 DPTR FM NORMAL: -0.72 2 = FOG REDUCING VISIBILITY
HIGHEST: 50 ON 7, 2 GRTST 24HR 0.80 ON 6- 6 TO 1/4 MILE OR LESS
LOWEST: 27 ON 31 3 = THUNDER
SNOW, ICE PELLETS, HAIL 4 = ICE PELLETS
TOTAL MONTH: M 5 = HAIL
GRTST 24HR M ON M 6 = FREEZING RAIN OR DRIZZLE
GRTST DEPTH: M ON M 7 = DUSTSTORM OR SANDSTORM:
VSBY 1/2 MILE OR LESS
8 = SMOKE OR HAZE
[NO. OF DAYS WITH] [WEATHER - DAYS WITH] 9 = BLOWING SNOW
X = TORNADO
MAX 32 OR BELOW: 0 0.01 INCH OR MORE: 23
MAX 90 OR ABOVE: 0 0.10 INCH OR MORE: 6
MIN 32 OR BELOW: 4 0.50 INCH OR MORE: 1
MIN 0 OR BELOW: 0 1.00 INCH OR MORE: 0
[HDD (BASE 65) ]
TOTAL THIS MO. 730 CLEAR (SCALE 0-3) 1
DPTR FM NORMAL -88 PTCLDY (SCALE 4-7) 9
TOTAL FM JUL 1 1707 CLOUDY (SCALE 8-10) 21
DPTR FM NORMAL -753
[CDD (BASE 65) ]
TOTAL THIS MO. 0
DPTR FM NORMAL 0 [PRESSURE DATA]
TOTAL FM JAN 1 2 HIGHEST SLP M ON M
DPTR FM NORMAL 2 LOWEST SLP M ON M
[REMARKS]
#FINAL-10-20#