000
CXAK56 PAFC 290635
CF6SNP
PRELIMINARY LOCAL CLIMATOLOGICAL DATA (WS FORM: F-6)
STATION: SAINT PAUL ISLAND
MONTH: APRIL
YEAR: 2020
LATITUDE: 57 9 N
LONGITUDE: 170 13 W
TEMPERATURE IN F: :PCPN: SNOW: WIND :SUNSHINE: SKY :PK WND
================================================================================
1 2 3 4 5 6A 6B 7 8 9 10 11 12 13 14 15 16 17 18
12Z AVG MX 2MIN
DY MAX MIN AVG DEP HDD CDD WTR SNW DPTH SPD SPD DIR MIN PSBL S-S WX SPD DR
================================================================================
1 38 25 32 6 33 0 0.00 M M 8.8 14 350 M M 2 1 17 200
2 40 34 37 11 28 0 0.00 M M 14.7 18 230 M M 9 18 24 220
3 41 37 39 13 26 0 0.00 M M 27.5 35 210 M M 10 18 45 200
4 41 34 38 12 27 0 0.00 M M 29.9 45 250 M M 9 18 52 250
5 38 30 34 7 31 0 0.00 M M 23.9 37 280 M M 6 8 47 280
6 34 24 29 2 36 0 0.00 M M 26.8 44 310 M M 8 18 56 310
7 M M M M M M 0.00 M M 13.3 21 340 M M 8 18 30 340
8 M M M M M M 0.00 M M 11.4 20 190 M M 8 18 M M
9 40 36 38 10 27 0 0.00 M M 18.4 26 210 M M 10 18 33 200
10 40 36 38 10 27 0 0.00 M M 18.5 23 160 M M 10 37 160
11 39 35 37 9 28 0 0.00 M M 10.1 17 140 M M 10 M M
12 44 31 38 10 27 0 0.00 M M 6.3 10 190 M M 5 1 M M
13 36 27 32 4 33 0 0.00 M M 16.3 24 80 M M 9 18 35 70
14 42 33 38 9 27 0 0.00 M M 10.0 14 140 M M 10 12 M M
15 41 32 37 8 28 0 0.00 M M 10.5 14 160 M M 10 12 M M
16 40 37 39 10 26 0 0.00 M M 15.0 21 140 M M 10 12 25 120
17 42 36 39 9 26 0 0.00 M M 12.1 15 140 M M 10 12 M M
18 41 36 39 9 26 0 0.00 M M 13.6 18 130 M M 10 12 M M
19 M M M M M M 0.00 M M 9.6 12 140 M M 9 1 M M
20 40 35 38 8 27 0 0.00 M M 14.0 21 40 M M 10 1 28 50
21 36 31 34 3 31 0 0.00 M M 18.6 23 30 M M 10 18 32 40
22 33 27 30 -1 35 0 0.00 M M 16.3 23 10 M M 10 18 27 10
23 33 27 30 -1 35 0 0.00 M M 19.0 23 10 M M 10 8 31 10
24 44 32 38 7 27 0 0.00 M M 17.6 21 360 M M 8 1 25 360
25 49 35 42 10 23 0 0.00 M M 15.4 18 50 M M 8 27 40
26 39 30 35 3 30 0 0.00 M M 11.2 16 360 M M 7 1 M M
27 39 28 34 2 31 0 0.00 M M 12.1 21 320 M M 10 26 310
28 M M M M M M 0.00 M M 7.8 14 120 M M 10 8 M M
29 M M M M M M M M M M M M M M M M M
30 40 33 37 4 28 0 0.00 0.0 M 9.1 13 120 M M 10 1 M M
================================================================================
SM 990 801 723 0 0.00 0.0 437.8 M 256
================================================================================
AV 39.6 32.0 15.1 FASTST M M 9 MAX(MPH)
MISC ----> 45 250 56 310
================================================================================
NOTES:
# LAST OF SEVERAL OCCURRENCES
COLUMN 17 PEAK WIND IN M.P.H.
PRELIMINARY LOCAL CLIMATOLOGICAL DATA (WS FORM: F-6) , PAGE 2
STATION: SAINT PAUL ISLAND
MONTH: APRIL
YEAR: 2020
LATITUDE: 57 9 N
LONGITUDE: 170 13 W
[TEMPERATURE DATA] [PRECIPITATION DATA] SYMBOLS USED IN COLUMN 16
AVERAGE MONTHLY: 35.8 TOTAL FOR MONTH: 0.00 1 = FOG OR MIST
DPTR FM NORMAL: 6.6 DPTR FM NORMAL: -1.08 2 = FOG REDUCING VISIBILITY
HIGHEST: 49 ON 25 GRTST 24HR 0.00 ON 14-14 TO 1/4 MILE OR LESS
LOWEST: 24 ON 6 3 = THUNDER
SNOW, ICE PELLETS, HAIL 4 = ICE PELLETS
TOTAL MONTH: 0.0 INCH 5 = HAIL
GRTST 24HR 0.0 6 = FREEZING RAIN OR DRIZZLE
GRTST DEPTH: M ON M 7 = DUSTSTORM OR SANDSTORM:
VSBY 1/2 MILE OR LESS
8 = SMOKE OR HAZE
[NO. OF DAYS WITH] [WEATHER - DAYS WITH] 9 = BLOWING SNOW
X = TORNADO
MAX 32 OR BELOW: 0 0.01 INCH OR MORE: 0
MAX 90 OR ABOVE: 0 0.10 INCH OR MORE: 0
MIN 32 OR BELOW: 12 0.50 INCH OR MORE: 0
MIN 0 OR BELOW: 0 1.00 INCH OR MORE: 0
[HDD (BASE 65) ]
TOTAL THIS MO. 723 CLEAR (SCALE 0-3) 1
DPTR FM NORMAL -350 PTCLDY (SCALE 4-7) 8
TOTAL FM JUL 1 7123 CLOUDY (SCALE 8-10) 21
DPTR FM NORMAL -2110
[CDD (BASE 65) ]
TOTAL THIS MO. 0
DPTR FM NORMAL 0 [PRESSURE DATA]
TOTAL FM JAN 1 0 HIGHEST SLP M ON M
DPTR FM NORMAL 0 LOWEST SLP 29.64 ON 27
[REMARKS]
#FINAL-04-20#