000
CXUS56 KMTR 110851
CF6SNS
PRELIMINARY LOCAL CLIMATOLOGICAL DATA (WS FORM: F-6)
STATION: SALINAS AIRPORT
MONTH: FEBRUARY
YEAR: 2021
LATITUDE: 36 40 N
LONGITUDE: 121 36 W
TEMPERATURE IN F: :PCPN: SNOW: WIND :SUNSHINE: SKY :PK WND
================================================================================
1 2 3 4 5 6A 6B 7 8 9 10 11 12 13 14 15 16 17 18
12Z AVG MX 2MIN
DY MAX MIN AVG DEP HDD CDD WTR SNW DPTH SPD SPD DIR MIN PSBL S-S WX SPD DR
================================================================================
1 66 47 57 5 8 0 0.00 M M 4.2 16 330 M M 1 21 320
2 61 48 55 3 10 0 0.07 M M 6.2 15 130 M M 8 1 18 130
3 59 41 50 -2 15 0 0.00 M M 5.8 17 290 M M 2 21 290
4 64 39 52 0 13 0 0.00 M M 3.2 15 300 M M 0 18 280
5 69 38 54 2 11 0 0.00 M M 5.7 15 310 M M 0 1 18 310
6 73 40 57 5 8 0 0.00 M M 5.8 14 320 M M 0 17 290
7 67 41 54 2 11 0 0.00 M M 6.1 15 320 M M 0 1 17 320
8 59 39 49 -4 16 0 0.00 M M 6.0 15 310 M M 2 12 18 320
9 60 49 55 2 10 0 T M M 4.6 15 290 M M 5 17 290
10 62 48 55 2 10 0 0.00 M M 5.4 14 300 M M 5 1 16 320
11 60 45 53 0 12 0 0.15 M M 5.2 22 290 M M 5 1 30 290
12 60 46 53 0 12 0 0.02 M M 8.0 21 300 M M 6 1 25 290
13 60 44 52 -1 13 0 0.03 M M 8.2 26 300 M M 5 1 33 290
14 57 41 49 -4 16 0 0.00 M M 4.6 15 300 M M 5 20 290
15 63 50 57 4 8 0 0.01 M M 7.6 21 270 M M 10 1 23 280
16 58 44 51 -2 14 0 0.00 M M 6.9 14 270 M M 4 1 19 300
17 64 40 52 -1 13 0 0.00 M M 5.8 16 290 M M 0 21 290
18 68 37 53 0 12 0 0.00 M M 7.5 17 290 M M 1 20 310
19 64 44 54 1 11 0 0.00 M M 8.0 16 300 M M 8 1 21 310
20 60 46 53 0 12 0 0.05 M M 8.3 18 290 M M 4 1 25 270
21 67 38 53 0 12 0 0.00 M M 3.9 20 280 M M 0 24 280
22 77 41 59 5 6 0 0.00 M M 5.3 15 290 M M 0 18 300
23 79 44 62 8 3 0 0.00 M M 5.2 14 310 M M 0 16 10
24 71 39 55 1 10 0 0.00 M M 5.3 14 290 M M 0 M M
25 70 41 56 2 9 0 0.00 M M 6.3 20 280 M M 0 25 300
26 63 38 51 -3 14 0 0.00 M M 8.6 21 260 M M 3 128 24 280
27 65 42 54 0 11 0 0.00 M M 8.8 20 260 M M 1 24 270
28 71 37 54 0 11 0 0.00 M M 4.6 15 300 M M 0 18 290
================================================================================
SM 1817 1187 311 0 0.33 M 171.1 M 75
================================================================================
AV 64.9 42.4 6.1 FASTST M M 3 MAX(MPH)
MISC ----> 26 300 33 290
================================================================================
NOTES:
# LAST OF SEVERAL OCCURRENCES
COLUMN 17 PEAK WIND IN M.P.H.
PRELIMINARY LOCAL CLIMATOLOGICAL DATA (WS FORM: F-6) , PAGE 2
STATION: SALINAS AIRPORT
MONTH: FEBRUARY
YEAR: 2021
LATITUDE: 36 40 N
LONGITUDE: 121 36 W
[TEMPERATURE DATA] [PRECIPITATION DATA] SYMBOLS USED IN COLUMN 16
AVERAGE MONTHLY: 53.6 TOTAL FOR MONTH: 0.33 1 = FOG OR MIST
DPTR FM NORMAL: 0.6 DPTR FM NORMAL: -2.16 2 = FOG REDUCING VISIBILITY
HIGHEST: 79 ON 23 GRTST 24HR 0.17 ON 11-12 TO 1/4 MILE OR LESS
LOWEST: 37 ON 28,18 3 = THUNDER
SNOW, ICE PELLETS, HAIL 4 = ICE PELLETS
TOTAL MONTH: M 5 = HAIL
GRTST 24HR M ON M 6 = FREEZING RAIN OR DRIZZLE
GRTST DEPTH: M ON M 7 = DUSTSTORM OR SANDSTORM:
VSBY 1/2 MILE OR LESS
8 = SMOKE OR HAZE
[NO. OF DAYS WITH] [WEATHER - DAYS WITH] 9 = BLOWING SNOW
X = TORNADO
MAX 32 OR BELOW: 0 0.01 INCH OR MORE: 6
MAX 90 OR ABOVE: 0 0.10 INCH OR MORE: 1
MIN 32 OR BELOW: 0 0.50 INCH OR MORE: 0
MIN 0 OR BELOW: 0 1.00 INCH OR MORE: 0
[HDD (BASE 65) ]
TOTAL THIS MO. 311 CLEAR (SCALE 0-3) 16
DPTR FM NORMAL -25 PTCLDY (SCALE 4-7) 10
TOTAL FM JUL 1 1378 CLOUDY (SCALE 8-10) 2
DPTR FM NORMAL -436
[CDD (BASE 65) ]
TOTAL THIS MO. 0
DPTR FM NORMAL 0 [PRESSURE DATA]
TOTAL FM JAN 1 1 HIGHEST SLP 30.50 ON 21
DPTR FM NORMAL 1 LOWEST SLP 29.94 ON 8
[REMARKS]
#FINAL-02-21#