000
CXUS56 KMTR 011000
CF6SNS
PRELIMINARY LOCAL CLIMATOLOGICAL DATA (WS FORM: F-6)
STATION: SALINAS AIRPORT
MONTH: FEBRUARY
YEAR: 2020
LATITUDE: 36 40 N
LONGITUDE: 121 36 W
TEMPERATURE IN F: :PCPN: SNOW: WIND :SUNSHINE: SKY :PK WND
================================================================================
1 2 3 4 5 6A 6B 7 8 9 10 11 12 13 14 15 16 17 18
12Z AVG MX 2MIN
DY MAX MIN AVG DEP HDD CDD WTR SNW DPTH SPD SPD DIR MIN PSBL S-S WX SPD DR
================================================================================
1 74 44 59 7 6 0 0.00 0.0 0 7.2 16 110 M M 2 1 20 130
2 59 42 51 -1 14 0 0.00 0.0 0 11.3 25 290 M M 5 1 31 300
3 57 35 46 -6 19 0 0.00 0.0 0 6.6 20 300 M M 0 24 300
4 58 28 43 -9 22 0 0.00 0.0 0 3.9 14 360 M M 0 18 350
5 62 32 47 -5 18 0 0.00 0.0 0 6.1 12 320 M M 0 M M
6 67 38 53 1 12 0 0.00 0.0 0 6.0 16 310 M M 1 12 19 290
7 64 39 52 0 13 0 0.00 0.0 0 6.3 15 300 M M 3 128 18 310
8 58 42 50 -3 15 0 0.00 0.0 0 5.3 18 260 M M 5 128 22 260
9 66 37 52 -1 13 0 0.00 0.0 0 9.9 31 10 M M 0 39 10
10 71 35 53 0 12 0 0.00 0.0 0 3.6 16 310 M M 0 19 330
11 72 36 54 1 11 0 0.00 0.0 0 5.8 15 140 M M 0 19 150
12 66 38 52 -1 13 0 0.00 0.0 0 9.1 16 310 M M 2 8 20 300
13 58 47 53 0 12 0 0.00 0.0 0 6.1 14 310 M M 6 18 310
14 61 41 51 -2 14 0 0.00 0.0 0 4.1 15 290 M M 5 18 290
15 65 38 52 -1 13 0 0.00 0.0 0 5.1 15 300 M M 0 8 18 290
16 63 41 52 -1 13 0 0.00 0.0 0 6.1 16 270 M M 3 12 20 280
17 70 42 56 3 9 0 0.00 0.0 0 4.4 14 330 M M 4 12 18 320
18 67 39 53 0 12 0 0.00 0.0 0 7.6 15 300 M M 0 19 320
19 68 36 52 -1 13 0 0.00 0.0 0 5.1 16 320 M M 1 19 290
20 71 40 56 3 9 0 0.00 0.0 0 6.8 15 310 M M 2 12 18 290
21 71 42 57 4 8 0 0.00 0.0 0 4.6 14 110 M M 1 16 150
22 61 51 56 2 9 0 T 0.0 0 8.1 17 300 M M 9 18 21 320
23 58 50 54 0 11 0 0.00 0.0 M 9.5 18 280 M M 8 22 280
24 71 42 57 3 8 0 0.00 0.0 0 5.0 18 310 M M 2 12 21 290
25 78 39 59 5 6 0 0.00 0.0 0 5.5 17 290 M M 0 21 280
26 80 47 64 10 1 0 0.00 0.0 0 9.3 16 140 M M 0 M M
27 80 43 62 8 3 0 0.00 0.0 0 6.9 18 130 M M 0 21 130
28 79 50 65 11 0 0 0.00 0.0 0 9.2 17 140 M M 2 1 21 310
29 58 49 54 0 11 0 0.00 0.0 0 12.2 24 260 M M 5 1 31 260
================================================================================
SM 1933 1183 320 0 T 0.0 196.7 M 66
================================================================================
AV 66.7 40.8 6.8 FASTST M M 2 MAX(MPH)
MISC ----> # 31 10 # 39 10
================================================================================
NOTES:
# LAST OF SEVERAL OCCURRENCES
COLUMN 17 PEAK WIND IN M.P.H.
PRELIMINARY LOCAL CLIMATOLOGICAL DATA (WS FORM: F-6) , PAGE 2
STATION: SALINAS AIRPORT
MONTH: FEBRUARY
YEAR: 2020
LATITUDE: 36 40 N
LONGITUDE: 121 36 W
[TEMPERATURE DATA] [PRECIPITATION DATA] SYMBOLS USED IN COLUMN 16
AVERAGE MONTHLY: 53.7 TOTAL FOR MONTH: T 1 = FOG OR MIST
DPTR FM NORMAL: 0.7 DPTR FM NORMAL: -2.49 2 = FOG REDUCING VISIBILITY
HIGHEST: 80 ON 27,26 GRTST 24HR T ON 22-22 TO 1/4 MILE OR LESS
LOWEST: 28 ON 4 3 = THUNDER
SNOW, ICE PELLETS, HAIL 4 = ICE PELLETS
TOTAL MONTH: 0.0 INCH 5 = HAIL
GRTST 24HR 0.0 6 = FREEZING RAIN OR DRIZZLE
GRTST DEPTH: 0 7 = DUSTSTORM OR SANDSTORM:
VSBY 1/2 MILE OR LESS
8 = SMOKE OR HAZE
[NO. OF DAYS WITH] [WEATHER - DAYS WITH] 9 = BLOWING SNOW
X = TORNADO
MAX 32 OR BELOW: 0 0.01 INCH OR MORE: 0
MAX 90 OR ABOVE: 0 0.10 INCH OR MORE: 0
MIN 32 OR BELOW: 2 0.50 INCH OR MORE: 0
MIN 0 OR BELOW: 0 1.00 INCH OR MORE: 0
[HDD (BASE 65) ]
TOTAL THIS MO. 320 CLEAR (SCALE 0-3) 21
DPTR FM NORMAL -16 PTCLDY (SCALE 4-7) 6
TOTAL FM JUL 1 1595 CLOUDY (SCALE 8-10) 2
DPTR FM NORMAL -230
[CDD (BASE 65) ]
TOTAL THIS MO. 0
DPTR FM NORMAL 0 [PRESSURE DATA]
TOTAL FM JAN 1 0 HIGHEST SLP M ON M
DPTR FM NORMAL 0 LOWEST SLP 29.93 ON 22
[REMARKS]
#FINAL-02-20#