000
CXUS55 KPIH 011546
CF6SNT
PRELIMINARY LOCAL CLIMATOLOGICAL DATA (WS FORM: F-6)
STATION: STANLEY_ID
MONTH: OCTOBER
YEAR: 2020
LATITUDE: 44 10 N
LONGITUDE: 114 56 W
TEMPERATURE IN F: :PCPN: SNOW: WIND :SUNSHINE: SKY :PK WND
================================================================================
1 2 3 4 5 6A 6B 7 8 9 10 11 12 13 14 15 16 17 18
12Z AVG MX 2MIN
DY MAX MIN AVG DEP HDD CDD WTR SNW DPTH SPD SPD DIR MIN PSBL S-S WX SPD DR
================================================================================
1 78 24 51 7 14 0 0.00 M M 3.1 10 330 M M 0 16 340
2 73 26 50 7 15 0 0.00 M M 1.7 8 260 M M 0 12 140
3 76 26 51 8 14 0 0.00 M M 2.4 8 300 M M 0 14 280
4 76 24 50 7 15 0 0.00 M M 2.6 13 190 M M 0 22 240
5 74 24 49 7 16 0 0.00 M M 2.6 9 30 M M 0 14 40
6 78 24 51 9 14 0 0.00 M M 3.2 8 320 M M 0 17 360
7 74 24 49 7 16 0 0.00 M M 2.3 9 270 M M 0 15 260
8 71 25 48 6 17 0 0.00 M M 2.2 12 180 M M 0 20 200
9 70 21 46 5 19 0 0.00 M M 2.4 9 270 M M 0 17 300
10 63 21 42 1 23 0 0.62 M M 3.6 20 180 M M 0 30 170
11 41 29 35 -6 30 0 0.05 M M 4.5 14 140 M M 0 22 150
12 53 33 43 3 22 0 0.12 M M 3.6 17 120 M M 0 23 120
13 52 31 42 2 23 0 0.55 M M 5.0 20 300 M M 0 39 320
14 47 27 37 -3 28 0 0.00 M M 6.5 16 290 M M 0 30 300
15 50 22 36 -3 29 0 0.00 M M 2.6 12 350 M M 0 18 340
16 60 24 42 3 23 0 0.00 M M 4.4 16 320 M M 0 27 320
17 57 41 49 11 16 0 0.02 M M 7.1 16 340 M M 0 28 330
18 54 38 46 8 19 0 0.00 M M 6.3 18 300 M M 0 33 330
19 59 36 48 10 17 0 0.00 M M 5.0 14 360 M M 0 23 300
20 59 41 50 13 15 0 0.00 M M 5.3 15 310 M M 0 30 280
21 50 28 39 2 26 0 0.00 M M 6.8 15 350 M M 0 28 340
22 39 14 27 -9 38 0 0.00 M M 2.6 12 350 M M 0 16 360
23 48 8 28 -8 37 0 0.01 M M 4.7 20 180 M M 0 28 170
24 42 25 34 -2 31 0 0.05 M M 6.2 14 290 M M 0 27 290
25 31 5 18 -17 47 0 0.00 M M 6.2 14 90 M M 0 24 90
26 45 0 23 -12 42 0 0.00 M M 2.4 13 350 M M 0 21 360
27 59 22 41 7 24 0 0.00 M M 3.7 13 330 M M 0 21 340
28 60 16 38 4 27 0 0.00 M M 3.2 12 330 M M 0 21 350
29 63 19 41 8 24 0 0.00 M M 2.6 9 320 M M 0 16 60
30 63 15 39 6 26 0 0.00 M M 3.1 18 340 M M 0 36 330
31 57 16 37 5 28 0 0.00 M M 2.3 7 190 M M 0 10 340
================================================================================
SM 1822 729 735 0 1.42 M 120.2 M 0
================================================================================
AV 58.8 23.5 3.9 FASTST M M 0 MAX(MPH)
MISC ----> # 20 180 # 39 320
================================================================================
NOTES:
# LAST OF SEVERAL OCCURRENCES
PRECIPITATION SUSPECT DURING FREEZING/FROZEN EVENTS
COLUMN 17 PEAK WIND IN M.P.H.
PRELIMINARY LOCAL CLIMATOLOGICAL DATA (WS FORM: F-6) , PAGE 2
STATION: STANLEY_ID
MONTH: OCTOBER
YEAR: 2020
LATITUDE: 44 10 N
LONGITUDE: 114 56 W
[TEMPERATURE DATA] [PRECIPITATION DATA] SYMBOLS USED IN COLUMN 16
AVERAGE MONTHLY: 41.2 TOTAL FOR MONTH: 1.42 1 = FOG OR MIST
DPTR FM NORMAL: 2.6 DPTR FM NORMAL: -0.05 2 = FOG REDUCING VISIBILITY
HIGHEST: 78 ON 6, 1 GRTST 24HR 0.62 ON 10-10 TO 1/4 MILE OR LESS
LOWEST: 0 ON 26 3 = THUNDER
SNOW, ICE PELLETS, HAIL 4 = ICE PELLETS
TOTAL MONTH: M 5 = HAIL
GRTST 24HR M ON M 6 = FREEZING RAIN OR DRIZZLE
GRTST DEPTH: M ON M 7 = DUSTSTORM OR SANDSTORM:
VSBY 1/2 MILE OR LESS
8 = SMOKE OR HAZE
[NO. OF DAYS WITH] [WEATHER - DAYS WITH] 9 = BLOWING SNOW
X = TORNADO
MAX 32 OR BELOW: 1 0.01 INCH OR MORE: 7
MAX 90 OR ABOVE: 0 0.10 INCH OR MORE: 3
MIN 32 OR BELOW: 26 0.50 INCH OR MORE: 2
MIN 0 OR BELOW: 1 1.00 INCH OR MORE: 0
[HDD (BASE 65) ]
TOTAL THIS MO. 735 CLEAR (SCALE 0-3) 31
DPTR FM NORMAL -88 PTCLDY (SCALE 4-7) 0
TOTAL FM JUL 1 1461 CLOUDY (SCALE 8-10) 0
DPTR FM NORMAL -403
[CDD (BASE 65) ]
TOTAL THIS MO. 0
DPTR FM NORMAL 0 [PRESSURE DATA]
TOTAL FM JAN 1 21 HIGHEST SLP 30.51 ON 26
DPTR FM NORMAL 18 LOWEST SLP 29.63 ON 10
[REMARKS]
6TH: HIGH OF 78 DEGREES BREAKS OLD RECORD OF 76 SET IN 1988.
10TH: RAINFALL OF 0.62 INCHES BREAKS OLD RECORD OF 0.25 SET IN 1983.
13TH: RAINFALL OF 0.55 INCHES BREAKS OLD RECORD OF 0.30 SET IN 1968.
26TH: LOW OF 0 DEGREES BREAKS OLD RECORD OF 2 SET IN 2012.
30TH: HIGH OF 63 DEGREES TIES THE OLD RECORD SET IN 2014.
#FINAL-10-20#