000
CXUS55 KPIH 011120 RRA
CF6SNT
PRELIMINARY LOCAL CLIMATOLOGICAL DATA (WS FORM: F-6)
STATION: STANLEY
MONTH: SEPTEMBER
YEAR: 2023
LATITUDE: 44 10 N
LONGITUDE: 114 56 W
TEMPERATURE IN F: :PCPN: SNOW: WIND :SUNSHINE: SKY :PK WND
================================================================================
1 2 3 4 5 6A 6B 7 8 9 10 11 12 13 14 15 16 17 18
12Z AVG MX 2MIN
DY MAX MIN AVG DEP HDD CDD WTR SNW DPTH SPD SPD DIR MIN PSBL S-S WX SPD DR
================================================================================
1 78 38 58 4 7 0 0.04 M M 3.7 23 160 M M 0 46 160
2 74 49 62 8 3 0 0.14 M M 5.2 14 120 M M 0 23 170
3 60 48 54 0 11 0 0.56 M M 2.6 12 360 M M 0 20 360
4 65 46 56 2 9 0 0.44 M M 2.9 15 350 M M 0 25 330
5 68 41 55 2 10 0 0.00 M M 2.9 8 270 M M 0 14 30
6 73 34 54 1 11 0 0.10 M M 3.7 15 220 M M 0 26 220
7 73 38 56 3 9 0 0.13 M M 2.7 14 140 M M 0 26 130
8 73 38 56 3 9 0 0.00 M M 3.4 15 240 M M 0 31 250
9 74 31 53 1 12 0 0.00 M M 3.5 12 320 M M 0 20 300
10 76 34 55 3 10 0 0.00 M M 3.0 14 340 M M 0 20 340
11 77 33 55 3 10 0 0.00 M M 2.6 12 240 M M 0 19 290
12 71 35 53 2 12 0 0.00 M M 2.8 13 260 M M 0 20 270
13 72 33 53 2 12 0 0.00 M M 3.0 13 320 M M 0 19 320
14 74 28 51 0 14 0 0.00 M M 2.5 9 330 M M 0 15 310
15 75 27 51 1 14 0 0.00 M M 2.3 9 40 M M 0 15 40
16 77 30 54 4 11 0 0.00 M M 2.7 10 330 M M 0 16 360
17 76 28 52 2 13 0 0.00 M M 2.5 13 240 M M 0 24 240
18 71 32 52 2 13 0 0.00 M M 2.6 16 200 M M 0 28 240
19 69 30 50 1 15 0 0.00 M M 3.5 13 310 M M 0 21 350
20 64 23 44 -5 21 0 0.00 M M 4.0 15 210 M M 0 25 170
21 57 30 44 -5 21 0 0.08 M M 3.9 15 150 M M 0 26 190
22 51 28 40 -8 25 0 0.00 M M 3.4 12 290 M M 0 19 290
23 66 26 46 -2 19 0 0.00 M M 3.8 9 140 M M 0 14 170
24 69 25 47 -1 18 0 0.00 M M 4.2 16 170 M M 0 26 150
25 74 29 52 5 13 0 0.00 M M 4.9 17 160 M M 0 31 150
26 70 30 50 3 15 0 0.00 M M 4.3 17 190 M M 0 27 190
27 60 26 43 -4 22 0 0.00 M M 2.4 12 350 M M 0 22 170
28 60 20 40 -6 25 0 0.00 M M 2.5 9 220 M M 0 17 260
29 64 21 43 -3 22 0 0.00 M M 3.0 13 200 M M 0 20 210
30 58 40 49 3 16 0 0.06 M M 3.3 14 180 M M 0 22 170
================================================================================
SM 2069 971 422 0 1.55 M 97.8 M 0
================================================================================
AV 69.0 32.4 3.3 FASTST M M 0 MAX(MPH)
MISC ----> 23 160 46 160
================================================================================
NOTES:
# LAST OF SEVERAL OCCURRENCES
COLUMN 17 PEAK WIND IN M.P.H.
PRELIMINARY LOCAL CLIMATOLOGICAL DATA (WS FORM: F-6) , PAGE 2
STATION: STANLEY
MONTH: SEPTEMBER
YEAR: 2023
LATITUDE: 44 10 N
LONGITUDE: 114 56 W
[TEMPERATURE DATA] [PRECIPITATION DATA] SYMBOLS USED IN COLUMN 16
AVERAGE MONTHLY: 50.7 TOTAL FOR MONTH: 1.55 1 = FOG OR MIST
DPTR FM NORMAL: 0.4 DPTR FM NORMAL: 0.54 2 = FOG REDUCING VISIBILITY
HIGHEST: 78 ON 1 GRTST 24HR 0.70 ON 3- 4 TO 1/4 MILE OR LESS
LOWEST: 20 ON 28 3 = THUNDER
SNOW, ICE PELLETS, HAIL 4 = ICE PELLETS
TOTAL MONTH: M 5 = HAIL
GRTST 24HR M ON M 6 = FREEZING RAIN OR DRIZZLE
GRTST DEPTH: M ON M 7 = DUSTSTORM OR SANDSTORM:
VSBY 1/2 MILE OR LESS
8 = SMOKE OR HAZE
[NO. OF DAYS WITH] [WEATHER - DAYS WITH] 9 = BLOWING SNOW
X = TORNADO
MAX 32 OR BELOW: 0 0.01 INCH OR MORE: 8
MAX 90 OR ABOVE: 0 0.10 INCH OR MORE: 5
MIN 32 OR BELOW: 17 0.50 INCH OR MORE: 1
MIN 0 OR BELOW: 0 1.00 INCH OR MORE: 0
[HDD (BASE 65) ]
TOTAL THIS MO. 422 CLEAR (SCALE 0-3) 30
DPTR FM NORMAL -19 PTCLDY (SCALE 4-7) 0
TOTAL FM JUL 1 726 CLOUDY (SCALE 8-10) 0
DPTR FM NORMAL -110
[CDD (BASE 65) ]
TOTAL THIS MO. 0
DPTR FM NORMAL 0 [PRESSURE DATA]
TOTAL FM JAN 1 13 HIGHEST SLP 30.27 ON 15
DPTR FM NORMAL 0 LOWEST SLP 29.55 ON 30
[REMARKS]
3RD: RAINFALL OF 0.56 BREAKS PREVIOUS RECORD OF 0.32 SET IN 1922.
#FINAL-09-23#