000
CXUS55 KPUB 011210
CF6SPD
PRELIMINARY LOCAL CLIMATOLOGICAL DATA (WS FORM: F-6)
STATION: SPRINGFIELD CO
MONTH: JUNE
YEAR: 2021
LATITUDE: 37 16 N
LONGITUDE: 102 37 W
TEMPERATURE IN F: :PCPN: SNOW: WIND :SUNSHINE: SKY :PK WND
================================================================================
1 2 3 4 5 6A 6B 7 8 9 10 11 12 13 14 15 16 17 18
12Z AVG MX 2MIN
DY MAX MIN AVG DEP HDD CDD WTR SNW DPTH SPD SPD DIR MIN PSBL S-S WX SPD DR
================================================================================
1 70 50 60 -7 5 0 0.03 M M 5.2 32 330 M M 0 42 330
2 76 47 62 -5 3 0 0.00 M M 5.7 15 10 M M 0 21 10
3 79 50 65 -3 0 0 0.00 M M 5.3 14 100 M M 0 18 100
4 84 54 69 1 0 4 0.00 M M 6.9 16 180 M M 0 22 180
5 84 57 71 3 0 6 0.00 M M 14.3 23 160 M M 0 32 160
6 86 56 71 2 0 6 0.00 M M 10.4 23 350 M M 0 33 270
7 89 55 72 3 0 7 0.00 M M 8.3 21 130 M M 0 25 130
8 91 62 77 8 0 12 0.00 M M 15.6 28 150 M M 0 36 140
9 87 59 73 3 0 8 0.00 M M 9.4 24 360 M M 0 33 320
10 97 58 78 8 0 13 0.00 M M 10.9 26 160 M M 0 36 150
11 84 57 71 1 0 6 0.00 M M 13.8 31 360 M M 0 43 350
12 83 54 69 -1 0 4 0.01 M M 11.0 40 120 M M 0 53 120
13 91 63 77 6 0 12 0.00 M M 13.5 23 140 M M 0 31 150
14 93 62 78 7 0 13 0.00 M M 14.4 25 160 M M 0 32 150
15 95 64 80 9 0 15 0.00 M M 14.7 24 170 M M 0 33 170
16 99 61 80 8 0 15 0.00 M M 12.5 23 170 M M 0 30 190
17 100 59 80 8 0 15 0.00 M M 13.8 23 170 M M 0 32 190
18 102 67 85 13 0 20 0.00 M M 11.5 22 290 M M 0 31 310
19 97 64 81 9 0 16 0.00 M M 8.9 29 310 M M 0 44 230
20 99 57 78 5 0 13 0.06 M M 14.1 24 50 M M 0 32 50
21 79 57 68 -5 0 3 0.00 M M 10.4 23 40 M M 0 30 30
22 97 57 77 4 0 12 0.00 M M 17.3 31 170 M M 0 41 180
23 107 61 84 11 0 19 0.00 M M 9.6 21 190 M M 0 30 220
24 97 65 81 8 0 16 0.00 M M 12.5 30 350 M M 0 41 310
25 89 59 74 0 0 9 0.09 M M 9.0 23 20 M M 0 30 360
26 78 57 68 -6 0 3 0.00 M M 13.2 23 360 M M 0 35 350
27 79 56 68 -6 0 3 0.00 M M 8.6 18 360 M M 0 23 350
28 80 57 69 -5 0 4 0.00 M M 8.6 18 340 M M 0 24 340
29 76 54 65 -9 0 0 0.02 M M 3.9 16 140 M M 0 22 110
30 78 61 70 -4 0 5 0.13 M M 6.5 16 180 M M 0 19 180
================================================================================
SM 2646 1740 8 259 0.34 M 319.8 M 0
================================================================================
AV 88.2 58.0 10.7 FASTST M M 0 MAX(MPH)
MISC ----> 40 120 53 120
================================================================================
NOTES:
# LAST OF SEVERAL OCCURRENCES
COLUMN 17 PEAK WIND IN M.P.H.
PRELIMINARY LOCAL CLIMATOLOGICAL DATA (WS FORM: F-6) , PAGE 2
STATION: SPRINGFIELD CO
MONTH: JUNE
YEAR: 2021
LATITUDE: 37 16 N
LONGITUDE: 102 37 W
[TEMPERATURE DATA] [PRECIPITATION DATA] SYMBOLS USED IN COLUMN 16
AVERAGE MONTHLY: 73.1 TOTAL FOR MONTH: 0.34 1 = FOG OR MIST
DPTR FM NORMAL: 1.9 DPTR FM NORMAL: -1.51 2 = FOG REDUCING VISIBILITY
HIGHEST: 107 ON 23 GRTST 24HR 0.15 ON 29-30 TO 1/4 MILE OR LESS
LOWEST: 47 ON 2 3 = THUNDER
SNOW, ICE PELLETS, HAIL 4 = ICE PELLETS
TOTAL MONTH: M 5 = HAIL
GRTST 24HR M ON M 6 = FREEZING RAIN OR DRIZZLE
GRTST DEPTH: M ON M 7 = DUSTSTORM OR SANDSTORM:
VSBY 1/2 MILE OR LESS
8 = SMOKE OR HAZE
[NO. OF DAYS WITH] [WEATHER - DAYS WITH] 9 = BLOWING SNOW
X = TORNADO
MAX 32 OR BELOW: 0 0.01 INCH OR MORE: 6
MAX 90 OR ABOVE: 13 0.10 INCH OR MORE: 1
MIN 32 OR BELOW: 0 0.50 INCH OR MORE: 0
MIN 0 OR BELOW: 0 1.00 INCH OR MORE: 0
[HDD (BASE 65) ]
TOTAL THIS MO. 8 CLEAR (SCALE 0-3) 30
DPTR FM NORMAL -15 PTCLDY (SCALE 4-7) 0
TOTAL FM JUL 1 4915 CLOUDY (SCALE 8-10) 0
DPTR FM NORMAL -497
[CDD (BASE 65) ]
TOTAL THIS MO. 259
DPTR FM NORMAL 50 [PRESSURE DATA]
TOTAL FM JAN 1 317 HIGHEST SLP 30.15 ON 1
DPTR FM NORMAL 59 LOWEST SLP 29.56 ON 19
[REMARKS]
#FINAL-06-21#