000
CXUS52 KTBW 031027
CF6SRQ
PRELIMINARY LOCAL CLIMATOLOGICAL DATA (WS FORM: F-6)
STATION: SARASOTA BRADENTON
MONTH: FEBRUARY
YEAR: 2023
LATITUDE: 27 23 N
LONGITUDE: 82 33 W
TEMPERATURE IN F: :PCPN: SNOW: WIND :SUNSHINE: SKY :PK WND
================================================================================
1 2 3 4 5 6A 6B 7 8 9 10 11 12 13 14 15 16 17 18
12Z AVG MX 2MIN
DY MAX MIN AVG DEP HDD CDD WTR SNW DPTH SPD SPD DIR MIN PSBL S-S WX SPD DR
================================================================================
1 78 63 71 8 0 6 0.00 0.0 0 3.6 9 280 M M 4 16 250
2 78 60 69 6 0 4 0.00 0.0 0 4.7 12 220 M M 1 12 15 220
3 77 54 66 3 0 1 0.10 0.0 0 10.4 21 290 M M 6 1 28 290
4 77 53 65 2 0 0 0.00 0.0 0 13.8 21 100 M M 1 30 110
5 78 60 69 5 0 4 T 0.0 0 8.0 17 110 M M 3 25 120
6 80 61 71 7 0 6 0.00 0.0 0 7.6 16 100 M M 2 23 100
7 82 58 70 6 0 5 0.00 0.0 0 10.6 22 110 M M 1 28 110
8 83 59 71 7 0 6 0.00 0.0 0 7.9 15 130 M M 0 21 140
9 84 61 73 9 0 8 0.00 0.0 0 10.1 22 190 M M 0 8 30 200
10 81 66 74 10 0 9 0.00 0.0 0 11.2 23 190 M M 1 8 30 180
11 81 66 74 10 0 9 0.02 0.0 0 14.4 28 180 M M 2 18 45 170
12 69 60 65 1 0 0 0.03 0.0 0 21.0 30 280 M M 9 1 42 280
13 68 50 59 -6 6 0 0.00 0.0 0 8.4 18 280 M M 2 23 310
14 74 47 61 -4 4 0 0.00 0.0 0 6.4 15 220 M M 0 8 19 220
15 79 56 68 3 0 3 0.00 0.0 0 8.2 21 170 M M 0 26 170
16 82 62 72 7 0 7 0.00 0.0 0 10.4 21 190 M M 1 28 180
17 81 60 71 6 0 6 0.00 0.0 0 8.6 21 300 M M 2 18 29 290
18 76 56 66 1 0 1 0.00 0.0 0 11.4 16 80 M M 1 25 10
19 79 59 69 4 0 4 0.00 0.0 0 6.5 12 300 M M 5 17 60
20 75 58 67 1 0 2 0.00 0.0 0 4.6 14 290 M M 1 1 21 250
21 77 66 72 6 0 7 0.00 0.0 0 6.5 12 210 M M 3 1 20 220
22 82 62 72 6 0 7 0.00 0.0 0 10.7 22 190 M M 0 1 28 180
23 84 67 76 10 0 11 0.00 0.0 0 8.6 18 210 M M 0 1 23 210
24 86 66 76 10 0 11 0.00 0.0 0 5.2 15 290 M M 2 1 20 310
25 80 64 72 6 0 7 0.00 0.0 0 5.2 13 290 M M 1 1 23 270
26 79 58 69 3 0 4 0.00 0.0 0 4.3 13 290 M M 0 12 22 250
27 79 57 68 2 0 3 0.00 0.0 0 7.6 18 200 M M 1 128 24 200
28 79 71 75 9 0 10 0.00 0.0 0 10.5 15 260 M M 1 28 230
================================================================================
SM 2208 1680 10 141 0.15 0.0 246.4 M 50
================================================================================
AV 78.9 60.0 8.8 FASTST M M 2 MAX(MPH)
MISC ----> 30 280 45 170
================================================================================
NOTES:
# LAST OF SEVERAL OCCURRENCES
COLUMN 17 PEAK WIND IN M.P.H.
PRELIMINARY LOCAL CLIMATOLOGICAL DATA (WS FORM: F-6) , PAGE 2
STATION: SARASOTA BRADENTON
MONTH: FEBRUARY
YEAR: 2023
LATITUDE: 27 23 N
LONGITUDE: 82 33 W
[TEMPERATURE DATA] [PRECIPITATION DATA] SYMBOLS USED IN COLUMN 16
AVERAGE MONTHLY: 69.4 TOTAL FOR MONTH: 0.15 1 = FOG OR MIST
DPTR FM NORMAL: 4.6 DPTR FM NORMAL: -1.77 2 = FOG REDUCING VISIBILITY
HIGHEST: 86 ON 24 GRTST 24HR 0.10 ON 3- 3 TO 1/4 MILE OR LESS
LOWEST: 47 ON 14 3 = THUNDER
SNOW, ICE PELLETS, HAIL 4 = ICE PELLETS
TOTAL MONTH: 0.0 INCH 5 = HAIL
GRTST 24HR 0.0 6 = FREEZING RAIN OR DRIZZLE
GRTST DEPTH: 0 7 = DUSTSTORM OR SANDSTORM:
VSBY 1/2 MILE OR LESS
8 = SMOKE OR HAZE
[NO. OF DAYS WITH] [WEATHER - DAYS WITH] 9 = BLOWING SNOW
X = TORNADO
MAX 32 OR BELOW: 0 0.01 INCH OR MORE: 3
MAX 90 OR ABOVE: 0 0.10 INCH OR MORE: 1
MIN 32 OR BELOW: 0 0.50 INCH OR MORE: 0
MIN 0 OR BELOW: 0 1.00 INCH OR MORE: 0
[HDD (BASE 65) ]
TOTAL THIS MO. 10 CLEAR (SCALE 0-3) 23
DPTR FM NORMAL -72 PTCLDY (SCALE 4-7) 4
TOTAL FM JUL 1 222 CLOUDY (SCALE 8-10) 1
DPTR FM NORMAL -126
[CDD (BASE 65) ]
TOTAL THIS MO. 141
DPTR FM NORMAL 66 [PRESSURE DATA]
TOTAL FM JAN 1 229 HIGHEST SLP 30.33 ON 4
DPTR FM NORMAL 94 LOWEST SLP 29.90 ON 11
[REMARKS]
#FINAL-02-23#