000
CXUS52 KTBW 020900
CF6SRQ
PRELIMINARY LOCAL CLIMATOLOGICAL DATA (WS FORM: F-6)
STATION: Sarasota Bradenton
MONTH: NOVEMBER
YEAR: 2020
LATITUDE: 27 23 N
LONGITUDE: 82 33 W
TEMPERATURE IN F: :PCPN: SNOW: WIND :SUNSHINE: SKY :PK WND
================================================================================
1 2 3 4 5 6A 6B 7 8 9 10 11 12 13 14 15 16 17 18
12Z AVG MX 2MIN
DY MAX MIN AVG DEP HDD CDD WTR SNW DPTH SPD SPD DIR MIN PSBL S-S WX SPD DR
================================================================================
1 87 74 81 9 0 16 T 0.0 0 8.3 18 20 M M 4 24 360
2 77 61 69 -3 0 4 0.00 0.0 0 13.3 22 40 M M 0 8 29 70
3 80 58 69 -3 0 4 0.00 0.0 0 11.3 22 80 M M 0 29 70
4 83 61 72 0 0 7 0.00 0.0 0 11.1 24 90 M M 1 32 60
5 87 67 77 6 0 12 0.00 0.0 0 10.4 21 80 M M 2 25 80
6 87 69 78 7 0 13 0.00 0.0 0 10.2 21 70 M M 1 25 60
7 86 73 80 9 0 15 T 0.0 0 14.5 29 80 M M 2 35 80
8 83 75 79 8 0 14 0.04 0.0 0 16.4 29 70 M M 5 39 70
9 83 75 79 9 0 14 0.45 0.0 0 15.8 26 70 M M 7 18 38 80
10 88 75 82 12 0 17 0.22 0.0 0 13.7 35 120 M M 5 1 44 120
11 79 76 78 8 0 13 6.41 0.0 0 23.0 40 150 M M 8 1 53 180
12 83 77 80 10 0 15 0.26 0.0 0 11.3 30 200 M M 7 1 39 190
13 86 72 79 9 0 14 0.00 0.0 0 5.5 14 330 M M 3 1 16 330
14 85 71 78 8 0 13 0.00 0.0 0 8.5 15 70 M M 5 20 80
15 85 74 80 11 0 15 0.00 0.0 0 6.7 12 240 M M 3 16 230
16 86 71 79 10 0 14 0.00 0.0 0 6.9 13 30 M M 3 17 30
17 79 61 70 1 0 5 0.00 0.0 0 9.7 18 30 M M 0 24 20
18 80 57 69 0 0 4 0.00 0.0 0 12.8 25 70 M M 0 32 70
19 77 59 68 0 0 3 0.00 0.0 0 10.3 22 80 M M 5 29 80
20 83 64 74 6 0 9 0.00 0.0 0 9.5 20 60 M M 5 8 29 80
21 78 66 72 4 0 7 0.03 0.0 0 9.8 23 50 M M 7 18 29 70
22 82 66 74 6 0 9 0.00 0.0 0 7.3 14 60 M M 4 12 18 70
23 80 64 72 4 0 7 0.00 0.0 0 8.0 18 10 M M 4 1 23 20
24 82 61 72 5 0 7 0.00 0.0 0 7.9 16 90 M M 1 21 80
25 84 64 74 7 0 9 T 0.0 0 8.2 23 120 M M 5 31 150
26 82 64 73 6 0 8 0.00 0.0 0 3.9 13 210 M M 0 19 180
27 81 65 73 6 0 8 0.00 0.0 0 3.5 9 300 M M 1 1 12 300
28 80 63 72 5 0 7 0.00 0.0 0 4.3 10 210 M M 0 1 14 230
29 80 66 73 7 0 8 0.00 0.0 0 5.3 12 190 M M 1 1 15 180
30 76 64 70 4 0 5 0.21 0.0 0 15.1 24 270 M M 6 13 34 270
================================================================================
SM 2469 2013 0 296 7.62 0.0 302.5 M 95
================================================================================
AV 82.3 67.1 10.1 FASTST M M 3 MAX(MPH)
MISC ----> # 40 150 # 53 180
================================================================================
NOTES:
# LAST OF SEVERAL OCCURRENCES
COLUMN 17 PEAK WIND IN M.P.H.
PRELIMINARY LOCAL CLIMATOLOGICAL DATA (WS FORM: F-6) , PAGE 2
STATION: Sarasota Bradenton
MONTH: NOVEMBER
YEAR: 2020
LATITUDE: 27 23 N
LONGITUDE: 82 33 W
[TEMPERATURE DATA] [PRECIPITATION DATA] SYMBOLS USED IN COLUMN 16
AVERAGE MONTHLY: 74.7 TOTAL FOR MONTH: 7.62 1 = FOG OR MIST
DPTR FM NORMAL: 5.5 DPTR FM NORMAL: 5.69 2 = FOG REDUCING VISIBILITY
HIGHEST: 88 ON 10 GRTST 24HR 6.41 ON 11-11 TO 1/4 MILE OR LESS
LOWEST: 57 ON 18 3 = THUNDER
SNOW, ICE PELLETS, HAIL 4 = ICE PELLETS
TOTAL MONTH: 0.0 INCH 5 = HAIL
GRTST 24HR 0.0 6 = FREEZING RAIN OR DRIZZLE
GRTST DEPTH: 0 7 = DUSTSTORM OR SANDSTORM:
VSBY 1/2 MILE OR LESS
8 = SMOKE OR HAZE
[NO. OF DAYS WITH] [WEATHER - DAYS WITH] 9 = BLOWING SNOW
X = TORNADO
MAX 32 OR BELOW: 0 0.01 INCH OR MORE: 7
MAX 90 OR ABOVE: 0 0.10 INCH OR MORE: 5
MIN 32 OR BELOW: 0 0.50 INCH OR MORE: 1
MIN 0 OR BELOW: 0 1.00 INCH OR MORE: 1
[HDD (BASE 65) ]
TOTAL THIS MO. 0 CLEAR (SCALE 0-3) 15
DPTR FM NORMAL -30 PTCLDY (SCALE 4-7) 14
TOTAL FM JUL 1 0 CLOUDY (SCALE 8-10) 1
DPTR FM NORMAL -33
[CDD (BASE 65) ]
TOTAL THIS MO. 296
DPTR FM NORMAL 140 [PRESSURE DATA]
TOTAL FM JAN 1 4434 HIGHEST SLP 30.35 ON 19
DPTR FM NORMAL 1134 LOWEST SLP 29.58 ON 11
[REMARKS]
#FINAL-11-20#