000
CXUS52 KJAX 011222
CF6SSI
PRELIMINARY LOCAL CLIMATOLOGICAL DATA (WS FORM: F-6)
STATION: ST SIMONS ISLAND
MONTH: JANUARY
YEAR: 2022
LATITUDE: 31 9 N
LONGITUDE: 81 23 W
TEMPERATURE IN F: :PCPN: SNOW: WIND :SUNSHINE: SKY :PK WND
================================================================================
1 2 3 4 5 6A 6B 7 8 9 10 11 12 13 14 15 16 17 18
12Z AVG MX 2MIN
DY MAX MIN AVG DEP HDD CDD WTR SNW DPTH SPD SPD DIR MIN PSBL S-S WX SPD DR
================================================================================
1 73 66 70 17 0 5 0.00 0.0 0 8.0 13 170 M M 4 22 170
2 83 65 74 21 0 9 0.00 0.0 0 10.7 18 220 M M 2 26 200
3 73 43 58 5 7 0 0.12 0.0 0 13.2 30 270 M M 2 1 50 270
4 62 44 53 0 12 0 T 0.0 0 11.2 21 20 M M 7 1 31 40
5 60 52 56 3 9 0 0.02 0.0 0 5.2 13 300 M M 8 12 19 270
6 65 45 55 2 10 0 0.00 0.0 0 5.3 14 210 M M 2 12 22 220
7 62 42 52 -1 13 0 T 0.0 0 7.7 16 320 M M 2 25 320
8 66 42 54 1 11 0 0.00 0.0 0 10.4 21 60 M M 2 32 40
9 73 51 62 9 3 0 T 0.0 0 6.0 15 330 M M 3 25 320
10 68 42 55 2 10 0 0.58 0.0 0 6.9 21 40 M M 7 13 32 20
11 60 39 50 -3 15 0 0.00 0.0 0 9.9 20 50 M M 1 30 30
12 61 43 52 -1 13 0 0.00 0.0 0 9.1 17 40 M M 2 24 50
13 63 47 55 2 10 0 0.00 0.0 0 4.6 12 260 M M 4 1 18 270
14 62 44 53 0 12 0 0.00 0.0 0 5.7 14 320 M M 0 19 270
15 65 42 54 1 11 0 0.00 0.0 0 5.0 15 70 M M 1 27 70
16 65 46 56 3 9 0 0.95 0.0 0 17.5 32 230 M M 7 1 52 230
17 57 41 49 -4 16 0 0.00 0.0 0 14.8 24 270 M M 4 36 270
18 56 35 46 -7 19 0 0.00 0.0 0 4.7 12 340 M M 0 18 330
19 61 37 49 -4 16 0 0.00 0.0 0 3.2 9 110 M M 0 1 13 110
20 71 46 59 6 6 0 T 0.0 0 4.1 12 260 M M 3 12 18 260
21 58 38 48 -5 17 0 0.08 0.0 0 11.8 21 20 M M 10 1 32 30
22 42 35 39 -14 26 0 0.03 0.0 0 9.2 16 10 M M 10 23 360
23 54 35 45 -8 20 0 0.00 0.0 0 6.6 13 270 M M 3 18 270
24 58 35 47 -6 18 0 0.00 0.0 0 5.7 13 150 M M 0 16 300
25 58 44 51 -2 14 0 0.00 0.0 0 3.4 8 250 M M 5 13 260
26 64 49 57 4 8 0 T 0.0 0 8.7 18 40 M M 9 29 40
27 53 45 49 -4 16 0 0.00 0.0 0 14.2 26 30 M M 5 37 30
28 55 42 49 -4 16 0 0.00 0.0 0 7.5 18 300 M M 7 31 290
29 47 34 41 -12 24 0 0.00 0.0 0 11.6 22 310 M M 1 38 330
30 58 26 42 -12 23 0 0.00 0.0 0 7.5 17 230 M M 0 23 220
31 70 43 57 3 8 0 0.00 0.0 0 6.4 15 270 M M 0 25 230
================================================================================
SM 1923 1338 392 14 1.78 0.0 255.8 M 111
================================================================================
AV 62.0 43.2 8.3 FASTST M M 4 MAX(MPH)
MISC ----> 32 230 52 230
================================================================================
NOTES:
# LAST OF SEVERAL OCCURRENCES
COLUMN 17 PEAK WIND IN M.P.H.
PRELIMINARY LOCAL CLIMATOLOGICAL DATA (WS FORM: F-6) , PAGE 2
STATION: ST SIMONS ISLAND
MONTH: JANUARY
YEAR: 2022
LATITUDE: 31 9 N
LONGITUDE: 81 23 W
[TEMPERATURE DATA] [PRECIPITATION DATA] SYMBOLS USED IN COLUMN 16
AVERAGE MONTHLY: 52.6 TOTAL FOR MONTH: 1.78 1 = FOG OR MIST
DPTR FM NORMAL: -0.4 DPTR FM NORMAL: -1.37 2 = FOG REDUCING VISIBILITY
HIGHEST: 83 ON 2 GRTST 24HR 0.95 ON 16-16 TO 1/4 MILE OR LESS
LOWEST: 26 ON 30 3 = THUNDER
SNOW, ICE PELLETS, HAIL 4 = ICE PELLETS
TOTAL MONTH: 0.0 INCH 5 = HAIL
GRTST 24HR 0.0 6 = FREEZING RAIN OR DRIZZLE
GRTST DEPTH: 0 7 = DUSTSTORM OR SANDSTORM:
VSBY 1/2 MILE OR LESS
8 = SMOKE OR HAZE
[NO. OF DAYS WITH] [WEATHER - DAYS WITH] 9 = BLOWING SNOW
X = TORNADO
MAX 32 OR BELOW: 0 0.01 INCH OR MORE: 6
MAX 90 OR ABOVE: 0 0.10 INCH OR MORE: 3
MIN 32 OR BELOW: 1 0.50 INCH OR MORE: 2
MIN 0 OR BELOW: 0 1.00 INCH OR MORE: 0
[HDD (BASE 65) ]
TOTAL THIS MO. 392 CLEAR (SCALE 0-3) 17
DPTR FM NORMAL 12 PTCLDY (SCALE 4-7) 10
TOTAL FM JUL 1 691 CLOUDY (SCALE 8-10) 4
DPTR FM NORMAL -151
[CDD (BASE 65) ]
TOTAL THIS MO. 14
DPTR FM NORMAL 8 [PRESSURE DATA]
TOTAL FM JAN 1 14 HIGHEST SLP 30.48 ON 8
DPTR FM NORMAL 8 LOWEST SLP 29.60 ON 16
[REMARKS]
#FINAL-01-22#