000
CXUS55 KEAX 010836
CF6STJ
PRELIMINARY LOCAL CLIMATOLOGICAL DATA (WS FORM: F-6)
STATION: ST. JOSEPH MO
MONTH: OCTOBER
YEAR: 2020
LATITUDE: 39 46 N
LONGITUDE: 94 55 W
TEMPERATURE IN F: :PCPN: SNOW: WIND :SUNSHINE: SKY :PK WND
================================================================================
1 2 3 4 5 6A 6B 7 8 9 10 11 12 13 14 15 16 17 18
12Z AVG MX 2MIN
DY MAX MIN AVG DEP HDD CDD WTR SNW DPTH SPD SPD DIR MIN PSBL S-S WX SPD DR
================================================================================
1 67 38 53 -7 12 0 0.00 M M 7.6 22 360 M M 2 31 330
2 64 31 48 -12 17 0 0.00 M M 3.4 10 120 M M 2 12 14 110
3 63 38 51 -9 14 0 0.04 M M 8.2 20 20 M M 6 1 23 140
4 64 35 50 -9 15 0 0.00 M M 3.8 10 170 M M 4 12 15 170
5 77 46 62 3 3 0 0.00 M M 11.2 23 190 M M 0 31 180
6 83 43 63 5 2 0 0.00 M M 3.7 12 190 M M 0 16 180
7 87 47 67 9 0 2 0.00 M M 4.7 10 50 M M 0 1 15 60
8 84 59 72 14 0 7 0.00 M M 6.6 16 150 M M 0 22 160
9 85 59 72 15 0 7 0.00 M M 10.2 23 210 M M 0 31 220
10 86 57 72 15 0 7 0.00 M M 3.0 8 190 M M 0 12 13 190
11 86 52 69 12 0 4 0.00 M M 10.8 30 310 M M 2 128 48 250
12 73 46 60 4 5 0 T M M 9.6 28 340 M M 3 8 40 350
13 79 45 62 6 3 0 0.00 M M 5.4 14 340 M M 0 8 25 330
14 82 45 64 8 1 0 0.00 M M 11.1 25 340 M M 0 38 190
15 63 32 48 -7 17 0 0.00 M M 10.3 23 350 M M 2 30 330
16 63 30 47 -8 18 0 0.00 M M 7.2 18 260 M M 1 26 300
17 72 50 61 7 4 0 0.00 M M 13.8 29 200 M M 0 43 210
18 51 39 45 -9 20 0 0.00 M M 13.8 26 10 M M 4 34 20
19 47 38 43 -11 22 0 0.00 M M 8.5 15 30 M M 9 19 50
20 46 36 41 -12 24 0 0.01 M M 4.0 12 100 M M 9 128 15 110
21 48 34 41 -12 24 0 0.02 M M 4.3 10 110 M M 10 1238 14 110
22 85 41 63 11 2 0 0.19 M M 15.7 33 200 M M 7 13 45 200
23 43 37 40 -12 25 0 0.58 M M 17.1 28 350 M M 10 13 36 350
24 41 35 38 -14 27 0 0.00 M M 7.6 10 20 M M 10 16 110
25 39 33 36 -15 29 0 0.00 M M 11.9 20 10 M M 10 18 25 10
26 33 27 30 -21 35 0 0.01 M M 12.5 23 360 M M 9 1 30 360
27 38 29 34 -17 31 0 T M M 4.2 10 360 M M 8 13 350
28 49 24 37 -13 28 0 0.00 M M 3.9 13 360 M M 2 1 15 360
29 50 27 39 -11 26 0 0.00 M M 11.3 23 360 M M 3 30 10
30 62 25 44 -5 21 0 0.00 M M 4.6 14 210 M M 0 1 19 190
31 70 42 56 7 9 0 0.00 M M 14.3 29 200 M M 0 38 200
================================================================================
SM 1980 1220 434 27 0.85 M 264.3 M 113
================================================================================
AV 63.9 39.4 8.5 FASTST M M 4 MAX(MPH)
MISC ----> 33 200 48 250
================================================================================
NOTES:
# LAST OF SEVERAL OCCURRENCES
COLUMN 17 PEAK WIND IN M.P.H.
PRELIMINARY LOCAL CLIMATOLOGICAL DATA (WS FORM: F-6) , PAGE 2
STATION: ST. JOSEPH MO
MONTH: OCTOBER
YEAR: 2020
LATITUDE: 39 46 N
LONGITUDE: 94 55 W
[TEMPERATURE DATA] [PRECIPITATION DATA] SYMBOLS USED IN COLUMN 16
AVERAGE MONTHLY: 51.6 TOTAL FOR MONTH: 0.85 1 = FOG OR MIST
DPTR FM NORMAL: -3.1 DPTR FM NORMAL: -1.96 2 = FOG REDUCING VISIBILITY
HIGHEST: 87 ON 7 GRTST 24HR 0.77 ON 22-23 TO 1/4 MILE OR LESS
LOWEST: 24 ON 28 3 = THUNDER
SNOW, ICE PELLETS, HAIL 4 = ICE PELLETS
TOTAL MONTH: M 5 = HAIL
GRTST 24HR M ON M 6 = FREEZING RAIN OR DRIZZLE
GRTST DEPTH: M ON M 7 = DUSTSTORM OR SANDSTORM:
VSBY 1/2 MILE OR LESS
8 = SMOKE OR HAZE
[NO. OF DAYS WITH] [WEATHER - DAYS WITH] 9 = BLOWING SNOW
X = TORNADO
MAX 32 OR BELOW: 0 0.01 INCH OR MORE: 6
MAX 90 OR ABOVE: 0 0.10 INCH OR MORE: 2
MIN 32 OR BELOW: 8 0.50 INCH OR MORE: 1
MIN 0 OR BELOW: 0 1.00 INCH OR MORE: 0
[HDD (BASE 65) ]
TOTAL THIS MO. 434 CLEAR (SCALE 0-3) 19
DPTR FM NORMAL 95 PTCLDY (SCALE 4-7) 5
TOTAL FM JUL 1 509 CLOUDY (SCALE 8-10) 7
DPTR FM NORMAL 91
[CDD (BASE 65) ]
TOTAL THIS MO. 27
DPTR FM NORMAL 6 [PRESSURE DATA]
TOTAL FM JAN 1 1307 HIGHEST SLP 30.47 ON 26
DPTR FM NORMAL 87 LOWEST SLP 29.53 ON 11
[REMARKS]
#FINAL-10-20#