000
CXUS54 KEPZ 011030
CF6SVC
PRELIMINARY LOCAL CLIMATOLOGICAL DATA (WS FORM: F-6)
STATION: SILVER CITY
MONTH: MAY
YEAR: 2022
LATITUDE: 32 37 N
LONGITUDE: 108 10 W
TEMPERATURE IN F: :PCPN: SNOW: WIND :SUNSHINE: SKY :PK WND
================================================================================
1 2 3 4 5 6A 6B 7 8 9 10 11 12 13 14 15 16 17 18
12Z AVG MX 2MIN
DY MAX MIN AVG DEP HDD CDD WTR SNW DPTH SPD SPD DIR MIN PSBL S-S WX SPD DR
================================================================================
1 84 46 65 M 0 0 0.00 M M 10.4 22 250 M M 0 36 250
2 81 48 65 M 0 0 0.00 M M 13.5 22 280 M M 0 33 280
3 82 46 64 M 1 0 0.00 M M 11.5 18 240 M M 0 30 260
4 80 45 63 M 2 0 0.00 M M 15.5 33 280 M M 0 39 280
5 83 44 64 M 1 0 0.00 M M 8.5 18 270 M M 0 23 280
6 88 44 66 M 0 1 0.00 M M 11.6 20 280 M M 0 28 270
7 89 47 68 M 0 3 0.00 M M 15.2 29 280 M M 0 35 280
8 86 55 71 M 0 6 0.00 M M 15.4 27 240 M M 0 39 240
9 85 56 71 M 0 6 0.00 M M 14.8 23 270 M M 0 31 270
10 88 48 68 M 0 3 0.00 M M 11.4 25 210 M M 0 43 210
11 89 51 70 M 0 5 0.00 M M 11.8 20 240 M M 0 8 36 240
12 83 48 66 M 0 1 0.00 M M 11.1 21 280 M M 0 27 280
13 88 45 67 M 0 2 0.00 M M 8.7 15 350 M M 0 20 270
14 91 52 72 M 0 7 0.00 M M 7.3 15 310 M M 0 20 110
15 95 54 75 M 0 10 0.00 M M 7.8 15 180 M M 0 22 160
16 92 58 75 M 0 10 0.00 M M 10.3 16 280 M M 0 23 230
17 90 53 72 M 0 7 0.00 M M 10.5 18 250 M M 0 23 280
18 90 51 71 M 0 6 0.00 M M 10.5 18 270 M M 0 23 270
19 88 58 73 M 0 8 0.00 M M 14.8 21 290 M M 1 36 290
20 86 54 70 M 0 5 0.00 M M 16.1 28 270 M M 0 40 270
21 86 52 69 M 0 4 0.00 M M 7.3 18 220 M M 0 25 240
22 79 51 65 M 0 0 0.00 M M 10.5 18 130 M M 0 25 150
23 85 47 66 M 0 1 0.00 M M 11.5 24 270 M M 0 32 270
24 85 48 67 M 0 2 0.00 M M 14.0 27 280 M M 0 35 310
25 90 47 69 M 0 4 0.00 M M 11.2 23 290 M M 0 31 290
26 94 54 74 M 0 9 0.00 M M 8.5 12 240 M M 0 22 170
27 95 60 78 M 0 13 0.00 M M 10.0 17 250 M M 0 29 280
28 89 56 73 M 0 8 0.00 M M 11.0 23 260 M M 0 30 250
29 87 54 71 M 0 6 0.00 M M 15.8 30 270 M M 0 39 270
30 85 52 69 M 0 4 0.00 M M 12.8 22 290 M M 0 32 270
31 89 51 70 M 0 5 0.00 M M 10.9 20 280 M M 0 29 260
================================================================================
SM 2702 1575 4 136 0.00 M 360.4 M 1
================================================================================
AV 87.2 50.8 11.6 FASTST M M 0 MAX(MPH)
MISC ----> 33 280 43 210
================================================================================
NOTES:
# LAST OF SEVERAL OCCURRENCES
COLUMN 17 PEAK WIND IN M.P.H.
PRELIMINARY LOCAL CLIMATOLOGICAL DATA (WS FORM: F-6) , PAGE 2
STATION: SILVER CITY
MONTH: MAY
YEAR: 2022
LATITUDE: 32 37 N
LONGITUDE: 108 10 W
[TEMPERATURE DATA] [PRECIPITATION DATA] SYMBOLS USED IN COLUMN 16
AVERAGE MONTHLY: 69.0 TOTAL FOR MONTH: 0.00 1 = FOG OR MIST
DPTR FM NORMAL: 0.0 DPTR FM NORMAL: M 2 = FOG REDUCING VISIBILITY
HIGHEST: 95 ON 27,15 GRTST 24HR 0.00 ON 1- 1 TO 1/4 MILE OR LESS
LOWEST: 44 ON 6, 5 3 = THUNDER
SNOW, ICE PELLETS, HAIL 4 = ICE PELLETS
TOTAL MONTH: M 5 = HAIL
GRTST 24HR M ON M 6 = FREEZING RAIN OR DRIZZLE
GRTST DEPTH: M ON M 7 = DUSTSTORM OR SANDSTORM:
VSBY 1/2 MILE OR LESS
8 = SMOKE OR HAZE
[NO. OF DAYS WITH] [WEATHER - DAYS WITH] 9 = BLOWING SNOW
X = TORNADO
MAX 32 OR BELOW: 0 0.01 INCH OR MORE: 0
MAX 90 OR ABOVE: 8 0.10 INCH OR MORE: 0
MIN 32 OR BELOW: 0 0.50 INCH OR MORE: 0
MIN 0 OR BELOW: 0 1.00 INCH OR MORE: 0
[HDD (BASE 65) ]
TOTAL THIS MO. 4 CLEAR (SCALE 0-3) 31
DPTR FM NORMAL M PTCLDY (SCALE 4-7) 0
TOTAL FM JUL 1 3528 CLOUDY (SCALE 8-10) 0
DPTR FM NORMAL M
[CDD (BASE 65) ]
TOTAL THIS MO. 136
DPTR FM NORMAL M [PRESSURE DATA]
TOTAL FM JAN 1 144 HIGHEST SLP M ON M
DPTR FM NORMAL M LOWEST SLP M ON M
[REMARKS]
#FINAL-05-22#