467
CXUS51 KBGM 030105 CCA
CF6SYR
PRELIMINARY LOCAL CLIMATOLOGICAL DATA (WS FORM: F-6)
STATION: SYRACUSE NY
MONTH: FEBRUARY
YEAR: 2021
LATITUDE: 43 7 N
LONGITUDE: 76 7 W
TEMPERATURE IN F: :PCPN: SNOW: WIND :SUNSHINE: SKY :PK WND
================================================================================
1 2 3 4 5 6A 6B 7 8 9 10 11 12 13 14 15 16 17 18
12Z AVG MX 2MIN
DY MAX MIN AVG DEP HDD CDD WTR SNW DPTH SPD SPD DIR MIN PSBL S-S WX SPD DR
================================================================================
1 30 16 23 -1 42 0 0.03 0.4 8 8.0 20 80 M M 10 24 90
2 29 20 25 1 40 0 0.56 7.9 9 9.1 20 330 M M 10 129 26 320
3 34 26 30 6 35 0 0.04 1.8 15 12.3 21 320 M M 10 9 28 320
4 37 19 28 4 37 0 0.00 0.0 14 7.3 15 250 M M 3 19 300
5 44 22 33 9 32 0 0.03 T 13 12.0 24 160 M M 9 30 170
6 30 12 21 -3 44 0 T T 10 13.0 28 240 M M 6 36 250
7 27 8 18 -6 47 0 T T 9 10.7 25 260 M M 8 30 280
8 23 9 16 -9 49 0 T T 8 6.8 22 260 M M 6 26 250
9 28 18 23 -2 42 0 0.06 2.6 8 5.1 13 310 M M 10 1 16 310
10 26 17 22 -3 43 0 T 0.1 10 9.2 20 260 M M 8 25 270
11 26 4 15 -10 50 0 0.02 1.1 9 3.5 16 340 M M 8 1 20 340
12 18 -1 9 -16 56 0 0.00 0.0 9 2.0 9 100 M M 5 11 100
13 23 2 13 -12 52 0 0.00 0.0 8 3.4 9 30 M M 9 13 30
14 25 20 23 -3 42 0 T T 8 3.8 15 260 M M 10 6 18 270
15 28 21 25 -1 40 0 0.21 2.0 8 2.3 9 50 M M 10 1 12 50
16 35 19 27 1 38 0 0.44 2.7 11 13.7 26 260 M M 10 146 31 270
17 25 7 16 -10 49 0 0.01 0.9 12 5.6 22 250 M M 7 9 28 280
18 27 16 22 -4 43 0 0.01 0.2 10 5.8 13 90 M M 10 15 90
19 31 22 27 0 38 0 0.10 1.9 10 4.8 16 280 M M 10 1 20 280
20 29 20 25 -2 40 0 0.04 1.7 12 10.3 22 290 M M 9 1 27 300
21 34 9 22 -5 43 0 T T 12 3.3 9 110 M M 4 128 12 110
22 37 26 32 5 33 0 0.18 2.6 11 9.9 24 240 M M 10 19 31 260
23 39 28 34 6 31 0 0.12 0.5 12 10.9 21 240 M M 10 1 27 250
24 52 29 41 13 24 0 T 0.0 11 13.0 38 280 M M 7 46 280
25 38 25 32 4 33 0 0.03 0.3 7 13.1 35 280 M M 8 1 44 280
26 41 27 34 6 31 0 0.00 0.0 6 6.1 13 80 M M 7 16 270
27 47 29 38 10 27 0 0.05 0.2 6 12.2 26 170 M M 8 40 180
28 44 27 36 7 29 0 0.01 0.0 5 9.2 25 140 M M 9 1 36 130
================================================================================
SM 907 497 1110 0 1.94 26.9 226.4 M 231
================================================================================
AV 32.4 17.8 8.1 FASTST M M 8 MAX(MPH)
MISC ----> 38 280 46 280
================================================================================
NOTES:
# LAST OF SEVERAL OCCURRENCES
COLUMN 17 PEAK WIND IN M.P.H.
PRELIMINARY LOCAL CLIMATOLOGICAL DATA (WS FORM: F-6) , PAGE 2
STATION: SYRACUSE NY
MONTH: FEBRUARY
YEAR: 2021
LATITUDE: 43 7 N
LONGITUDE: 76 7 W
[TEMPERATURE DATA] [PRECIPITATION DATA] SYMBOLS USED IN COLUMN 16
AVERAGE MONTHLY: 25.1 TOTAL FOR MONTH: 1.94 1 = FOG OR MIST
DPTR FM NORMAL: -0.8 DPTR FM NORMAL: -0.13 2 = FOG REDUCING VISIBILITY
HIGHEST: 52 ON 24 GRTST 24HR 0.65 ON 15-16 TO 1/4 MILE OR LESS
LOWEST: -1 ON 12 3 = THUNDER
SNOW, ICE PELLETS, HAIL 4 = ICE PELLETS
TOTAL MONTH: 26.9 INCHES 5 = HAIL
GRTST 24HR 8.0 ON 2- 3 6 = FREEZING RAIN OR DRIZZLE
GRTST DEPTH: 16 ON 3 7 = DUSTSTORM OR SANDSTORM:
VSBY 1/2 MILE OR LESS
8 = SMOKE OR HAZE
[NO. OF DAYS WITH] [WEATHER - DAYS WITH] 9 = BLOWING SNOW
X = TORNADO
MAX 32 OR BELOW: 16 0.01 INCH OR MORE: 17
MAX 90 OR ABOVE: 0 0.10 INCH OR MORE: 6
MIN 32 OR BELOW: 28 0.50 INCH OR MORE: 1
MIN 0 OR BELOW: 1 1.00 INCH OR MORE: 0
[HDD (BASE 65) ]
TOTAL THIS MO. 1110 CLEAR (SCALE 0-3) 0
DPTR FM NORMAL 15 PTCLDY (SCALE 4-7) 11
TOTAL FM JUL 1 4334 CLOUDY (SCALE 8-10) 17
DPTR FM NORMAL -497
[CDD (BASE 65) ]
TOTAL THIS MO. 0
DPTR FM NORMAL 0 [PRESSURE DATA]
TOTAL FM JAN 1 0 HIGHEST SLP 30.55 ON 21
DPTR FM NORMAL 0 LOWEST SLP 29.47 ON 5
[REMARKS]
#FINAL-02-21#
CORRECTED GREATEST 24 HOUR SNOWFALL
CORRECTED GREATEST SNOW DEPTH