778
CXUS51 KBGM 010800
CF6SYR
PRELIMINARY LOCAL CLIMATOLOGICAL DATA (WS FORM: F-6)

                                          STATION:   SYRACUSE NY
                                          MONTH:     MARCH
                                          YEAR:      2018
                                          LATITUDE:   43  7 N
                                          LONGITUDE:  76  7 W

  TEMPERATURE IN F:       :PCPN:    SNOW:  WIND      :SUNSHINE: SKY     :PK WND
================================================================================
1   2   3   4   5  6A  6B    7    8   9   10  11  12  13   14  15   16   17  18
                                     12Z  AVG MX 2MIN
DY MAX MIN AVG DEP HDD CDD  WTR  SNW DPTH SPD SPD DIR MIN PSBL S-S WX    SPD DR
================================================================================

 1  48  33  41  12  24   0 0.12  0.0    0  5.5 15  60   M    M   9 1      22  90
 2  35  28  32   3  33   0 1.45 16.7    6 14.7 24 330   M    M  10 19     35 320
 3  34  28  31   1  34   0 0.01  0.4   16 10.7 18 300   M    M  10 1      23 310
 4  33  28  31   1  34   0    T    T   13 12.2 20 300   M    M   8        27 300
 5  34  26  30   0  35   0    T    T   11  8.7 17 300   M    M  10        20 330
 6  42  28  35   5  30   0 0.12  0.2   10  7.3 15  80   M    M   9 1      19  90
 7  34  31  33   2  32   0 0.02  0.1    6  8.6 15  80   M    M  10 1      19  90
 8  33  25  29  -2  36   0 0.01  0.2    4 10.6 23 260   M    M   8 1      29 260
 9  35  25  30  -1  35   0 0.27  3.5    4 14.3 28 270   M    M   9 129    35 300
10  33  26  30  -2  35   0 0.07  3.1    8 14.1 25 280   M    M   9 1      31 260
11  30  20  25  -7  40   0    T    T    6  7.1 16 260   M    M   8        22 290
12  34  16  25  -7  40   0 0.14  1.4    5  4.3 12 120   M    M   8 1      14 110
13  32  27  30  -3  35   0 0.20  3.2    6 12.0 23 270   M    M  10 1      27 270
14  30  27  29  -4  36   0 0.38 11.8    9 14.6 29 270   M    M  10 19     35 270
15  36  23  30  -4  35   0    T  1.6   20 16.1 24 260   M    M   7 9      30 270
16  31  22  27  -7  38   0 0.02  1.4   19 16.0 29 270   M    M  10 19     37 280
17  35  16  26  -8  39   0    T    T   17 15.1 29 270   M    M   5        38 300
18  33   9  21 -14  44   0 0.00  0.0   12  3.5 10 250   M    M   5        13 280
19  29  14  22 -13  43   0 0.00  0.0   11  6.0 13 320   M    M   3        16 310
20  37   8  23 -13  42   0 0.00  0.0   10  4.1 12 310   M    M   3        13 310
21  38  16  27  -9  38   0 0.00  0.0    8  5.1 16 310   M    M   9        20 320
22  37  26  32  -4  33   0 0.00  0.0    7 11.0 20 290   M    M   7        25 280
23  37  26  32  -5  33   0    T    T    6 10.4 21 270   M    M   6        24 270
24  31  20  26 -11  39   0    T    T    4  9.7 17 300   M    M   3        23 300
25  41  18  30  -8  35   0 0.00  0.0    3  5.3 12 100   M    M   3        14 100
26  44  23  34  -4  31   0 0.00  0.0    1  7.7 15  80   M    M   1        21 100
27  44  30  37  -1  28   0 0.21  0.0    1 10.8 23 160   M    M   9 1      33 140
28  44  34  39   0  26   0 0.11  0.0    T  3.1  8 130   M    M  10 18      9 160
29  52  39  46   7  19   0 0.41  0.0    T  5.8 10  70   M    M  10 1      13  80
30  52  32  42   2  23   0 0.32  0.0    0 11.9 21 260   M    M   9 1      24 270
31  54  26  40   0  25   0    T  0.0    0 11.9 36 200   M    M   5        46 180
================================================================================
SM 1162  750      1050   0  3.86    43.6 298.2          M      233
================================================================================
AV 37.5 24.2                               9.6 FASTST   M    M   8    MAX(MPH)
                                 MISC ---->  # 36 200               # 46  180
================================================================================
NOTES:
# LAST OF SEVERAL OCCURRENCES

COLUMN 17 PEAK WIND IN M.P.H.

PRELIMINARY LOCAL CLIMATOLOGICAL DATA (WS FORM: F-6) , PAGE 2

                                          STATION:  SYRACUSE NY
                                          MONTH:    MARCH
                                          YEAR:     2018
                                          LATITUDE:   43  7 N
                                          LONGITUDE:  76  7 W

[TEMPERATURE DATA]      [PRECIPITATION DATA]       SYMBOLS USED IN COLUMN 16

AVERAGE MONTHLY: 30.8   TOTAL FOR MONTH:   3.86    1 = FOG OR MIST
DPTR FM NORMAL:  -3.4   DPTR FM NORMAL:    0.91    2 = FOG REDUCING VISIBILITY
HIGHEST:    54 ON 31    GRTST 24HR  1.45 ON  2- 2      TO 1/4 MILE OR LESS
LOWEST:      8 ON 20                               3 = THUNDER
                        SNOW, ICE PELLETS, HAIL    4 = ICE PELLETS
                        TOTAL MONTH:  43.6 INCHES  5 = HAIL
                        GRTST 24HR  16.7 ON  2- 2  6 = FREEZING RAIN OR DRIZZLE
                        GRTST DEPTH:  20 ON 15     7 = DUSTSTORM OR SANDSTORM:
                                                       VSBY 1/2 MILE OR LESS
                                                   8 = SMOKE OR HAZE
[NO. OF DAYS WITH]      [WEATHER - DAYS WITH]      9 = BLOWING SNOW
                                                   X = TORNADO
MAX 32 OR BELOW:   6    0.01 INCH OR MORE:  16
MAX 90 OR ABOVE:   0    0.10 INCH OR MORE:  11
MIN 32 OR BELOW:  28    0.50 INCH OR MORE:   1
MIN  0 OR BELOW:   0    1.00 INCH OR MORE:   1

[HDD (BASE 65) ]
TOTAL THIS MO.  1050    CLEAR  (SCALE 0-3)   3
DPTR FM NORMAL    93    PTCLDY (SCALE 4-7)   9
TOTAL FM JUL 1  5717    CLOUDY (SCALE 8-10) 19
DPTR FM NORMAL   -71

[CDD (BASE 65) ]
TOTAL THIS MO.     0
DPTR FM NORMAL     0    [PRESSURE DATA]
TOTAL FM JAN 1     0    HIGHEST SLP 30.71 ON 26
DPTR FM NORMAL     0    LOWEST  SLP 29.49 ON 14

[REMARKS]
#FINAL-03-18#
