000
CXUS51 KBGM 010800
CF6SYR
PRELIMINARY LOCAL CLIMATOLOGICAL DATA (WS FORM: F-6)

                                          STATION:   SYRACUSE NY
                                          MONTH:     FEBRUARY
                                          YEAR:      2018
                                          LATITUDE:   43  7 N
                                          LONGITUDE:  76  7 W

  TEMPERATURE IN F:       :PCPN:    SNOW:  WIND      :SUNSHINE: SKY     :PK WND
================================================================================
1   2   3   4   5  6A  6B    7    8   9   10  11  12  13   14  15   16   17  18
                                     12Z  AVG MX 2MIN
DY MAX MIN AVG DEP HDD CDD  WTR  SNW DPTH SPD SPD DIR MIN PSBL S-S WX    SPD DR
================================================================================

 1  46  22  34  10  31   0 0.03  0.7    3 14.1 26 300   M    M   9 1      34 300
 2  23   9  16  -8  49   0 0.14  4.5    2 13.1 20 280   M    M  10 129    24 280
 3  30   9  20  -4  45   0 0.03  0.4    6 10.9 21 230   M    M   8 1      26 160
 4  34  30  32   8  33   0 0.15  3.9    4 11.7 26 180   M    M  10 19     36 180
 5  33  10  22  -2  43   0    T  1.2    7 12.4 30 290   M    M   8 189    37 280
 6  26   9  18  -6  47   0 0.06  1.2    7  6.8 17 260   M    M   8 1      21 270
 7  24  10  17  -7  48   0 0.56  5.6    6  7.3 20 300   M    M   9 129    24 300
 8  23  13  18  -7  47   0 0.06  2.3   12  8.4 23 260   M    M   9 18     30 260
 9  24  12  18  -7  47   0 0.16  1.5   11  8.2 15 220   M    M   8 18     19 200
10  37  24  31   6  34   0 0.06  0.2   12  4.8 12 310   M    M  10 148    15 310
11  41  24  33   8  32   0 0.14    T   10  7.6 21 290   M    M  10 16     25 300
12  34  21  28   3  37   0    T    T    8 13.4 24 280   M    M   9 1      34 270
13  28  15  22  -3  43   0    T    T    7  5.1 15 330   M    M   8        18 330
14  46  24  35   9  30   0 0.00  0.0    6  5.6 16 240   M    M   7        20 240
15  54  25  40  14  25   0 0.02  0.0    5  7.0 24 240   M    M   9 1      30 240
16  44  23  34   8  31   0 0.11    T    1 11.5 28 290   M    M   8 1      37 280
17  35  19  27   1  38   0    T  0.3    T  6.8 18 180   M    M   9 1      24 170
18  39  26  33   7  32   0 0.05  1.1    1  8.8 18 250   M    M   9 1      23 280
19  48  27  38  11  27   0 0.43  0.0    T  8.7 17 180   M    M   9 1      23 180
20  69  45  57  30   8   0 0.21  0.0    0  8.4 17 190   M    M  10 1      23 190
21  75  33  54  27  11   0 0.03  0.0    0 12.4 28 240   M    M   8 1      37 250
22  35  31  33   6  32   0 0.22  0.7    0  2.9  9 140   M    M  10 1      11 280
23  47  29  38  10  27   0 0.09  0.0    T 11.5 21 190   M    M  10 1      26 200
24  44  29  37   9  28   0    T  0.0    0  6.5 18 310   M    M   9 1      25 300
25  51  33  42  14  23   0 0.37  0.0    0  9.3 24 150   M    M   9 16     32 160
26  48  31  40  12  25   0 0.00  0.0    0 11.8 23 260   M    M   4        29 260
27  56  26  41  13  24   0 0.00  0.0    0  6.7 21 270   M    M   3        26 260
28  64  38  51  22  14   0 0.02  0.0    0  9.9 31 220   M    M   7        41 220
================================================================================
SM 1158  647       911   0  2.94    23.6 251.6          M      237
================================================================================
AV 41.4 23.1                               9.0 FASTST   M    M   8    MAX(MPH)
                                 MISC ---->  # 31 220               # 41  220
================================================================================
NOTES:
# LAST OF SEVERAL OCCURRENCES

COLUMN 17 PEAK WIND IN M.P.H.

PRELIMINARY LOCAL CLIMATOLOGICAL DATA (WS FORM: F-6) , PAGE 2

                                          STATION:  SYRACUSE NY
                                          MONTH:    FEBRUARY
                                          YEAR:     2018
                                          LATITUDE:   43  7 N
                                          LONGITUDE:  76  7 W

[TEMPERATURE DATA]      [PRECIPITATION DATA]       SYMBOLS USED IN COLUMN 16

AVERAGE MONTHLY: 32.2   TOTAL FOR MONTH:   2.94    1 = FOG OR MIST
DPTR FM NORMAL:   6.3   DPTR FM NORMAL:    0.87    2 = FOG REDUCING VISIBILITY
HIGHEST:    75 ON 21    GRTST 24HR  0.56 ON  7- 7      TO 1/4 MILE OR LESS
LOWEST:      9 ON  6, 3                            3 = THUNDER
                        SNOW, ICE PELLETS, HAIL    4 = ICE PELLETS
                        TOTAL MONTH:  23.6 INCHES  5 = HAIL
                        GRTST 24HR   5.6 ON  7- 7  6 = FREEZING RAIN OR DRIZZLE
                        GRTST DEPTH:  12 ON 10, 8  7 = DUSTSTORM OR SANDSTORM:
                                                       VSBY 1/2 MILE OR LESS
                                                   8 = SMOKE OR HAZE
[NO. OF DAYS WITH]      [WEATHER - DAYS WITH]      9 = BLOWING SNOW
                                                   X = TORNADO
MAX 32 OR BELOW:   7    0.01 INCH OR MORE:  20
MAX 90 OR ABOVE:   0    0.10 INCH OR MORE:  10
MIN 32 OR BELOW:  24    0.50 INCH OR MORE:   1
MIN  0 OR BELOW:   0    1.00 INCH OR MORE:   0

[HDD (BASE 65) ]
TOTAL THIS MO.   911    CLEAR  (SCALE 0-3)   1
DPTR FM NORMAL  -184    PTCLDY (SCALE 4-7)   8
TOTAL FM JUL 1  4667    CLOUDY (SCALE 8-10) 19
DPTR FM NORMAL  -164

[CDD (BASE 65) ]
TOTAL THIS MO.     0
DPTR FM NORMAL     0    [PRESSURE DATA]
TOTAL FM JAN 1     0    HIGHEST SLP 30.87 ON 13
DPTR FM NORMAL     0    LOWEST  SLP 29.59 ON 15

[REMARKS]
#FINAL-02-18#
