000
CXUS51 KBGM 231304
CF6SYR
PRELIMINARY LOCAL CLIMATOLOGICAL DATA (WS FORM: F-6)

                                          STATION:   SYRACUSE NY
                                          MONTH:     JANUARY
                                          YEAR:      2018
                                          LATITUDE:   43  7 N
                                          LONGITUDE:  76  7 W

  TEMPERATURE IN F:       :PCPN:    SNOW:  WIND      :SUNSHINE: SKY     :PK WND
================================================================================
1   2   3   4   5  6A  6B    7    8   9   10  11  12  13   14  15   16   17  18
                                     12Z  AVG MX 2MIN
DY MAX MIN AVG DEP HDD CDD  WTR  SNW DPTH SPD SPD DIR MIN PSBL S-S WX    SPD DR
================================================================================

 1  14 -15   0 -25  65   0 0.06  2.8    7  7.6 26 260   M    M   7 19     35 250
 2  21   3  12 -13  53   0 0.02  1.3    9 13.8 32 250   M    M  10 19     41 250
 3  24   5  15  -9  50   0    T    T    9  7.1 13 180   M    M   7        16 180
 4  20   9  15  -9  50   0 0.09  6.7    8  8.3 23 320   M    M  10 19     32 310
 5   9   1   5 -19  60   0 0.08  7.9   15 17.8 29 260   M    M  10 129    38 260
 6   4   0   2 -22  63   0 0.09  4.7   23 13.0 22 300   M    M  10 129    30 250
 7  26 -11   8 -16  57   0    T  0.1   20  6.6 15 190   M    M   8 1      25 200
 8  37  24  31   7  34   0 0.04  0.6   17 10.2 22 250   M    M  10 18     28 230
 9  36  28  32   8  33   0 0.01  0.3   13 11.8 23 260   M    M  10 1      29 250
10  41  23  32   8  33   0    T  0.0   11  7.5 16 190   M    M   9        23 150
11  54  40  47  23  18   0 0.08  0.0    9 11.4 23 180   M    M  10 1      36 160
12  62  17  40  17  25   0 1.55  1.0    4 13.2 26 330   M    M  10 124    34 180
13  17   0   9 -14  56   0 0.54  8.9    4 10.8 24 330   M    M  10 19     34 310
14  11 -13  -1 -24  66   0 0.00  0.0    8  1.3  7  80   M    M   2 1       7  90
15  17  -6   6 -17  59   0 0.04  0.6    8  9.2 17  90   M    M   7 1      22  90
16  28  16  22  -1  43   0 0.13  2.0    8  2.9  9 250   M    M  10 1      10 230
17  24   4  14  -9  51   0 0.01  1.2    9  8.4 20 260   M    M   7 1      22 260
18  21  -5   8 -15  57   0 0.00  0.0    9  8.4 22 250   M    M   6        26 240
19  38  14  26   3  39   0 0.00  0.0    8  7.2 17 220   M    M   6        22 230
20  43  27  35  12  30   0 0.00  0.0    8 11.4 28 250   M    M   7        34 250
21  41  25  33  10  32   0    T  0.0    7  4.7 14 250   M    M   9 1      17 250
22  46  33  40  17  25   0 0.05  0.0    5  8.6 15 130   M    M   9 1      22 140
23  52  32  42  19  23   0 0.01    T    3 12.5 40 250   M    M  10 1      48 250
24  32  17  25   2  40   0 0.03  1.6    1 12.3 28 280   M    M  10 19     38 280
25  22   7  15  -8  50   0 0.00  0.0    1  4.1 10 300   M    M   7        13 300
26  38   9  24   1  41   0 0.00  0.0    1  6.9 15 160   M    M   3        20 160
27  50  21  36  13  29   0 0.16  0.0    T 10.2 21 190   M    M   9        26 200
28  46  25  36  12  29   0 0.00  0.0    0  6.7 14 270   M    M   7        17 250
29   M  23   M   M   M   M 0.00  0.0    0  3.4 12 360   M    M   8        12 360
30  31  14  23  -1  42   0 0.08  3.1    1 12.5 22 260   M    M  10 18     27 310
31  32   8  20  -4  45   0 0.06  1.7    3 10.5 22 190   M    M   9 1      28 180
================================================================================
SM  937  375      1298   0  3.13    44.5 280.3          M      257
================================================================================
AV 31.2 12.1                               9.0 FASTST   M    M   8    MAX(MPH)
                                 MISC ---->  # 40 250               # 48  250
================================================================================
NOTES:
# LAST OF SEVERAL OCCURRENCES

COLUMN 17 PEAK WIND IN M.P.H.

PRELIMINARY LOCAL CLIMATOLOGICAL DATA (WS FORM: F-6) , PAGE 2

                                          STATION:  SYRACUSE NY
                                          MONTH:    JANUARY
                                          YEAR:     2018
                                          LATITUDE:   43  7 N
                                          LONGITUDE:  76  7 W

[TEMPERATURE DATA]      [PRECIPITATION DATA]       SYMBOLS USED IN COLUMN 16

AVERAGE MONTHLY: 21.7   TOTAL FOR MONTH:   3.13    1 = FOG OR MIST
DPTR FM NORMAL:  -1.9   DPTR FM NORMAL:    0.63    2 = FOG REDUCING VISIBILITY
HIGHEST:    62 ON 12    GRTST 24HR  1.55 ON 12-12      TO 1/4 MILE OR LESS
LOWEST:    -15 ON  1                               3 = THUNDER
                        SNOW, ICE PELLETS, HAIL    4 = ICE PELLETS
                        TOTAL MONTH:  44.5 INCHES  5 = HAIL
                        GRTST 24HR   8.9 ON 13-13  6 = FREEZING RAIN OR DRIZZLE
                        GRTST DEPTH:  23 ON  6     7 = DUSTSTORM OR SANDSTORM:
                                                       VSBY 1/2 MILE OR LESS
                                                   8 = SMOKE OR HAZE
[NO. OF DAYS WITH]      [WEATHER - DAYS WITH]      9 = BLOWING SNOW
                                                   X = TORNADO
MAX 32 OR BELOW:  17    0.01 INCH OR MORE:  19
MAX 90 OR ABOVE:   0    0.10 INCH OR MORE:   4
MIN 32 OR BELOW:  29    0.50 INCH OR MORE:   2
MIN  0 OR BELOW:   7    1.00 INCH OR MORE:   1

[HDD (BASE 65) ]
TOTAL THIS MO.  1298    CLEAR  (SCALE 0-3)   1
DPTR FM NORMAL    15    PTCLDY (SCALE 4-7)  12
TOTAL FM JUL 1  3756    CLOUDY (SCALE 8-10) 18
DPTR FM NORMAL    20

[CDD (BASE 65) ]
TOTAL THIS MO.     0
DPTR FM NORMAL     0    [PRESSURE DATA]
TOTAL FM JAN 1     0    HIGHEST SLP 30.77 ON 14
DPTR FM NORMAL     0    LOWEST  SLP 29.45 ON 23

[REMARKS]
#FINAL-01-18#
