980
CDUS41 KBGM 230540
CLISYR


CLIMATE REPORT
NATIONAL WEATHER SERVICE BINGHAMTON NY
138 AM EDT WED MAY 23 2018


...................................

...THE SYRACUSE NY CLIMATE SUMMARY FOR MAY 22 2018...

CLIMATE NORMAL PERIOD 1981 TO 2010
CLIMATE RECORD PERIOD 1902 TO 2018


WEATHER ITEM   OBSERVED TIME   RECORD YEAR NORMAL DEPARTURE LAST
                VALUE   (LST)  VALUE       VALUE  FROM      YEAR
                                                  NORMAL
..................................................................
TEMPERATURE (F)
 YESTERDAY
  MAXIMUM         68    429 PM  92    1911  71     -3       69
  MINIMUM         55    318 AM  35    1990  48      7       49
                                      1967
  AVERAGE         62                        59      3       59

PRECIPITATION (IN)
  YESTERDAY        0.49          1.01 1944   0.12   0.37     0.23
  MONTH TO DATE    1.86                      2.25  -0.39     3.90
  SINCE MAR 1      8.20                      8.39  -0.19    12.70
  SINCE JAN 1     14.27                     12.96   1.31    19.28

SNOWFALL (IN)
  YESTERDAY        0.0           0.0  2002   0.0    0.0      0.0
                                      2001
  MONTH TO DATE    0.0                       0.1   -0.1      0.0
  SINCE MAR 1     46.1                      21.9   24.2     31.2
  SINCE JUL 1    153.6                     123.8   29.8    134.9
  SNOW DEPTH       0

DEGREE DAYS
 HEATING
  YESTERDAY        3                         7     -4        6
  MONTH TO DATE  118                       206    -88      269
  SINCE MAR 1   1924                      1710    214     1767
  SINCE JUL 1   6591                      6541     50     6036

 COOLING
  YESTERDAY        0                         1     -1        0
  MONTH TO DATE   14                        12      2       18
  SINCE MAR 1     14                        16     -2       30
  SINCE JAN 1     14                        16     -2       30
..................................................................


WIND (MPH)
  HIGHEST WIND SPEED    14   HIGHEST WIND DIRECTION     S (180)
  HIGHEST GUST SPEED    19   HIGHEST GUST DIRECTION     S (190)
  AVERAGE WIND SPEED     6.7


SKY COVER
  POSSIBLE SUNSHINE  MM
  AVERAGE SKY COVER 1.0


WEATHER CONDITIONS
 THE FOLLOWING WEATHER WAS RECORDED YESTERDAY.
  RAIN
  LIGHT RAIN
  FOG


RELATIVE HUMIDITY (PERCENT)
 HIGHEST   100           700 AM
 LOWEST     80          1200 AM
 AVERAGE    90

..........................................................


THE SYRACUSE NY CLIMATE NORMALS FOR TODAY
                         NORMAL    RECORD    YEAR
 MAXIMUM TEMPERATURE (F)   71        93      1977
 MINIMUM TEMPERATURE (F)   49        32      1967


SUNRISE AND SUNSET
MAY 23 2018...........SUNRISE   534 AM EDT   SUNSET   829 PM EDT
MAY 24 2018...........SUNRISE   533 AM EDT   SUNSET   830 PM EDT


-  INDICATES NEGATIVE NUMBERS.
R  INDICATES RECORD WAS SET OR TIED.
MM INDICATES DATA IS MISSING.
T  INDICATES TRACE AMOUNT.




$$
