000
CDUS41 KBGM 112154
CLISYR


CLIMATE REPORT
NATIONAL WEATHER SERVICE BINGHAMTON NY
553 PM EDT WED APR 11 2018


...................................

...THE SYRACUSE NY CLIMATE SUMMARY FOR APRIL 11 2018...
VALID TODAY AS OF 0500 PM LOCAL TIME.

CLIMATE NORMAL PERIOD 1981 TO 2010
CLIMATE RECORD PERIOD 1902 TO 2018


WEATHER ITEM   OBSERVED TIME   RECORD YEAR NORMAL DEPARTURE LAST
                VALUE   (LST)  VALUE       VALUE  FROM      YEAR
                                                  NORMAL
..................................................................
TEMPERATURE (F)
 TODAY
  MAXIMUM         49    315 PM  85    2011  55     -6       75
  MINIMUM         24    507 AM  19    1909  35    -11       49
  AVERAGE         37                        45     -8       62

PRECIPITATION (IN)
  TODAY            0.00          0.91 1992   0.11  -0.11     0.15
  MONTH TO DATE    0.51                      1.23  -0.72     2.95
  SINCE MAR 1      4.37                      4.18   0.19     6.80
  SINCE JAN 1     10.44                      8.75   1.69    13.38

SNOWFALL (IN)
  TODAY            0.0           2.7  1982   0.2   -0.2      0.0
  MONTH TO DATE    1.6                       2.2   -0.6      0.3
  SINCE MAR 1     45.2                      20.2   25.0     31.2
  SINCE JUL 1    152.7                     122.1   30.6    134.9
  SNOW DEPTH       0

DEGREE DAYS
 HEATING
  TODAY           28                        20      8        3
  MONTH TO DATE  339                       243     96      195
  SINCE MAR 1   1389                      1200    189     1267
  SINCE JUL 1   6056                      6031     25     5536

 COOLING
  TODAY            0                         0      0        0
  MONTH TO DATE    0                         0      0        4
  SINCE MAR 1      0                         0      0        4
  SINCE JAN 1      0                         0      0        4
..................................................................


WIND (MPH)
  HIGHEST WIND SPEED    21   HIGHEST WIND DIRECTION    SW (220)
  HIGHEST GUST SPEED    26   HIGHEST GUST DIRECTION    SW (220)
  AVERAGE WIND SPEED     8.8


SKY COVER
  POSSIBLE SUNSHINE  MM
  AVERAGE SKY COVER 0.7


WEATHER CONDITIONS
 THE FOLLOWING WEATHER WAS RECORDED TODAY.
  NO SIGNIFICANT WEATHER WAS OBSERVED.


RELATIVE HUMIDITY (PERCENT)
 HIGHEST    92           100 AM
 LOWEST     40           100 PM
 AVERAGE    66

..........................................................


THE SYRACUSE NY CLIMATE NORMALS FOR TOMORROW
                         NORMAL    RECORD    YEAR
 MAXIMUM TEMPERATURE (F)   56        83      1945
 MINIMUM TEMPERATURE (F)   36        19      1976
                                             1967


SUNRISE AND SUNSET
APRIL 11 2018.........SUNRISE   629 AM EDT   SUNSET   743 PM EDT
APRIL 12 2018.........SUNRISE   627 AM EDT   SUNSET   744 PM EDT


-  INDICATES NEGATIVE NUMBERS.
R  INDICATES RECORD WAS SET OR TIED.
MM INDICATES DATA IS MISSING.
T  INDICATES TRACE AMOUNT.

$$
