000
CDUS41 KBGM 152123
CLISYR


CLIMATE REPORT
NATIONAL WEATHER SERVICE BINGHAMTON NY
522 PM EDT SUN APR 15 2018


...................................

...THE SYRACUSE NY CLIMATE SUMMARY FOR APRIL 15 2018...
VALID TODAY AS OF 0500 PM LOCAL TIME.

CLIMATE NORMAL PERIOD 1981 TO 2010
CLIMATE RECORD PERIOD 1902 TO 2018


WEATHER ITEM   OBSERVED TIME   RECORD YEAR NORMAL DEPARTURE LAST
                VALUE   (LST)  VALUE       VALUE  FROM      YEAR
                                                  NORMAL
..................................................................
TEMPERATURE (F)
 TODAY
  MAXIMUM         34    359 PM  87    1994  57    -23       71
  MINIMUM         26    319 PM  18    1926  37    -11       36
  AVERAGE         30                        47    -17       54

PRECIPITATION (IN)
  TODAY            0.10          1.05 1976   0.11  -0.01     0.09
  MONTH TO DATE    0.79                      1.68  -0.89     3.04
  SINCE MAR 1      4.65                      4.63   0.02     6.89
  SINCE JAN 1     10.72                      9.20   1.52    13.47

SNOWFALL (IN)
  TODAY            0.0           0.7  2007   0.1   -0.1      0.0
  MONTH TO DATE    1.6                       2.7   -1.1      0.3
  SINCE MAR 1     45.2                      20.7   24.5     31.2
  SINCE JUL 1    152.7                     122.6   30.1    134.9
  SNOW DEPTH       0

DEGREE DAYS
 HEATING
  TODAY           35                        18     17       11
  MONTH TO DATE  441                       319    122      262
  SINCE MAR 1   1491                      1276    215     1334
  SINCE JUL 1   6158                      6107     51     5603

 COOLING
  TODAY            0                         0      0        0
  MONTH TO DATE    0                         0      0        4
  SINCE MAR 1      0                         0      0        4
  SINCE JAN 1      0                         0      0        4
..................................................................


WIND (MPH)
  HIGHEST WIND SPEED    23   HIGHEST WIND DIRECTION     E (90)
  HIGHEST GUST SPEED    29   HIGHEST GUST DIRECTION     E (90)
  AVERAGE WIND SPEED    15.8


SKY COVER
  POSSIBLE SUNSHINE  MM
  AVERAGE SKY COVER 1.0


WEATHER CONDITIONS
 THE FOLLOWING WEATHER WAS RECORDED TODAY.
  LIGHT RAIN
  LT FREEZING RAIN
  FOG


RELATIVE HUMIDITY (PERCENT)
 HIGHEST   100           500 AM
 LOWEST     75          1200 AM
 AVERAGE    88

..........................................................


THE SYRACUSE NY CLIMATE NORMALS FOR TOMORROW
                         NORMAL    RECORD    YEAR
 MAXIMUM TEMPERATURE (F)   58        90      2012
 MINIMUM TEMPERATURE (F)   37        22      2014


SUNRISE AND SUNSET
APRIL 15 2018.........SUNRISE   622 AM EDT   SUNSET   747 PM EDT
APRIL 16 2018.........SUNRISE   621 AM EDT   SUNSET   748 PM EDT


-  INDICATES NEGATIVE NUMBERS.
R  INDICATES RECORD WAS SET OR TIED.
MM INDICATES DATA IS MISSING.
T  INDICATES TRACE AMOUNT.




$$
