000
CDUS41 KBGM 192126
CLISYR


CLIMATE REPORT
NATIONAL WEATHER SERVICE BINGHAMTON NY
525 PM EDT SAT MAY 19 2018


...................................

...THE SYRACUSE NY CLIMATE SUMMARY FOR MAY 19 2018...
VALID TODAY AS OF 0500 PM LOCAL TIME.

CLIMATE NORMAL PERIOD 1981 TO 2010
CLIMATE RECORD PERIOD 1902 TO 2018


WEATHER ITEM   OBSERVED TIME   RECORD YEAR NORMAL DEPARTURE LAST
                VALUE   (LST)  VALUE       VALUE  FROM      YEAR
                                                  NORMAL
..................................................................
TEMPERATURE (F)
 TODAY
  MAXIMUM         62    359 PM  92    1971  70     -8       68
  MINIMUM         48   1100 AM  32    2009  47      1       49
                                      1944
  AVERAGE         55                        58     -3       59

PRECIPITATION (IN)
  TODAY            0.44          2.36 1969   0.11   0.33      T
  MONTH TO DATE    1.23                      1.91  -0.68     3.28
  SINCE MAR 1      7.57                      8.05  -0.48    12.08
  SINCE JAN 1     13.64                     12.62   1.02    18.66

SNOWFALL (IN)
  TODAY            0.0           T    1976   0.0    0.0      0.0
  MONTH TO DATE    0.0                       0.1   -0.1      0.0
  SINCE MAR 1     46.1                      21.9   24.2     31.2
  SINCE JUL 1    153.6                     123.8   29.8    134.9
  SNOW DEPTH       0

DEGREE DAYS
 HEATING
  TODAY           10                         7      3        6
  MONTH TO DATE  104                       185    -81      250
  SINCE MAR 1   1910                      1689    221     1748
  SINCE JUL 1   6577                      6520     57     6017

 COOLING
  TODAY            0                         1     -1        0
  MONTH TO DATE   14                         9      5       18
  SINCE MAR 1     14                        13      1       30
  SINCE JAN 1     14                        13      1       30
..................................................................


WIND (MPH)
  HIGHEST WIND SPEED    16   HIGHEST WIND DIRECTION     E (70)
  HIGHEST GUST SPEED    22   HIGHEST GUST DIRECTION     E (80)
  AVERAGE WIND SPEED     9.7


SKY COVER
  POSSIBLE SUNSHINE  MM
  AVERAGE SKY COVER 0.8


WEATHER CONDITIONS
 THE FOLLOWING WEATHER WAS RECORDED TODAY.
  RAIN
  LIGHT RAIN
  FOG


RELATIVE HUMIDITY (PERCENT)
 HIGHEST   100           800 AM
 LOWEST     66          1200 AM
 AVERAGE    83

..........................................................


THE SYRACUSE NY CLIMATE NORMALS FOR TOMORROW
                         NORMAL    RECORD    YEAR
 MAXIMUM TEMPERATURE (F)   70        90      1962
 MINIMUM TEMPERATURE (F)   48        32      2002
                                             1944


SUNRISE AND SUNSET
MAY 19 2018...........SUNRISE   537 AM EDT   SUNSET   825 PM EDT
MAY 20 2018...........SUNRISE   536 AM EDT   SUNSET   827 PM EDT


-  INDICATES NEGATIVE NUMBERS.
R  INDICATES RECORD WAS SET OR TIED.
MM INDICATES DATA IS MISSING.
T  INDICATES TRACE AMOUNT.




$$
