000
CDUS41 KBGM 090217
CLISYR


CLIMATE REPORT
NATIONAL WEATHER SERVICE BINGHAMTON NY
1017 PM EDT SUN APR 8 2018


...................................

...THE SYRACUSE NY CLIMATE SUMMARY FOR APRIL 8 2018...
VALID AS OF 1000 PM LOCAL TIME.

CLIMATE NORMAL PERIOD 1981 TO 2010
CLIMATE RECORD PERIOD 1902 TO 2018


WEATHER ITEM   OBSERVED TIME   RECORD YEAR NORMAL DEPARTURE LAST
                VALUE   (LST)  VALUE       VALUE  FROM      YEAR
                                                  NORMAL
..................................................................
TEMPERATURE (F)
 TODAY
  MAXIMUM         35   1141 AM  84    2010  54    -19       46
  MINIMUM         23    442 AM  15    1972  34    -11       31
  AVERAGE         29                        44    -15       39

PRECIPITATION (IN)
  TODAY            T             0.84 2000   0.11  -0.11     0.00
  MONTH TO DATE    0.46                      0.89  -0.43     2.80
  SINCE MAR 1      4.32                      3.84   0.48     6.65
  SINCE JAN 1     10.39                      8.41   1.98    13.23

SNOWFALL (IN)
  TODAY            T             4.3  1956   0.2   -0.2      0.0
  MONTH TO DATE    1.5                       1.7   -0.2      0.3
  SINCE MAR 1     45.1                      19.7   25.4     31.2
  SINCE JUL 1    152.6                     121.6   31.0    134.9
  SNOW DEPTH       0

DEGREE DAYS
 HEATING
  TODAY           36                        21     15       26
  MONTH TO DATE  244                       182     62      176
  SINCE MAR 1   1294                      1139    155     1248
  SINCE JUL 1   5961                      5970     -9     5517

 COOLING
  TODAY            0                         0      0        0
  MONTH TO DATE    0                         0      0        0
  SINCE MAR 1      0                         0      0        0
  SINCE JAN 1      0                         0      0        0
..................................................................


WIND (MPH)
  HIGHEST WIND SPEED    26   HIGHEST WIND DIRECTION     W (290)
  HIGHEST GUST SPEED    35   HIGHEST GUST DIRECTION    NW (300)
  AVERAGE WIND SPEED    11.8


SKY COVER
  POSSIBLE SUNSHINE  MM
  AVERAGE SKY COVER 0.7


WEATHER CONDITIONS
 THE FOLLOWING WEATHER WAS RECORDED TODAY.
  LIGHT SNOW


RELATIVE HUMIDITY (PERCENT)
 HIGHEST    88           600 AM
 LOWEST     49           200 PM
 AVERAGE    69

..........................................................


THE SYRACUSE NY CLIMATE NORMALS FOR TOMORROW
                         NORMAL    RECORD    YEAR
 MAXIMUM TEMPERATURE (F)   54        77      1945
 MINIMUM TEMPERATURE (F)   34        15      1997
                                             1977


SUNRISE AND SUNSET
APRIL  8 2018.........SUNRISE   634 AM EDT   SUNSET   739 PM EDT
APRIL  9 2018.........SUNRISE   633 AM EDT   SUNSET   740 PM EDT


-  INDICATES NEGATIVE NUMBERS.
R  INDICATES RECORD WAS SET OR TIED.
MM INDICATES DATA IS MISSING.
T  INDICATES TRACE AMOUNT.




$$
