000
CDUS41 KBGM 140216
CLISYR


CLIMATE REPORT
NATIONAL WEATHER SERVICE BINGHAMTON NY
1016 PM EDT FRI APR 13 2018


...................................

...THE SYRACUSE NY CLIMATE SUMMARY FOR APRIL 13 2018...
VALID AS OF 1000 PM LOCAL TIME.

CLIMATE NORMAL PERIOD 1981 TO 2010
CLIMATE RECORD PERIOD 1902 TO 2018


WEATHER ITEM   OBSERVED TIME   RECORD YEAR NORMAL DEPARTURE LAST
                VALUE   (LST)  VALUE       VALUE  FROM      YEAR
                                                  NORMAL
..................................................................
TEMPERATURE (F)
 TODAY
  MAXIMUM         53   1200 AM  85    1945  56     -3       52
  MINIMUM         40    818 AM  21    1940  36      4       36
                                      1914
  AVERAGE         47                        46      1       44

PRECIPITATION (IN)
  TODAY            T             1.42 2004   0.11  -0.11     0.00
  MONTH TO DATE    0.68                      1.46  -0.78     2.95
  SINCE MAR 1      4.54                      4.41   0.13     6.80
  SINCE JAN 1     10.61                      8.98   1.63    13.38

SNOWFALL (IN)
  TODAY            0.0           4.1  1961   0.2   -0.2      0.0
  MONTH TO DATE    1.6                       2.5   -0.9      0.3
  SINCE MAR 1     45.2                      20.5   24.7     31.2
  SINCE JUL 1    152.7                     122.4   30.3    134.9
  SNOW DEPTH       0

DEGREE DAYS
 HEATING
  TODAY           18                        19     -1       21
  MONTH TO DATE  379                       282     97      232
  SINCE MAR 1   1429                      1239    190     1304
  SINCE JUL 1   6096                      6070     26     5573

 COOLING
  TODAY            0                         0      0        0
  MONTH TO DATE    0                         0      0        4
  SINCE MAR 1      0                         0      0        4
  SINCE JAN 1      0                         0      0        4
..................................................................


WIND (MPH)
  HIGHEST WIND SPEED    17   HIGHEST WIND DIRECTION     W (270)
  HIGHEST GUST SPEED    22   HIGHEST GUST DIRECTION    NW (300)
  AVERAGE WIND SPEED     5.4


SKY COVER
  POSSIBLE SUNSHINE  MM
  AVERAGE SKY COVER 0.9


WEATHER CONDITIONS
 THE FOLLOWING WEATHER WAS RECORDED TODAY.
  LIGHT RAIN


RELATIVE HUMIDITY (PERCENT)
 HIGHEST   100           700 AM
 LOWEST     80           300 PM
 AVERAGE    90

..........................................................


THE SYRACUSE NY CLIMATE NORMALS FOR TOMORROW
                         NORMAL    RECORD    YEAR
 MAXIMUM TEMPERATURE (F)   57        83      1968
 MINIMUM TEMPERATURE (F)   36        22      1943


SUNRISE AND SUNSET
APRIL 13 2018.........SUNRISE   626 AM EDT   SUNSET   745 PM EDT
APRIL 14 2018.........SUNRISE   624 AM EDT   SUNSET   746 PM EDT


-  INDICATES NEGATIVE NUMBERS.
R  INDICATES RECORD WAS SET OR TIED.
MM INDICATES DATA IS MISSING.
T  INDICATES TRACE AMOUNT.




$$
