000
CDUS41 KBGM 100216
CLISYR


CLIMATE REPORT
NATIONAL WEATHER SERVICE BINGHAMTON NY
1015 PM EDT WED MAY 9 2018


...................................

...THE SYRACUSE NY CLIMATE SUMMARY FOR MAY 9 2018...
VALID TODAY AS OF 0500 PM LOCAL TIME.

CLIMATE NORMAL PERIOD 1981 TO 2010
CLIMATE RECORD PERIOD 1902 TO 2018


WEATHER ITEM   OBSERVED TIME   RECORD YEAR NORMAL DEPARTURE LAST
                VALUE   (LST)  VALUE       VALUE  FROM      YEAR
                                                  NORMAL
..................................................................
TEMPERATURE (F)
 TODAY
  MAXIMUM         82    317 PM  90    1979  67     15       51
  MINIMUM         49    520 AM  30    1966  44      5       34
                                      1956
  AVERAGE         66                        56     10       43

PRECIPITATION (IN)
  TODAY            0.00          0.79 1974   0.10  -0.10     0.00
  MONTH TO DATE    0.34                      0.89  -0.55     2.94
  SINCE MAR 1      6.68                      7.03  -0.35    11.74
  SINCE JAN 1     12.75                     11.60   1.15    18.32

SNOWFALL (IN)
  TODAY            0.0           1.0  1977   0.0    0.0      0.0
  MONTH TO DATE    0.0                       0.1   -0.1      0.0
  SINCE MAR 1     46.1                      21.9   24.2     31.2
  SINCE JUL 1    153.6                     123.8   29.8    134.9
  SNOW DEPTH       0

DEGREE DAYS
 HEATING
  TODAY            0                        10    -10       22
  MONTH TO DATE   37                       100    -63      151
  SINCE MAR 1   1843                      1604    239     1649
  SINCE JUL 1   6510                      6435     75     5918

 COOLING
  TODAY            1                         0      1        0
  MONTH TO DATE   13                         0     13        0
  SINCE MAR 1     13                         4      9       12
  SINCE JAN 1     13                         4      9       12
..................................................................


WIND (MPH)
  HIGHEST WIND SPEED    13   HIGHEST WIND DIRECTION     E (100)
  HIGHEST GUST SPEED    19   HIGHEST GUST DIRECTION     S (160)
  AVERAGE WIND SPEED     4.6


SKY COVER
  POSSIBLE SUNSHINE  MM
  AVERAGE SKY COVER 0.6


WEATHER CONDITIONS
 THE FOLLOWING WEATHER WAS RECORDED TODAY.
  NO SIGNIFICANT WEATHER WAS OBSERVED.


RELATIVE HUMIDITY (PERCENT)
 HIGHEST   100           600 AM
 LOWEST     28           500 PM
 AVERAGE    64

..........................................................


THE SYRACUSE NY CLIMATE NORMALS FOR TOMORROW
                         NORMAL    RECORD    YEAR
 MAXIMUM TEMPERATURE (F)   67        89      1936
 MINIMUM TEMPERATURE (F)   45        27      1966


SUNRISE AND SUNSET
MAY  9 2018...........SUNRISE   548 AM EDT   SUNSET   815 PM EDT
MAY 10 2018...........SUNRISE   546 AM EDT   SUNSET   816 PM EDT


-  INDICATES NEGATIVE NUMBERS.
R  INDICATES RECORD WAS SET OR TIED.
MM INDICATES DATA IS MISSING.
T  INDICATES TRACE AMOUNT.




$$
