000
CDUS41 KBGM 180524
CLISYR


CLIMATE REPORT
NATIONAL WEATHER SERVICE BINGHAMTON NY
123 AM EDT WED APR 18 2018


...................................

...THE SYRACUSE NY CLIMATE SUMMARY FOR APRIL 17 2018...

CLIMATE NORMAL PERIOD 1981 TO 2010
CLIMATE RECORD PERIOD 1902 TO 2018


WEATHER ITEM   OBSERVED TIME   RECORD YEAR NORMAL DEPARTURE LAST
                VALUE   (LST)  VALUE       VALUE  FROM      YEAR
                                                  NORMAL
..................................................................
TEMPERATURE (F)
 YESTERDAY
  MAXIMUM         40    155 PM  89    2002  58    -18       57
  MINIMUM         29    905 PM  22    1908  37     -8       38
  AVERAGE         35                        48    -13       48

PRECIPITATION (IN)
  YESTERDAY        0.05          0.74 1918   0.11  -0.06      T
  MONTH TO DATE    1.56                      1.89  -0.33     3.16
  SINCE MAR 1      5.42                      4.84   0.58     7.01
  SINCE JAN 1     11.49                      9.41   2.08    13.59

SNOWFALL (IN)
  YESTERDAY        0.1           3.9  1965   0.2   -0.1      0.0
  MONTH TO DATE    1.7                       3.0   -1.3      0.3
  SINCE MAR 1     45.3                      21.0   24.3     31.2
  SINCE JUL 1    152.8                     122.9   29.9    134.9
  SNOW DEPTH       0

DEGREE DAYS
 HEATING
  YESTERDAY       30                        17     13       17
  MONTH TO DATE  496                       354    142      279
  SINCE MAR 1   1546                      1311    235     1351
  SINCE JUL 1   6213                      6142     71     5620

 COOLING
  YESTERDAY        0                         0      0        0
  MONTH TO DATE    0                         0      0        8
  SINCE MAR 1      0                         0      0        8
  SINCE JAN 1      0                         0      0        8
..................................................................


WIND (MPH)
  HIGHEST WIND SPEED    26   HIGHEST WIND DIRECTION     W (250)
  HIGHEST GUST SPEED    32   HIGHEST GUST DIRECTION     W (250)
  AVERAGE WIND SPEED    13.5


SKY COVER
  POSSIBLE SUNSHINE  MM
  AVERAGE SKY COVER 0.9


WEATHER CONDITIONS
 THE FOLLOWING WEATHER WAS RECORDED YESTERDAY.
  LIGHT SNOW
  FOG


RELATIVE HUMIDITY (PERCENT)
 HIGHEST   100           600 AM
 LOWEST     70           100 PM
 AVERAGE    85

..........................................................


THE SYRACUSE NY CLIMATE NORMALS FOR TODAY
                         NORMAL    RECORD    YEAR
 MAXIMUM TEMPERATURE (F)   59        85      1976
 MINIMUM TEMPERATURE (F)   38        22      1948


SUNRISE AND SUNSET
APRIL 18 2018.........SUNRISE   618 AM EDT   SUNSET   751 PM EDT
APRIL 19 2018.........SUNRISE   616 AM EDT   SUNSET   752 PM EDT


-  INDICATES NEGATIVE NUMBERS.
R  INDICATES RECORD WAS SET OR TIED.
MM INDICATES DATA IS MISSING.
T  INDICATES TRACE AMOUNT.




$$
