000
CDUS41 KBGM 070527
CLISYR


CLIMATE REPORT
NATIONAL WEATHER SERVICE BINGHAMTON NY
125 AM EDT MON MAY 7 2018


...................................

...THE SYRACUSE NY CLIMATE SUMMARY FOR MAY 6 2018...

CLIMATE NORMAL PERIOD 1981 TO 2010
CLIMATE RECORD PERIOD 1902 TO 2018


WEATHER ITEM   OBSERVED TIME   RECORD YEAR NORMAL DEPARTURE LAST
                VALUE   (LST)  VALUE       VALUE  FROM      YEAR
                                                  NORMAL
..................................................................
TEMPERATURE (F)
 YESTERDAY
  MAXIMUM         70    237 PM  88    1949  66      4       56
  MINIMUM         56    613 AM  31    1968  43     13       44
                                      1958
  AVERAGE         63                        54      9       50

PRECIPITATION (IN)
  YESTERDAY        T             1.05 1937   0.10  -0.10     0.64
  MONTH TO DATE    0.33                      0.59  -0.26     2.80
  SINCE MAR 1      6.67                      6.73  -0.06    11.60
  SINCE JAN 1     12.74                     11.30   1.44    18.18

SNOWFALL (IN)
  YESTERDAY        0.0           0.2  1970   0.0    0.0      0.0
  MONTH TO DATE    0.0                       0.1   -0.1      0.0
  SINCE MAR 1     46.1                      21.9   24.2     31.2
  SINCE JUL 1    153.6                     123.8   29.8    134.9
  SNOW DEPTH       0

DEGREE DAYS
 HEATING
  YESTERDAY        2                        11     -9       15
  MONTH TO DATE   18                        69    -51       80
  SINCE MAR 1   1824                      1573    251     1578
  SINCE JUL 1   6491                      6404     87     5847

 COOLING
  YESTERDAY        0                         0      0        0
  MONTH TO DATE   12                         0     12        0
  SINCE MAR 1     12                         4      8       12
  SINCE JAN 1     12                         4      8       12
..................................................................


WIND (MPH)
  HIGHEST WIND SPEED    14   HIGHEST WIND DIRECTION     S (170)
  HIGHEST GUST SPEED    16   HIGHEST GUST DIRECTION     S (180)
  AVERAGE WIND SPEED     4.1


SKY COVER
  POSSIBLE SUNSHINE  MM
  AVERAGE SKY COVER 1.0


WEATHER CONDITIONS
 THE FOLLOWING WEATHER WAS RECORDED YESTERDAY.
  LIGHT RAIN


RELATIVE HUMIDITY (PERCENT)
 HIGHEST    93           900 PM
 LOWEST     55           200 PM
 AVERAGE    74

..........................................................


THE SYRACUSE NY CLIMATE NORMALS FOR TODAY
                         NORMAL    RECORD    YEAR
 MAXIMUM TEMPERATURE (F)   66        88      1930
 MINIMUM TEMPERATURE (F)   44        25      1966


SUNRISE AND SUNSET
MAY  7 2018...........SUNRISE   550 AM EDT   SUNSET   813 PM EDT
MAY  8 2018...........SUNRISE   549 AM EDT   SUNSET   814 PM EDT


-  INDICATES NEGATIVE NUMBERS.
R  INDICATES RECORD WAS SET OR TIED.
MM INDICATES DATA IS MISSING.
T  INDICATES TRACE AMOUNT.

$$
