000
CDUS41 KBGM 052123
CLISYR


CLIMATE REPORT
NATIONAL WEATHER SERVICE BINGHAMTON NY
522 PM EDT SAT MAY 5 2018


...................................

...THE SYRACUSE NY CLIMATE SUMMARY FOR MAY 5 2018...
VALID TODAY AS OF 0500 PM LOCAL TIME.

CLIMATE NORMAL PERIOD 1981 TO 2010
CLIMATE RECORD PERIOD 1902 TO 2018


WEATHER ITEM   OBSERVED TIME   RECORD YEAR NORMAL DEPARTURE LAST
                VALUE   (LST)  VALUE       VALUE  FROM      YEAR
                                                  NORMAL
..................................................................
TEMPERATURE (F)
 TODAY
  MAXIMUM         75    354 PM  90    1944  65     10       53
  MINIMUM         43    517 AM  30    2005  43      0       44
                                      1966
  AVERAGE         59                        54      5       49

PRECIPITATION (IN)
  TODAY            0.00          1.20 2017   0.10  -0.10     1.20
  MONTH TO DATE    0.33                      0.49  -0.16     2.16
  SINCE MAR 1      6.67                      6.63   0.04    10.96
  SINCE JAN 1     12.74                     11.20   1.54    17.54

SNOWFALL (IN)
  TODAY            0.0           0.0  2002   0.0    0.0      0.0
  MONTH TO DATE    0.0                       0.1   -0.1      0.0
  SINCE MAR 1     46.1                      21.9   24.2     31.2
  SINCE JUL 1    153.6                     123.8   29.8    134.9
  SNOW DEPTH       0

DEGREE DAYS
 HEATING
  TODAY            6                        11     -5       16
  MONTH TO DATE   16                        58    -42       65
  SINCE MAR 1   1822                      1562    260     1563
  SINCE JUL 1   6489                      6393     96     5832

 COOLING
  TODAY            0                         0      0        0
  MONTH TO DATE   12                         0     12        0
  SINCE MAR 1     12                         4      8       12
  SINCE JAN 1     12                         4      8       12
..................................................................


WIND (MPH)
  HIGHEST WIND SPEED    20   HIGHEST WIND DIRECTION     W (270)
  HIGHEST GUST SPEED    24   HIGHEST GUST DIRECTION     W (270)
  AVERAGE WIND SPEED    10.0


SKY COVER
  POSSIBLE SUNSHINE  MM
  AVERAGE SKY COVER 0.5


WEATHER CONDITIONS
 THE FOLLOWING WEATHER WAS RECORDED TODAY.
  NO SIGNIFICANT WEATHER WAS OBSERVED.


RELATIVE HUMIDITY (PERCENT)
 HIGHEST    86           300 AM
 LOWEST     36           400 PM
 AVERAGE    61

..........................................................


THE SYRACUSE NY CLIMATE NORMALS FOR TOMORROW
                         NORMAL    RECORD    YEAR
 MAXIMUM TEMPERATURE (F)   66        88      1949
 MINIMUM TEMPERATURE (F)   43        31      1968
                                             1958


SUNRISE AND SUNSET
MAY  5 2018...........SUNRISE   553 AM EDT   SUNSET   810 PM EDT
MAY  6 2018...........SUNRISE   551 AM EDT   SUNSET   811 PM EDT


-  INDICATES NEGATIVE NUMBERS.
R  INDICATES RECORD WAS SET OR TIED.
MM INDICATES DATA IS MISSING.
T  INDICATES TRACE AMOUNT.




$$
