000
CXUS51 KBGM 010807
CLMSYR
CLIMATE REPORT
NATIONAL WEATHER SERVICE BINGHAMTON, NY
407 AM EDT FRI SEP 01 2023
...................................
...THE SYRACUSE NY CLIMATE SUMMARY FOR THE MONTH OF AUGUST 2023...
CLIMATE NORMAL PERIOD 1991 TO 2020
CLIMATE RECORD PERIOD 1902 TO 2023
WEATHER OBSERVED NORMAL DEPART LAST YEAR`S
VALUE DATE(S) VALUE FROM VALUE DATE(S)
NORMAL
................................................................
TEMPERATURE (F)
RECORD
HIGH 101 08/14/2002
LOW 40 08/31/1965
08/30/1965
HIGHEST 89 08/07 79 10 94 08/08
08/29
LOWEST 50 08/31 59 -9 51 08/13
AVG. MAXIMUM 78.7 80.3 -1.6 84.6
AVG. MINIMUM 60.9 60.4 0.5 63.9
MEAN 69.8 70.4 -0.6 74.3
DAYS MAX >= 90 0 2.3 -2.3 6
DAYS MAX <= 32 0 0.0 0.0 0
DAYS MIN <= 32 0 0.0 0.0 0
DAYS MIN <= 0 0 0.0 0.0 0
PRECIPITATION (INCHES)
RECORD
MAXIMUM 8.41 1956
MINIMUM 1.02 1999
TOTALS 5.12 3.70 1.42 4.51
DAILY AVG. 0.17 0.12 0.05 0.15
DAYS >= .01 15 10.7 4.3 13
DAYS >= .10 9 6.8 2.2 10
DAYS >= .50 2 2.6 -0.6 2
DAYS >= 1.00 1 0.8 0.2 1
GREATEST
24 HR. TOTAL 2.87 08/07 TO 08/08
SNOWFALL (INCHES)
RECORDS
TOTAL T 2008
24 HR TOTAL T 08/07/2008 TO 08/07/2008
SNOW DEPTH 0 MM
TOTALS 0.0 0.0 0.0 0.0
SINCE 7/1 0.0 0.0 0.0 MM
SNOWDEPTH AVG. 0 0
DAYS >= TRACE 0 0.0 0.0 0
DAYS >= 1.0 0 0.0 0.0 0
GREATEST
SNOW DEPTH 0 0 MM
24 HR TOTAL MM
DEGREE DAYS
HEATING TOTAL 3 14 -11 0
SINCE 7/1 3 15 -12 MM
COOLING TOTAL 161 180 -19 297
SINCE 1/1 635 551 84 MM
................................................................
WIND (MPH)
AVERAGE WIND SPEED 6.9
RESULTANT WIND SPEED/DIRECTION 3/260
HIGHEST WIND SPEED/DIRECTION 29/250 DATE 08/18
HIGHEST GUST SPEED/DIRECTION 38/250 DATE 08/18
SKY COVER
POSSIBLE SUNSHINE (PERCENT) MM
AVERAGE SKY COVER 0.73
NUMBER OF DAYS FAIR 1
NUMBER OF DAYS PC 16
NUMBER OF DAYS CLOUDY 14
AVERAGE RH (PERCENT) 69
WEATHER CONDITIONS. NUMBER OF DAYS WITH
THUNDERSTORM 9 MIXED PRECIP 0
HEAVY RAIN 5 RAIN 8
LIGHT RAIN 21 FREEZING RAIN 0
LT FREEZING RAIN 0 HAIL 0
HEAVY SNOW 0 SNOW 0
LIGHT SNOW 0 SLEET 0
FOG 16 FOG W/VIS <= 1/4 MILE 1
HAZE 9
- INDICATES NEGATIVE NUMBERS.
R INDICATES RECORD WAS SET OR TIED.
MM INDICATES DATA IS MISSING.
T INDICATES TRACE AMOUNT.
$$