000
CXUS51 KBGM 010546
CLMSYR
CLIMATE REPORT
NATIONAL WEATHER SERVICE BINGHAMTON, NY
146 AM EDT SAT JUL 01 2023
...................................
...THE SYRACUSE NY CLIMATE SUMMARY FOR THE MONTH OF JUNE 2023...
CLIMATE NORMAL PERIOD 1991 TO 2020
CLIMATE RECORD PERIOD 1902 TO 2023
WEATHER OBSERVED NORMAL DEPART LAST YEAR`S
VALUE DATE(S) VALUE FROM VALUE DATE(S)
NORMAL
................................................................
TEMPERATURE (F)
RECORD
HIGH 98 06/21/1953
LOW 35 06/01/1966
HIGHEST 91 06/01 77 14 91 06/26
LOWEST 44 06/04 55 -11 44 06/05
AVG. MAXIMUM 77.6 77.3 0.3 76.3
AVG. MINIMUM 57.1 56.7 0.4 55.6
MEAN 67.4 67.0 0.4 65.9
DAYS MAX >= 90 2 2.3 -0.3 1
DAYS MAX <= 32 0 0.0 0.0 0
DAYS MIN <= 32 0 0.0 0.0 0
DAYS MIN <= 0 0 0.0 0.0 0
PRECIPITATION (INCHES)
RECORD
MAXIMUM 15.92 1922
MINIMUM 1.00 1995
TOTALS 5.73 3.56 2.17 4.10
DAILY AVG. 0.19 0.12 0.07 0.14
DAYS >= .01 11 12.0 -1.0 8
DAYS >= .10 9 7.3 1.7 7
DAYS >= .50 4 2.4 1.6 2
DAYS >= 1.00 2 0.6 1.4 2
GREATEST
24 HR. TOTAL 1.98 06/26 TO 06/27
SNOWFALL (INCHES)
RECORDS
TOTAL T 2016
24 HR TOTAL T 06/07/2016 TO 06/07/2016
06/16/2008 TO 06/16/2008
SNOW DEPTH T 06/16/2008
TOTALS 0.0 0.0 0.0 0.0
SINCE 7/1 65.6 127.8 -62.2 MM
SNOWDEPTH AVG. 0 0
DAYS >= TRACE 0 0.0 0.0 0
DAYS >= 1.0 0 0.0 0.0 0
GREATEST
SNOW DEPTH 0 0 MM
24 HR TOTAL MM
DEGREE DAYS
HEATING TOTAL 40 55 -15 42
SINCE 7/1 5646 6587 -941 MM
COOLING TOTAL 117 115 2 75
SINCE 1/1 173 153 20 MM
................................................................
WIND (MPH)
AVERAGE WIND SPEED 6.6
RESULTANT WIND SPEED/DIRECTION 1/330
HIGHEST WIND SPEED/DIRECTION 28/260 DATE 06/26
HIGHEST GUST SPEED/DIRECTION 34/220 DATE 06/26
SKY COVER
POSSIBLE SUNSHINE (PERCENT) MM
AVERAGE SKY COVER 0.72
NUMBER OF DAYS FAIR 3
NUMBER OF DAYS PC 10
NUMBER OF DAYS CLOUDY 17
AVERAGE RH (PERCENT) 66
WEATHER CONDITIONS. NUMBER OF DAYS WITH
THUNDERSTORM 5 MIXED PRECIP 0
HEAVY RAIN 0 RAIN 6
LIGHT RAIN 18 FREEZING RAIN 0
LT FREEZING RAIN 0 HAIL 0
HEAVY SNOW 0 SNOW 0
LIGHT SNOW 0 SLEET 0
FOG 15 FOG W/VIS <= 1/4 MILE 0
HAZE 17
- INDICATES NEGATIVE NUMBERS.
R INDICATES RECORD WAS SET OR TIED.
MM INDICATES DATA IS MISSING.
T INDICATES TRACE AMOUNT.
$$