709
CXUS51 KBGM 010615
CLMSYR


CLIMATE REPORT
NATIONAL WEATHER SERVICE BINGHAMTON NY
115 AM EST THU MAR 1 2018

...................................

...THE SYRACUSE NY CLIMATE SUMMARY FOR THE MONTH OF FEBRUARY 2018...

CLIMATE NORMAL PERIOD 1981 TO 2010
CLIMATE RECORD PERIOD 1902 TO 2018

WEATHER         OBSERVED          NORMAL  DEPART  LAST YEAR`S
                 VALUE   DATE(S)  VALUE   FROM    VALUE  DATE(S)
                                          NORMAL
................................................................
TEMPERATURE (F)
RECORD
 HIGH              75   02/21/2018
 LOW              -26   02/18/1979
HIGHEST            75R  02/21        33      42       71  02/24
LOWEST              9   02/06        16      -7       11  02/09
                        02/03
                        02/02
AVG. MAXIMUM     41.4              34.2     7.2     41.9
AVG. MINIMUM     23.1              17.6     5.5     24.6
MEAN             32.2              25.9     6.3     33.2
DAYS MAX >= 90      0               0.0     0.0        0
DAYS MAX <= 32      7              11.9    -4.9        9
DAYS MIN <= 32     24              25.2    -1.2       24
DAYS MIN <= 0       0               1.7    -1.7        0

PRECIPITATION (INCHES)
RECORD
 MAXIMUM         5.38   1951
 MINIMUM         0.63   1987
TOTALS           2.94              2.07    0.87     3.55
DAILY AVG.       0.11              0.07    0.04     0.13
DAYS >= .01        20              16.0     4.0       17
DAYS >= .10        10               6.3     3.7        9
DAYS >= .50         1               0.9     0.1        3
DAYS >= 1.00        0               0.1    -0.1        0
GREATEST
 24 HR. TOTAL    0.56   02/07 TO 02/07

SNOWFALL (INCHES)
RECORDS
 TOTAL           72.6   1958
 24 HR TOTAL     20.8   02/04/1961 TO 02/04/1961
 SNOW DEPTH        48   02/01/1966
                        02/21/1958
                        02/20/1958
TOTALS           23.6              25.3    -1.7     32.7
SINCE 7/1       107.5             101.9     5.6    103.7
SNOWDEPTH AVG.      4                 5      -1        4
DAYS >= TRACE      17              14.4     2.6       16
DAYS >= 1.0         8               7.4     0.6        9
GREATEST
 SNOW DEPTH        12   02/10                         12  02/17
                        02/08                             02/14
                                                          02/13
 24 HR TOTAL      5.6   02/07 TO 02/07

DEGREE_DAYS
HEATING TOTAL     911              1095    -184      882
 SINCE 7/1       4667              4831    -164     4269
COOLING TOTAL       0                 0       0        0
 SINCE 1/1          0                 0       0        0
.................................................................

WIND (MPH)
AVERAGE WIND SPEED              9.0
RESULTANT WIND SPEED/DIRECTION   4/231
HIGHEST WIND SPEED/DIRECTION    31/220    DATE  02/28
HIGHEST GUST SPEED/DIRECTION    41/220    DATE  02/28

SKY COVER
POSSIBLE SUNSHINE (PERCENT)   MM
AVERAGE SKY COVER           0.80
NUMBER OF DAYS FAIR            1
NUMBER OF DAYS PC              3
NUMBER OF DAYS CLOUDY         24

AVERAGE RH (PERCENT)     78

WEATHER CONDITIONS. NUMBER OF DAYS WITH
  0
  3
  0
  0
  4
  1
  2
HAZE                      4

-  INDICATES NEGATIVE NUMBERS.
R  INDICATES RECORD WAS SET OR TIED.
MM INDICATES DATA IS MISSING.
T  INDICATES TRACE AMOUNT.

$$
