000
CXUS51 KBGM 010552
CLSSYR
CLIMATE REPORT
NATIONAL WEATHER SERVICE BINGHAMTON, NY
152 AM EDT TUE JUN 01 2021
...................................
...THE SYRACUSE NY CLIMATE SUMMARY FOR THE SEASON, FROM
3/1/2021 TO 5/31/2021...
CLIMATE NORMAL PERIOD 1991 TO 2020
CLIMATE RECORD PERIOD 1902 TO 2021
WEATHER OBSERVED NORMAL DEPART LAST YEAR`S
VALUE DATE(S) VALUE FROM VALUE DATE(S)
NORMAL
................................................................
TEMPERATURE (F)
RECORD
HIGH 96 05/21/1977
LOW -16 03/04/1950
HIGHEST 93 05/21 56 37 93 05/26
LOWEST 8 03/08 36 -28 10 03/01
AVG. MAXIMUM 60.0 56.0 4.0 57.0
AVG. MINIMUM 37.7 36.2 1.5 37.3
MEAN 48.9 46.1 2.8 47.1
DAYS MAX >= 90 3 0.5 2.5 1
DAYS MAX <= 32 5 6.6 -1.6 0
DAYS MIN <= 32 28 34.6 -6.6 37
DAYS MIN <= 0 0 0.6 -0.6 0
PRECIPITATION (INCHES)
RECORD
MAXIMUM 20.15 1976
MINIMUM 5.66 1981
TOTALS 6.43 9.94 -3.51 10.13
DAILY AVG. 0.07 0.11 -0.04 0.11
DAYS >= .01 40 43.2 -3.2 52
DAYS >= .10 25 23.7 1.3 27
DAYS >= .50 2 6.0 -4.0 6
DAYS >= 1.00 0 1.2 -1.2 1
GREATEST
24 HR. TOTAL 0.65 04/29 TO 04/30 1.22 04/30 TO 04/30
STORM TOTAL MM MM
(MM/DD(HH)) MM
SNOWFALL (INCHES)
RECORDS
TOTAL 66.7 1993
24 HR TOTAL 22.1 03/13/1993 TO 03/13/1993
SNOW DEPTH 35 03/15/1993
TOTALS 8.9 22.9 -14.0 11.5
SINCE 7/1 73.3 127.8 -54.5 MM
SNOWDEPTH AVG. 0 0
DAYS >= TRACE 12 12.7 -0.7 22
DAYS >= 1.0 4 5.9 -1.9 3
GREATEST
SNOW DEPTH 3 03/07 6 03/24
04/22
04/22
03/23
24 HR TOTAL 3.1 04/21 TO 04/22 6.6 03/23 TO 03/24
STORM TOTAL MM MM
(MM/DD(HH)) MM
DEGREE DAYS
HEATING TOTAL 1516 1776 -260 1685
SINCE 7/1 5850 6532 -682 MM
COOLING TOTAL 59 38 21 72
SINCE 1/1 59 38 21 72
FREEZE DATES
RECORD
EARLIEST 09/23/1963
LATEST 05/24/1963
EARLIEST 10/17
LATEST 05/14
................................................................
WIND (MPH)
AVERAGE WIND SPEED 8.6
RESULTANT WIND SPEED/DIRECTION 3/280
HIGHEST WIND SPEED/DIRECTION 43/250 DATE 03/26
HIGHEST GUST SPEED/DIRECTION 43/240 DATE 03/26
SKY COVER
POSSIBLE SUNSHINE (PERCENT) MM
AVERAGE SKY COVER 0.64
AVERAGE RH (PERCENT) 58
WEATHER CONDITIONS. NUMBER OF DAYS WITH
THUNDERSTORM 4 MIXED PRECIP 0
HEAVY RAIN 3 RAIN 10
LIGHT RAIN 46 FREEZING RAIN 0
LT FREEZING RAIN 0 HAIL 1
HEAVY SNOW 1 SNOW 4
LIGHT SNOW 12 SLEET 1
FOG 27 FOG W/VIS <= 1/4 MILE 3
HAZE 7
- INDICATES NEGATIVE NUMBERS.
R INDICATES RECORD WAS SET OR TIED.
MM INDICATES DATA IS MISSING.
T INDICATES TRACE AMOUNT.
$$