000
CXUS51 KBGM 051710
CLSSYR


CLIMATE REPORT
NATIONAL WEATHER SERVICE BINGHAMTON NY
1144 AM EST MON MAR 5 2018

...................................

...THE SYRACUSE NY CLIMATE SUMMARY FOR THE SEASON, FROM
12/1/2017 TO 2/28/2018...

CLIMATE NORMAL PERIOD 1981 TO 2010
CLIMATE RECORD PERIOD 1902 TO 2018

WEATHER         OBSERVED          NORMAL  DEPART  LAST YEAR`S
                 VALUE   DATE(S)  VALUE   FROM    VALUE  DATE(S)
                                          NORMAL
................................................................
TEMPERATURE (F)
RECORD
 HIGH              75   02/21/2018
 LOW              -26   02/18/1979
                        01/26/1966
HIGHEST            75R  02/21        34      41       71  02/24
LOWEST            -15   01/01        18     -33       -2  12/16
AVG. MAXIMUM     34.4              34.0     0.4     37.8
AVG. MINIMUM     17.6              18.6    -1.0     23.5
MEAN             26.0              26.3    -0.3     30.7
DAYS MAX >= 90      0               0.0     0.0        0
DAYS MAX <= 32     39              38.6     0.4       27
DAYS MIN <= 32     81              78.6     2.4       74
DAYS MIN <= 0      11               6.7     4.3        1

PRECIPITATION (INCHES)
RECORD
 MAXIMUM        12.98   1959
 MINIMUM         4.57   1979
TOTALS           8.41              7.79    0.62     9.82
DAILY AVG.       0.10              0.09    0.01     0.11
DAYS >= .01        58              53.7     4.3       56
DAYS >= .10        20              21.6    -1.6       25
DAYS >= .50         4               3.6     0.4        6
DAYS >= 1.00        1               0.8     0.2        0
GREATEST
 24 HR. TOTAL    1.64   01/12 TO 01/13

SNOWFALL (INCHES)
RECORDS
 TOTAL          159.7   2011
 24 HR TOTAL     22.0   01/31/1966 TO 01/31/1966
 SNOW DEPTH        48   02/01/1966
                        02/21/1958
                        02/20/1958
TOTALS          102.3              92.0    10.3     78.3
SINCE 7/1       107.5             101.9     5.6    103.7
SNOWDEPTH AVG.      5                 5       0        3
DAYS >= TRACE      58              47.5    10.5       58
DAYS >= 1.0        32              25.4     6.6       22
GREATEST
 SNOW DEPTH        24   01/06                         12  02/17
                                                          02/13
                                                          02/14
 24 HR TOTAL      9.7   01/12 TO 01/13

DEGREE_DAYS
HEATING TOTAL    3470              3481     -11     3075
 SINCE 7/1       4667              4831    -164     4269
COOLING TOTAL       0                 0       0        0
 SINCE 1/1          0                 0       0        0

FREEZE DATES
RECORD
 EARLIEST     09/23/1963
 LATEST       05/24/1963
EARLIEST                        10/14
LATEST                          04/29
.................................................................

WIND (MPH)
AVERAGE WIND SPEED              9.2
RESULTANT WIND SPEED/DIRECTION   4/241
HIGHEST WIND SPEED/DIRECTION    40/250    DATE  01/23
HIGHEST GUST SPEED/DIRECTION    48/250    DATE  01/23

SKY COVER
POSSIBLE SUNSHINE (PERCENT)   MM
AVERAGE SKY COVER           0.80

AVERAGE RH (PERCENT)     79

WEATHER CONDITIONS. NUMBER OF DAYS WITH
THUNDERSTORM        0     MIXED PRECIP         0
HEAVY RAIN          3     RAIN                 6
LIGHT RAIN         25     FREEZING RAIN        0
LT FREEZING RAIN    5     HAIL                 0
HEAVY SNOW          7     SNOW                16
LIGHT SNOW         58     SLEET                2
FOG                66     FOG W/VIS<=1/4 MILE  5
HAZE                8

-  INDICATES NEGATIVE NUMBERS.
R  INDICATES RECORD WAS SET OR TIED.
MM INDICATES DATA IS MISSING.
T  INDICATES TRACE AMOUNT.

$$
