291
CXUS51 KBGM 012226 CCA
CLSSYR
CLIMATE REPORT...CORRECTED
NATIONAL WEATHER SERVICE BINGHAMTON NY
625 PM EDT TUE SEP 1 2020
...................................
...THE SYRACUSE NY CLIMATE SUMMARY FOR THE SEASON, FROM
6/1/2020 TO 8/31/2020...
CLIMATE NORMAL PERIOD 1981 TO 2010
CLIMATE RECORD PERIOD 1902 TO 2020
WEATHER OBSERVED NORMAL DEPART LAST YEAR`S
VALUE DATE(S) VALUE FROM VALUE DATE(S)
NORMAL
................................................................
TEMPERATURE (F)
RECORD
HIGH 101 07/17/2012
08/14/2002
07/21/2011
LOW 35 06/01/1966
HIGHEST 98 07/09 79 19 95 07/16
LOWEST 42 06/14 58 -16 44 06/03
AVG. MAXIMUM 84.1 79.7 4.4 80.9
AVG. MINIMUM 62.2 58.9 3.3 59.5
MEAN 73.2 69.3 3.9 70.2
DAYS MAX >= 90 20 6.1 13.9 9
DAYS MAX <= 32 0 0.0 0.0 0
DAYS MIN <= 32 0 0.0 0.0 0
DAYS MIN <= 0 0 0.0 0.0 0
PRECIPITATION (INCHES)
RECORD
MAXIMUM 19.51 1972
MINIMUM 5.33 1965
TOTALS 11.29 10.66 0.63 12.99
DAILY AVG. 0.12 0.12 0.00 0.14
DAYS >= .01 30 34.2 -4.2 38
DAYS >= .10 22 21.2 0.8 24
DAYS >= .50 6 7.0 -1.0 10
DAYS >= 1.00 4 1.8 2.2 4
GREATEST
24 HR. TOTAL 2.36 07/11 TO 07/12
SNOWFALL (INCHES)
RECORDS
TOTAL T 2016
2008
2005
24 HR TOTAL T 06/07/2016 TO 06/07/2016
08/07/2008 TO 08/07/2008
08/07/2008 TO 06/16/2008
SNOW DEPTH T 06/07/2016
TOTALS 0.0 0.0 0.0 T
SINCE 7/1 0.0 0.0 0.0 T
SNOWDEPTH AVG. 0 MM MM 0
DAYS >= TRACE 0 0.0 0.0 1
DAYS >= 1.0 0 0.0 0.0 0
GREATEST
SNOW DEPTH 0 MM
24 HR TOTAL 0.0 MM
DEGREE_DAYS
HEATING TOTAL 49 87 -38 52
SINCE 7/1 2 26 -24 5
COOLING TOTAL 825 483 342 555
SINCE 1/1 897 513 384 568
FREEZE DATES
RECORD
EARLIEST 09/23/1963
LATEST 05/24/1963
EARLIEST 10/14
LATEST 04/29
.................................................................
WIND (MPH)
AVERAGE WIND SPEED 6.7
RESULTANT WIND SPEED/DIRECTION 2/263
HIGHEST WIND SPEED/DIRECTION 35/280 DATE 08/25
HIGHEST GUST SPEED/DIRECTION 47/290 DATE 08/29
SKY COVER
POSSIBLE SUNSHINE (PERCENT) MM
AVERAGE SKY COVER 0.60
AVERAGE RH (PERCENT) 64
WEATHER CONDITIONS. NUMBER OF DAYS WITH
THUNDERSTORM 19 MIXED PRECIP 0
HEAVY RAIN 9 RAIN 14
LIGHT RAIN 43 FREEZING RAIN 0
LT FREEZING RAIN 0 HAIL 0
HEAVY SNOW 0 SNOW 0
LIGHT SNOW 0 SLEET 0
FOG 23 FOG W/VIS <= 1/4 MILE 2
HAZE 3
- INDICATES NEGATIVE NUMBERS.
R INDICATES RECORD WAS SET OR TIED.
MM INDICATES DATA IS MISSING.
T INDICATES TRACE AMOUNT.
&&
CORRECTED DAYS OF 24 HOUR GREATEST PRECIPITATION
TIED 3RD WARMEST JUNE TO AUGUST RECORD 73.7F IN 2005
$$
TAC