000
CXUS55 KPUB 281210
CF6TAD
PRELIMINARY LOCAL CLIMATOLOGICAL DATA (WS FORM: F-6)
STATION: TRINIDAD CO
MONTH: MARCH
YEAR: 2024
LATITUDE: 37 16 N
LONGITUDE: 104 20 W
TEMPERATURE IN F: :PCPN: SNOW: WIND :SUNSHINE: SKY :PK WND
================================================================================
1 2 3 4 5 6A 6B 7 8 9 10 11 12 13 14 15 16 17 18
12Z AVG MX 2MIN
DY MAX MIN AVG DEP HDD CDD WTR SNW DPTH SPD SPD DIR MIN PSBL S-S WX SPD DR
================================================================================
1 70 28 49 9 16 0 0.00 M M 12.8 28 240 M M 0 38 230
2 69 37 53 13 12 0 0.00 M M 19.5 51 230 M M 0 67 250
3 66 40 53 13 12 0 0.00 M M 30.0 55 250 M M 2 8 76 260
4 58 20 39 -1 26 0 0.00 M M 8.6 17 40 M M 0 27 70
5 47 19 33 -8 32 0 0.00 M M 7.9 15 90 M M 2 20 90
6 65 22 44 3 21 0 0.00 M M 8.4 23 140 M M 1 36 100
7 56 24 40 -1 25 0 0.03 M M 9.4 24 60 M M 4 1 32 50
8 30 27 29 -13 36 0 0.04 M M 6.1 13 40 M M 10 1 17 20
9 52 21 37 -5 28 0 0.00 M M 6.0 17 250 M M 2 23 260
10 65 25 45 3 20 0 0.00 M M 10.6 20 250 M M 0 25 250
11 67 28 48 5 17 0 0.00 M M 11.0 20 250 M M 0 26 240
12 67 29 48 5 17 0 0.00 M M 10.0 21 260 M M 0 28 260
13 59 33 46 3 19 0 T M M 7.2 29 170 M M 5 35 170
14 39 31 35 -9 30 0 0.88 M M 8.5 16 340 M M 10 12 22 350
15 38 31 35 -9 30 0 0.41 M M 7.1 23 270 M M 9 1 27 270
16 41 31 36 -8 29 0 0.02 M M 9.7 20 280 M M 8 1 26 270
17 43 31 37 -7 28 0 T M M 8.1 14 10 M M 9 18 10
18 55 29 42 -3 23 0 0.00 M M 9.3 18 260 M M 2 24 260
19 63 33 48 3 17 0 0.00 M M 10.7 23 250 M M 0 27 250
20 64 33 49 4 16 0 0.00 M M 11.8 25 180 M M 1 34 180
21 67 32 50 5 15 0 0.00 M M 8.7 20 240 M M 1 24 240
22 61 33 47 1 18 0 0.00 M M 10.0 23 150 M M 1 35 130
23 69 37 53 7 12 0 0.00 M M 15.0 32 220 M M 0 42 220
24 60 27 44 -2 21 0 0.18 M M 14.0 28 20 M M 5 13 38 30
25 27 9 18 -28 47 0 0.20 M M 6.5 23 10 M M 9 18 33 10
26 38 8 23 -23 42 0 0.00 M M 6.7 16 240 M M 2 19 240
27 51 25 38 -9 27 0 0.00 M M 7.9 18 340 M M 2 24 350
================================================================================
SM 1487 743 636 0 1.76 M 281.5 M 85
================================================================================
AV 55.1 27.5 10.4 FASTST M M 3 MAX(MPH)
MISC ----> 55 250 76 260
================================================================================
NOTES:
# LAST OF SEVERAL OCCURRENCES
COLUMN 17 PEAK WIND IN M.P.H.
PRELIMINARY LOCAL CLIMATOLOGICAL DATA (WS FORM: F-6) , PAGE 2
STATION: TRINIDAD CO
MONTH: MARCH
YEAR: 2024
LATITUDE: 37 16 N
LONGITUDE: 104 20 W
[TEMPERATURE DATA] [PRECIPITATION DATA] SYMBOLS USED IN COLUMN 16
AVERAGE MONTHLY: 41.3 TOTAL FOR MONTH: 1.76 1 = FOG OR MIST
DPTR FM NORMAL: -2.1 DPTR FM NORMAL: 1.07 2 = FOG REDUCING VISIBILITY
HIGHEST: 70 ON 1 GRTST 24HR 0.88 ON 14-14 TO 1/4 MILE OR LESS
LOWEST: 8 ON 26 3 = THUNDER
SNOW, ICE PELLETS, HAIL 4 = ICE PELLETS
TOTAL MONTH: M 5 = HAIL
GRTST 24HR M ON M 6 = FREEZING RAIN OR DRIZZLE
GRTST DEPTH: M ON M 7 = DUSTSTORM OR SANDSTORM:
VSBY 1/2 MILE OR LESS
8 = SMOKE OR HAZE
[NO. OF DAYS WITH] [WEATHER - DAYS WITH] 9 = BLOWING SNOW
X = TORNADO
MAX 32 OR BELOW: 2 0.01 INCH OR MORE: 7
MAX 90 OR ABOVE: 0 0.10 INCH OR MORE: 4
MIN 32 OR BELOW: 20 0.50 INCH OR MORE: 1
MIN 0 OR BELOW: 0 1.00 INCH OR MORE: 0
[HDD (BASE 65) ]
TOTAL THIS MO. 636 CLEAR (SCALE 0-3) 18
DPTR FM NORMAL 51 PTCLDY (SCALE 4-7) 3
TOTAL FM JUL 1 4355 CLOUDY (SCALE 8-10) 6
DPTR FM NORMAL -180
[CDD (BASE 65) ]
TOTAL THIS MO. 0
DPTR FM NORMAL 0 [PRESSURE DATA]
TOTAL FM JAN 1 0 HIGHEST SLP M ON M
DPTR FM NORMAL 0 LOWEST SLP 29.07 ON 24
[REMARKS]