000
CXUS55 KPUB 011210
CF6TAD
PRELIMINARY LOCAL CLIMATOLOGICAL DATA (WS FORM: F-6)
STATION: TRINIDAD CO
MONTH: MAY
YEAR: 2023
LATITUDE: 37 16 N
LONGITUDE: 104 20 W
TEMPERATURE IN F: :PCPN: SNOW: WIND :SUNSHINE: SKY :PK WND
================================================================================
1 2 3 4 5 6A 6B 7 8 9 10 11 12 13 14 15 16 17 18
12Z AVG MX 2MIN
DY MAX MIN AVG DEP HDD CDD WTR SNW DPTH SPD SPD DIR MIN PSBL S-S WX SPD DR
================================================================================
1 80 42 61 7 4 0 0.00 M M 10.8 23 250 M M 0 8 30 250
2 67 43 55 1 10 0 0.19 M M 8.7 21 240 M M 2 13 26 250
3 77 46 62 7 3 0 0.00 M M 9.0 26 240 M M 0 34 230
4 77 49 63 8 2 0 T M M 8.5 21 250 M M 3 3 27 260
5 81 40 61 5 4 0 0.00 M M 11.4 32 240 M M 0 44 240
6 80 40 60 4 5 0 0.00 M M 9.9 29 260 M M 0 38 270
7 80 46 63 7 2 0 0.00 M M 9.2 23 270 M M 0 33 290
8 80 37 59 2 6 0 0.00 M M 12.3 29 160 M M 0 36 160
9 86 41 64 7 1 0 0.00 M M 10.6 22 240 M M 0 30 210
10 79 39 59 1 6 0 0.01 M M 14.0 45 140 M M 2 3 62 140
11 59 46 53 -5 12 0 0.19 M M 10.2 22 310 M M 5 3 30 290
12 71 40 56 -2 9 0 0.00 M M 8.6 20 60 M M 3 28 30
13 63 48 56 -3 9 0 0.14 M M 5.0 15 20 M M 9 1 20 20
14 64 50 57 -2 8 0 0.38 M M 8.8 21 40 M M 10 1 27 40
15 65 48 57 -2 8 0 0.04 M M 5.6 13 60 M M 7 1 18 60
16 78 46 62 2 3 0 T M M 9.8 20 240 M M 2 31 240
17 76 47 62 2 3 0 0.00 M M 9.8 25 210 M M 2 30 210
18 67 50 59 -2 6 0 T M M 8.4 15 300 M M 3 20 300
19 54 45 50 -11 15 0 0.00 M M 3.0 7 230 M M 4 18 9 250
20 72 45 59 -2 6 0 0.19 M M 6.4 20 250 M M 6 138 25 20
21 74 46 60 -2 5 0 T M M 9.5 24 250 M M 2 31 250
22 76 46 61 -1 4 0 0.00 M M 10.9 23 260 M M 0 8 31 250
23 78 46 62 0 3 0 0.12 M M 8.9 18 240 M M 2 3 26 260
24 75 46 61 -2 4 0 0.08 M M 9.2 32 240 M M 2 13 45 240
25 78 45 62 -1 3 0 0.16 M M 6.6 29 160 M M 2 3 47 280
26 79 48 64 0 1 0 0.00 M M 8.9 28 250 M M 1 3 35 210
27 77 51 64 0 1 0 T M M 14.4 40 240 M M 1 3 54 230
28 78 50 64 0 1 0 0.00 M M 9.5 26 250 M M 0 36 240
29 84 50 67 2 0 2 0.00 M M 9.7 23 260 M M 0 32 160
30 81 50 66 1 0 1 T M M 9.8 41 200 M M 1 3 55 190
31 74 50 62 -3 3 0 0.00 M M 13.5 38 190 M M 1 51 180
================================================================================
SM 2310 1416 147 3 1.50 M 290.9 M 70
================================================================================
AV 74.5 45.7 9.4 FASTST M M 2 MAX(MPH)
MISC ----> 45 140 62 140
================================================================================
NOTES:
# LAST OF SEVERAL OCCURRENCES
COLUMN 17 PEAK WIND IN M.P.H.
PRELIMINARY LOCAL CLIMATOLOGICAL DATA (WS FORM: F-6) , PAGE 2
STATION: TRINIDAD CO
MONTH: MAY
YEAR: 2023
LATITUDE: 37 16 N
LONGITUDE: 104 20 W
[TEMPERATURE DATA] [PRECIPITATION DATA] SYMBOLS USED IN COLUMN 16
AVERAGE MONTHLY: 60.1 TOTAL FOR MONTH: 1.50 1 = FOG OR MIST
DPTR FM NORMAL: 0.3 DPTR FM NORMAL: 0.02 2 = FOG REDUCING VISIBILITY
HIGHEST: 86 ON 9 GRTST 24HR 0.50 ON 13-14 TO 1/4 MILE OR LESS
LOWEST: 37 ON 8 3 = THUNDER
SNOW, ICE PELLETS, HAIL 4 = ICE PELLETS
TOTAL MONTH: M 5 = HAIL
GRTST 24HR M ON M 6 = FREEZING RAIN OR DRIZZLE
GRTST DEPTH: M ON M 7 = DUSTSTORM OR SANDSTORM:
VSBY 1/2 MILE OR LESS
8 = SMOKE OR HAZE
[NO. OF DAYS WITH] [WEATHER - DAYS WITH] 9 = BLOWING SNOW
X = TORNADO
MAX 32 OR BELOW: 0 0.01 INCH OR MORE: 10
MAX 90 OR ABOVE: 0 0.10 INCH OR MORE: 7
MIN 32 OR BELOW: 0 0.50 INCH OR MORE: 0
MIN 0 OR BELOW: 0 1.00 INCH OR MORE: 0
[HDD (BASE 65) ]
TOTAL THIS MO. 147 CLEAR (SCALE 0-3) 25
DPTR FM NORMAL -50 PTCLDY (SCALE 4-7) 4
TOTAL FM JUL 1 5545 CLOUDY (SCALE 8-10) 2
DPTR FM NORMAL 300
[CDD (BASE 65) ]
TOTAL THIS MO. 3
DPTR FM NORMAL -32 [PRESSURE DATA]
TOTAL FM JAN 1 5 HIGHEST SLP 30.39 ON 15
DPTR FM NORMAL -32 LOWEST SLP 29.52 ON 4
[REMARKS]
#FINAL-05-23#