000
CXUS54 KFWD 010731
CF6TKI
PRELIMINARY LOCAL CLIMATOLOGICAL DATA (WS FORM: F-6)
STATION: MCKINNEY
MONTH: APRIL
YEAR: 2023
LATITUDE: 33 10 N
LONGITUDE: 96 35 W
TEMPERATURE IN F: :PCPN: SNOW: WIND :SUNSHINE: SKY :PK WND
================================================================================
1 2 3 4 5 6A 6B 7 8 9 10 11 12 13 14 15 16 17 18
12Z AVG MX 2MIN
DY MAX MIN AVG DEP HDD CDD WTR SNW DPTH SPD SPD DIR MIN PSBL S-S WX SPD DR
================================================================================
1 73 50 62 1 3 0 0.00 M M 7.6 18 360 M M 1 26 360
2 77 48 63 2 2 0 0.14 M M 8.2 29 360 M M 6 13 37 360
3 90 59 75 14 0 10 0.00 M M 13.8 25 170 M M 2 1 34 180
4 80 71 76 15 0 11 0.00 M M 17.4 29 180 M M 6 18 37 180
5 77 49 63 1 2 0 T M M 13.7 26 300 M M 4 3 34 310
6 57 46 52 -10 13 0 0.00 M M 10.2 20 60 M M 2 25 50
7 61 48 55 -7 10 0 0.00 M M 6.8 15 20 M M 9 18 50
8 72 51 62 0 3 0 0.00 M M 2.7 9 360 M M 6 13 360
9 73 47 60 -2 5 0 0.00 M M 4.6 10 100 M M 3 14 120
10 73 52 63 0 2 0 0.00 M M 4.3 12 60 M M 3 1 17 40
11 75 47 61 -2 4 0 0.00 M M 3.8 14 120 M M 2 1 21 110
12 77 46 62 -1 3 0 0.00 M M 6.4 16 140 M M 1 23 170
13 77 54 66 3 0 1 0.00 M M 8.4 20 150 M M 0 24 150
14 78 56 67 4 0 2 0.00 M M 15.2 25 180 M M 4 34 160
15 81 54 68 4 0 3 0.00 M M 15.8 24 350 M M 4 33 360
16 71 43 57 -7 8 0 0.00 M M 7.6 21 340 M M 0 30 360
17 78 40 59 -5 6 0 0.00 M M 9.4 23 170 M M 0 30 170
18 73 57 65 1 0 0 0.00 M M 15.9 29 170 M M 4 37 150
19 82 62 72 8 0 7 0.00 M M 18.7 31 180 M M 7 40 170
20 82 61 72 7 0 7 0.55 M M 12.4 24 180 M M 9 13 29 180
21 75 51 63 -2 2 0 0.00 M M 8.0 20 30 M M 1 1 28 50
22 71 47 59 -6 6 0 0.00 M M 9.1 25 40 M M 4 34 40
23 57 45 51 -15 14 0 0.09 M M 7.4 18 20 M M 8 1 24 20
24 67 43 55 -11 10 0 T M M 6.9 20 150 M M 6 26 150
25 70 57 64 -2 1 0 T M M 9.1 15 160 M M 9 22 150
26 61 52 57 -9 8 0 0.35 M M 10.2 21 70 M M 10 13 28 70
27 67 50 59 -7 6 0 0.00 M M 8.7 23 300 M M 8 1 31 310
28 72 46 59 -8 6 0 0.02 M M 8.9 24 330 M M 5 13 33 320
29 71 52 62 -5 3 0 0.00 M M 14.4 26 320 M M 5 35 340
30 78 45 62 -5 3 0 0.00 M M 6.3 15 40 M M 0 21 20
================================================================================
SM 2196 1529 120 41 1.15 M 291.9 M 129
================================================================================
AV 73.2 51.0 9.7 FASTST M M 4 MAX(MPH)
MISC ----> 31 180 40 170
================================================================================
NOTES:
# LAST OF SEVERAL OCCURRENCES
COLUMN 17 PEAK WIND IN M.P.H.
PRELIMINARY LOCAL CLIMATOLOGICAL DATA (WS FORM: F-6) , PAGE 2
STATION: MCKINNEY
MONTH: APRIL
YEAR: 2023
LATITUDE: 33 10 N
LONGITUDE: 96 35 W
[TEMPERATURE DATA] [PRECIPITATION DATA] SYMBOLS USED IN COLUMN 16
AVERAGE MONTHLY: 62.1 TOTAL FOR MONTH: 1.15 1 = FOG OR MIST
DPTR FM NORMAL: -1.8 DPTR FM NORMAL: -2.43 2 = FOG REDUCING VISIBILITY
HIGHEST: 90 ON 3 GRTST 24HR 0.55 ON 20-20 TO 1/4 MILE OR LESS
LOWEST: 40 ON 17 3 = THUNDER
SNOW, ICE PELLETS, HAIL 4 = ICE PELLETS
TOTAL MONTH: M 5 = HAIL
GRTST 24HR M ON M 6 = FREEZING RAIN OR DRIZZLE
GRTST DEPTH: M ON M 7 = DUSTSTORM OR SANDSTORM:
VSBY 1/2 MILE OR LESS
8 = SMOKE OR HAZE
[NO. OF DAYS WITH] [WEATHER - DAYS WITH] 9 = BLOWING SNOW
X = TORNADO
MAX 32 OR BELOW: 0 0.01 INCH OR MORE: 5
MAX 90 OR ABOVE: 1 0.10 INCH OR MORE: 3
MIN 32 OR BELOW: 0 0.50 INCH OR MORE: 1
MIN 0 OR BELOW: 0 1.00 INCH OR MORE: 0
[HDD (BASE 65) ]
TOTAL THIS MO. 120 CLEAR (SCALE 0-3) 11
DPTR FM NORMAL 8 PTCLDY (SCALE 4-7) 14
TOTAL FM JUL 1 2249 CLOUDY (SCALE 8-10) 5
DPTR FM NORMAL -234
[CDD (BASE 65) ]
TOTAL THIS MO. 41
DPTR FM NORMAL -36 [PRESSURE DATA]
TOTAL FM JAN 1 97 HIGHEST SLP M ON M
DPTR FM NORMAL -13 LOWEST SLP 29.52 ON 4
[REMARKS]
#FINAL-04-23#